From mboxrd@z Thu Jan 1 00:00:00 1970 Return-Path: Received: from mails.dpdk.org (mails.dpdk.org [217.70.189.124]) by inbox.dpdk.org (Postfix) with ESMTP id C481F46762 for ; Fri, 16 May 2025 10:04:54 +0200 (CEST) Received: from mails.dpdk.org (localhost [127.0.0.1]) by mails.dpdk.org (Postfix) with ESMTP id AC033400EF; Fri, 16 May 2025 10:04:52 +0200 (CEST) Received: from mail-pl1-f226.google.com (mail-pl1-f226.google.com [209.85.214.226]) by mails.dpdk.org (Postfix) with ESMTP id 6424340041 for ; Fri, 16 May 2025 10:04:51 +0200 (CEST) Received: by mail-pl1-f226.google.com with SMTP id d9443c01a7336-22fb6eda241so24802265ad.1 for ; Fri, 16 May 2025 01:04:51 -0700 (PDT) DKIM-Signature: v=1; a=rsa-sha256; c=relaxed/relaxed; d=iol.unh.edu; s=unh-iol; t=1747382690; x=1747987490; darn=dpdk.org; h=cc:to:from:subject:message-id:date:from:to:cc:subject:date :message-id:reply-to; bh=OOlcVziwf5ydxNyq8Ow1VTSL3AwPr1NUO5buLqZBVno=; b=Ht7l6uOItrBJQqXrwYRygaCuuuq2YQbIt1D34/kteNu8nIlkokYBOHM7zCOyHBvj40 iAYVCwxiSQB1j+zFbSCbVxfRIYKk11N83QMHp9P4Gue0iXLRrzB7B8NIb9NbLt3Fwqvf oN2mZ6cYGQnfORfCi0WnmwDtJDFmfGToztsNY= X-Google-DKIM-Signature: v=1; a=rsa-sha256; c=relaxed/relaxed; d=1e100.net; s=20230601; t=1747382690; x=1747987490; h=cc:to:from:subject:message-id:date:x-gm-message-state:from:to:cc :subject:date:message-id:reply-to; bh=OOlcVziwf5ydxNyq8Ow1VTSL3AwPr1NUO5buLqZBVno=; b=vbZ4MUUyTA6xeu+ESkjzrRD72df4oE5cGs3HI+83FmQSNQU+QsjKDPJg7w7yYigefc /75k8u28grnbAQlxJ/6IoMQLWgVdoWmyAfU6JDcJGI4gARTwplggW0o2Gyu6A9CLx+ja 9esZ5gzsHPyi0Heq8VA7zGbgwWWQfZqCN8Cs80HDKgc5HKCshzFScdAQiHWkRgpEO6Pd Z2lq1qMHz/CKPZOUNTuKah9bPM26fhCScKJ+O2DVCF5dqIrFm8gLOcO5Ap318m9ITxhj zGXtaL4QBgP26zXme89JVkkb80q+7N6f+6YU4MMCi9eLA3yJpzlz0eeFdu27mXf0zyJB Rn8A== X-Gm-Message-State: AOJu0Yy78sfD6TB7/+3lxE4/9L7H9hMSe2jeHW9qA/aExBxWtvhXRbKV gWPO2HZJ8I96NrPys1S+Y6EANsRkvTXAzs7vB6i3ORUyztD2fbTZZIZUiABd8gfZYUSWnXOYmxQ ottWiEdrjAct9c3Orljt8bxhSOZW9MHvvPZCR X-Gm-Gg: ASbGncvtsh0i7jEL4lDB2MM1rNQvStFZc8eS90G3XNpNwxyvU90vPZ5dQ+8LpLH9KVf Hg/TMbOTujTPE/u9fi0JjcRaL4mvGHjE3ILlXqzqo96L720hGQ8UlWWymomoTZwLmsSAm05h9kT n6Z3h+XOtt6N4xAWLV7+e9GNS+NupqBo4+q2A1qM/MnuM3NOy+iL0H010iXu64DE+Y2Z4efBGuE SQEjn3GzLTWySiezjbsc0Seqbt0n70PnPa6HKmgmrXCY9dnUAcErgoCORlZvMM+5CNwiaWRrz9v meBoQSBwz1dlLl192UWeDbbR2xhMgKmKXhp3780xiR7FrvyLSADyqTPX8Lk= X-Google-Smtp-Source: AGHT+IEy8UT5SLzNAQseSED5M41pQIj2vUBVyqGYO0I+sNx+KQW3vZIOYo+hWSQYTwUK1UlBoqWWOG0K9KIX X-Received: by 2002:a17:902:c949:b0:220:f449:7419 with SMTP id d9443c01a7336-231d438b3femr30250365ad.7.1747382690285; Fri, 16 May 2025 01:04:50 -0700 (PDT) Received: from postal.iol.unh.edu (postal.iol.unh.edu. [132.177.123.84]) by smtp-relay.gmail.com with ESMTPS id d9443c01a7336-231d4abe17dsm781055ad.30.2025.05.16.01.04.50 (version=TLS1_2 cipher=ECDHE-ECDSA-AES128-GCM-SHA256 bits=128/128); Fri, 16 May 2025 01:04:50 -0700 (PDT) X-Relaying-Domain: iol.unh.edu Date: Fri, 16 May 2025 01:04:50 -0700 (PDT) Message-ID: <6826f1a2.170a0220.42849.39f7SMTPIN_ADDED_MISSING@mx.google.com> Received: from [172.21.0.6] (unknown [172.18.0.240]) by postal.iol.unh.edu (Postfix) with ESMTP id 38F576052471; Fri, 16 May 2025 04:04:19 -0400 (EDT) Subject: |FAILURE| [GIT MASTER] 4401486b5e30d43a134f80f9802f60b5f43e74a8 From: dpdklab@iol.unh.edu To: Test Report Cc: dpdk-test-reports@iol.unh.edu, Xueming Li , Christian Ehrhardt , Kevin Traynor , Luca Boccassi Content-Type: text/plain X-BeenThere: test-report@dpdk.org X-Mailman-Version: 2.1.29 Precedence: list List-Id: automatic DPDK test reports List-Unsubscribe: , List-Archive: List-Post: List-Help: List-Subscribe: , Errors-To: test-report-bounces@dpdk.org _Testing issues_ Branch: tags/v22.11 4401486b5e30d43a134f80f9802f60b5f43e74a8 --> testing issues Upstream job id: Generic-Unit-Test-DPDK#338326 Test environment and result as below: +---------------------+----------------+ | Environment | dpdk_unit_test | +=====================+================+ | RHEL9 | FAIL | +---------------------+----------------+ | Debian 12 | FAIL | +---------------------+----------------+ | Fedora 40 | FAIL | +---------------------+----------------+ | CentOS Stream 9 | FAIL | +---------------------+----------------+ | Fedora 41 | FAIL | +---------------------+----------------+ | Ubuntu 24.04 | PEND | +---------------------+----------------+ | Ubuntu 20.04 | PASS | +---------------------+----------------+ | RHEL8 | PEND | +---------------------+----------------+ | Fedora 41 (Clang) | PEND | +---------------------+----------------+ | Fedora 40 (Clang) | PEND | +---------------------+----------------+ | CentOS Stream 10 | FAIL | +---------------------+----------------+ | Ubuntu 22.04 | PEND | +---------------------+----------------+ | Windows Server 2022 | FAIL | +---------------------+----------------+ ==== Unit test summary for Windows Server 2022 (dpdk_unit_test): ==== Failed to get the unit test results. Displaying the unit test results is not supported for some environments, such as our aarch32 testing, where meson is not used to run the tests. Download the logs available on our CI site. ==== End log output ==== RHEL9 Kernel: Depends on container host Compiler: gcc 11.5.0 20240719 (Red Hat 11.5.0-2) Debian 12 Kernel: Depends on container host Compiler: gcc (Debian 12.2.0-14) 12.2.0 Fedora 40 Kernel: Depends on container host Compiler: gcc 14.2.1 20240912 (Red Hat 14.2.1-3) CentOS Stream 9 Kernel: Depends on container host Compiler: gcc 11.5.0 20240719 (Red Hat 11.5.0-2) Fedora 41 Kernel: Depends on container host Compiler: gcc 14.2.1 20240912 (Red Hat 14.2.1-3) Ubuntu 24.04 Kernel: Depends on container host Compiler: gcc (Ubuntu 13.3.0-6ubuntu2~24.04) 13.3.0 Ubuntu 20.04 Kernel: Depends on container host Compiler: gcc (Ubuntu 9.4.0-1ubuntu1~20.04.2) 9.4.0 RHEL8 Kernel: Depends on container host Compiler: gcc 8.5.0 20210514 (Red Hat 8.5.0-22) Fedora 41 (Clang) Kernel: Depends on container host Compiler: clang 19.1.5 (Fedora 19.1.5-1.fc41) Fedora 40 (Clang) Kernel: Depends on container host Compiler: clang 18.1.8 (Fedora 18.1.8-1.fc40) CentOS Stream 10 Kernel: Depends on container host Compiler: gcc 14.2.1 20241104 (Red Hat 14.2.1-6) Ubuntu 22.04 Kernel: Depends on container host Compiler: gcc (Ubuntu 11.4.0-1ubuntu1~22.04) 11.4.0 Windows Server 2022 Kernel: 10.0.20348.2031 Compiler: clang 15.0.7, gcc 14.1.0 (MinGW), and MSVC VS 19.39.33521 To view detailed results, visit: https://lab.dpdk.org/results/dashboard/tarballs/33550/ UNH-IOL DPDK Community Lab To manage your email subscriptions, visit: https://lab.dpdk.org/results/dashboard/preferences/subscriptions/