From mboxrd@z Thu Jan 1 00:00:00 1970 Return-Path: Received: from mails.dpdk.org (mails.dpdk.org [217.70.189.124]) by inbox.dpdk.org (Postfix) with ESMTP id 01D4A46762 for ; Fri, 16 May 2025 10:09:54 +0200 (CEST) Received: from mails.dpdk.org (localhost [127.0.0.1]) by mails.dpdk.org (Postfix) with ESMTP id 2A581402ED; Fri, 16 May 2025 10:09:53 +0200 (CEST) Received: from mail-il1-f228.google.com (mail-il1-f228.google.com [209.85.166.228]) by mails.dpdk.org (Postfix) with ESMTP id A5211402ED for ; Fri, 16 May 2025 10:09:51 +0200 (CEST) Received: by mail-il1-f228.google.com with SMTP id e9e14a558f8ab-3d8020ba858so17997075ab.0 for ; Fri, 16 May 2025 01:09:51 -0700 (PDT) DKIM-Signature: v=1; a=rsa-sha256; c=relaxed/relaxed; d=iol.unh.edu; s=unh-iol; t=1747382991; x=1747987791; darn=dpdk.org; h=cc:to:from:subject:message-id:date:from:to:cc:subject:date :message-id:reply-to; bh=Yoz+TU/lLIikkoyQuVvKc4cdTVoAcBOjk85WG1l54lw=; b=Ix4Kut4GBh+jXQmCf19AkZPnJHVxRoZCMuchRWPkbE//yoxxZbjvKLSGUULByBO1cB r/oXn/4avC/e7bc2GrR8bjpw+iFwGNHzPXxG+LUWN48VTEtczifQoZ0qIp+y93/maWnE EW3/ro+k0Rq1q+spVie7zFDACbfuhuWhculKg= X-Google-DKIM-Signature: v=1; a=rsa-sha256; c=relaxed/relaxed; d=1e100.net; s=20230601; t=1747382991; x=1747987791; h=cc:to:from:subject:message-id:date:x-gm-message-state:from:to:cc :subject:date:message-id:reply-to; bh=Yoz+TU/lLIikkoyQuVvKc4cdTVoAcBOjk85WG1l54lw=; b=fa4A+cDxKHCRSzXZd9YEn4a2qHhU74E99QmpDLbDjt8cVGiW6W8YxpEWszgliUr/Ow XSWEBGRqlZKQuCFfM+f0FW6Jc+cmNbsb1eUaLNpJc8N08YRElvA+ZE/X4GNyWqPgbvbX G7k/8RAG7O7/OgFH0qqse83sX8ODdOuNX6jGpN5CUrvPY2OXEkv2l3+599uLoQYyCvDi rJS3HcmM+vraE9S2iqF4+SPhVwA5iLFxcJqQPFkwyVaU0JT7cXmrPQKm4q4NJrPqtJx3 TLP9sB3uUobtPeQ2op3jahuex0SZw9lSIpYi4Vkh9UEatcDR+UydVto8ZrfMCkRMhGvC LP/Q== X-Gm-Message-State: AOJu0Yw/B7p8qOT47FH9nvDQsnzMXqoR5XpmQClqwd5tWPbfYjpg6ceK 6ZXlG6Z3SfzMkCp8b12vKpABMCcvzk4w/TVYFvt+p0GG6D2ACZLCbP2H7HtczBC63aSLprLrJoh LU4f2VmKBg7zpG5s2yXocb/bbuobZfwgF5KK+ X-Gm-Gg: ASbGnct5k5Z9unLiI2sQ9LeZTUKVUiDgTbpo+HsBD7C3h6/6+DRtUoZFkrLcbbAWxB2 PVND7aztC+TcKp+vCLbz2ycZz0fl8PWzVvuWp7wCWnt+DNPtl+3NpqDG5UhVepa4ZmvBoPsKqsU TW2gMAE9bue/5I+0xIG8icDAhP7fPYasIcG/WhiP4XbFemU+1Rg8AtHwN4Moj1XkFbD90DofUrN 3xiYdvyusReIpCPJPdWIv6jLnYCS/xn33wQwloXaGmIEkqG8K2X8yME+DsZEqt+bwbLtwxBiBfw 3QNqRMendHIptZ8xFXjh+ns18KDoYD6fN3kC0nG1sMchorgO/vbv3sbyXBA= X-Google-Smtp-Source: AGHT+IH+tk+BVn+kDJ6MCQWnXJTrxwXgleNMegcmOQdXeONkkD8XicgbyXpzytqzJdcmeT0KNq86IiMRFh9P X-Received: by 2002:a92:ca4f:0:b0:3d4:244b:db1d with SMTP id e9e14a558f8ab-3db842a437amr33376885ab.6.1747382991008; Fri, 16 May 2025 01:09:51 -0700 (PDT) Received: from postal.iol.unh.edu (postal.iol.unh.edu. [132.177.123.84]) by smtp-relay.gmail.com with ESMTPS id 8926c6da1cb9f-4fbcc387d1bsm73444173.5.2025.05.16.01.09.50 (version=TLS1_2 cipher=ECDHE-ECDSA-AES128-GCM-SHA256 bits=128/128); Fri, 16 May 2025 01:09:51 -0700 (PDT) X-Relaying-Domain: iol.unh.edu Date: Fri, 16 May 2025 01:09:51 -0700 (PDT) Message-ID: <6826f2ce.050a0220.227329.4344SMTPIN_ADDED_MISSING@mx.google.com> Received: from [172.21.0.5] (unknown [172.18.0.240]) by postal.iol.unh.edu (Postfix) with ESMTP id 731CA6052471; Fri, 16 May 2025 04:09:20 -0400 (EDT) Subject: |FAILURE| [GIT MASTER] 4401486b5e30d43a134f80f9802f60b5f43e74a8 From: dpdklab@iol.unh.edu To: Test Report Cc: dpdk-test-reports@iol.unh.edu, Xueming Li , Christian Ehrhardt , Kevin Traynor , Luca Boccassi Content-Type: text/plain X-BeenThere: test-report@dpdk.org X-Mailman-Version: 2.1.29 Precedence: list List-Id: automatic DPDK test reports List-Unsubscribe: , List-Archive: List-Post: List-Help: List-Subscribe: , Errors-To: test-report-bounces@dpdk.org _Testing issues_ Branch: tags/v22.11 4401486b5e30d43a134f80f9802f60b5f43e74a8 --> testing issues Upstream job id: Generic-Unit-Test-DPDK#338329 Test environment and result as below: +---------------------+----------------+ | Environment | dpdk_unit_test | +=====================+================+ | RHEL9 | FAIL | +---------------------+----------------+ | Debian 12 | FAIL | +---------------------+----------------+ | Fedora 40 | FAIL | +---------------------+----------------+ | CentOS Stream 9 | FAIL | +---------------------+----------------+ | Fedora 41 | FAIL | +---------------------+----------------+ | Ubuntu 24.04 | PEND | +---------------------+----------------+ | Ubuntu 20.04 | PASS | +---------------------+----------------+ | RHEL8 | PEND | +---------------------+----------------+ | Fedora 41 (Clang) | PEND | +---------------------+----------------+ | Fedora 40 (Clang) | FAIL | +---------------------+----------------+ | CentOS Stream 10 | FAIL | +---------------------+----------------+ | Ubuntu 22.04 | PEND | +---------------------+----------------+ | Windows Server 2022 | FAIL | +---------------------+----------------+ ==== Unit test summary for Windows Server 2022 (dpdk_unit_test): ==== Failed to get the unit test results. Displaying the unit test results is not supported for some environments, such as our aarch32 testing, where meson is not used to run the tests. Download the logs available on our CI site. ==== End log output ==== RHEL9 Kernel: Depends on container host Compiler: gcc 11.5.0 20240719 (Red Hat 11.5.0-2) Debian 12 Kernel: Depends on container host Compiler: gcc (Debian 12.2.0-14) 12.2.0 Fedora 40 Kernel: Depends on container host Compiler: gcc 14.2.1 20240912 (Red Hat 14.2.1-3) CentOS Stream 9 Kernel: Depends on container host Compiler: gcc 11.5.0 20240719 (Red Hat 11.5.0-2) Fedora 41 Kernel: Depends on container host Compiler: gcc 14.2.1 20240912 (Red Hat 14.2.1-3) Ubuntu 24.04 Kernel: Depends on container host Compiler: gcc (Ubuntu 13.3.0-6ubuntu2~24.04) 13.3.0 Ubuntu 20.04 Kernel: Depends on container host Compiler: gcc (Ubuntu 9.4.0-1ubuntu1~20.04.2) 9.4.0 RHEL8 Kernel: Depends on container host Compiler: gcc 8.5.0 20210514 (Red Hat 8.5.0-22) Fedora 41 (Clang) Kernel: Depends on container host Compiler: clang 19.1.5 (Fedora 19.1.5-1.fc41) Fedora 40 (Clang) Kernel: Depends on container host Compiler: clang 18.1.8 (Fedora 18.1.8-1.fc40) CentOS Stream 10 Kernel: Depends on container host Compiler: gcc 14.2.1 20241104 (Red Hat 14.2.1-6) Ubuntu 22.04 Kernel: Depends on container host Compiler: gcc (Ubuntu 11.4.0-1ubuntu1~22.04) 11.4.0 Windows Server 2022 Kernel: 10.0.20348.2031 Compiler: clang 15.0.7, gcc 14.1.0 (MinGW), and MSVC VS 19.39.33521 To view detailed results, visit: https://lab.dpdk.org/results/dashboard/tarballs/33550/ UNH-IOL DPDK Community Lab To manage your email subscriptions, visit: https://lab.dpdk.org/results/dashboard/preferences/subscriptions/