From mboxrd@z Thu Jan 1 00:00:00 1970 Return-Path: Received: from mails.dpdk.org (mails.dpdk.org [217.70.189.124]) by inbox.dpdk.org (Postfix) with ESMTP id 7B56B46762 for ; Fri, 16 May 2025 10:11:55 +0200 (CEST) Received: from mails.dpdk.org (localhost [127.0.0.1]) by mails.dpdk.org (Postfix) with ESMTP id 67C0C400EF; Fri, 16 May 2025 10:11:54 +0200 (CEST) Received: from mail-il1-f227.google.com (mail-il1-f227.google.com [209.85.166.227]) by mails.dpdk.org (Postfix) with ESMTP id 72EFA40041 for ; Fri, 16 May 2025 10:11:53 +0200 (CEST) Received: by mail-il1-f227.google.com with SMTP id e9e14a558f8ab-3d812103686so6034675ab.0 for ; Fri, 16 May 2025 01:11:53 -0700 (PDT) DKIM-Signature: v=1; a=rsa-sha256; c=relaxed/relaxed; d=iol.unh.edu; s=unh-iol; t=1747383113; x=1747987913; darn=dpdk.org; h=cc:to:from:subject:message-id:date:from:to:cc:subject:date :message-id:reply-to; bh=mf87UcOkQBp69gKHULck/YDihiNLEVir+ZFI7Cpd23Y=; b=DgBPhBCF6kMVeF1rpiSEsg/ZHZv+qvEUQBf49mfueEzf5apVvPKm96qwpfxFqf9KRk Oifk6EU4HEk1Jru3Q2ca8MrkkoJlflPhdRFVrpehgS7pcNPSb//HipuvsuXjGy6ZMxor RgAJ+x8SVDXyfeY+N3Kh9BjeSzWDsB7OBf0eM= X-Google-DKIM-Signature: v=1; a=rsa-sha256; c=relaxed/relaxed; d=1e100.net; s=20230601; t=1747383113; x=1747987913; h=cc:to:from:subject:message-id:date:x-gm-message-state:from:to:cc :subject:date:message-id:reply-to; bh=mf87UcOkQBp69gKHULck/YDihiNLEVir+ZFI7Cpd23Y=; b=c7uhbhOlF8/MXoBHFJLR2gHyKj1Gq4081KT5tL1SrfB8akR7/8UGXcvGj/sji7WY2n slAyYoPR6F1l5s6uulfLIIj7/mz6G+0gQJM6FENAXwOJKEerBA3uBPaxA3ZMc95rtkVL NMQ3zEgnj5t+h7DqsRJUKMrJZsDPd0k3UsetDAo0zrnJ+BCrEg2xFOUELBxXogJUuAQ5 O0hMICv3wV/rQqgja2iCFAWd+mtZJzNopdYdhuvVP3c7Nv0mNMHhidJ2zhDteVJhfwUR Ovav1LysQHY9v1Jd3nPbAT7znidv7m7DtXq/05QUcVVUp8b5Eh70vbVfQ+f8QNf8fXRM f1Mg== X-Gm-Message-State: AOJu0Yz0SDvaa9j3usPVI9WluBuc4JuDDCDspNXpDIjPd1PYxQQhxpWO yE3aKFVIgRsDdnMAw99E3w5x0mYR30b2HFNyEz5oPjAjdWv7pnEJdz0YtgyuG0wjsiWAtZwm+F/ rCpu2RQ8M43S2QA5uu4rC8dKEcD9WHD2HTqbp X-Gm-Gg: ASbGncuwhhm/VGDux+QK3gGUzrvmvdfaml+2Qvx13xCa9CRlyInqKkZ1/ZGyFDZVhLe mHXxT1gT8qaGLI0fGgLANqgeQD+DeFMhq2Z5P/CfxfGyJkLwixAGHAot38BGwgG195z/r5YCawy G69jZe/CwBM8el0+lixRnzSmVFQKU2nKXk3fR5KjvlbbbJuNaKbSJjm3pMNF0F6czyMv4E36dgu hP2tGCce3Io79SjjqL4gnKaynzZ+6zmrpZ90JIzc/yqyAB+BfdDAs/vdxHU5r0O8kb6Q+CnmQbk UOK+z4tV0MgG0dx7rkzD7bqFuhAnFcc6lSAjT2DCI2VZbelxLU8KMMigvFQ= X-Google-Smtp-Source: AGHT+IGUsMAcVC9GqslY0dn+0etHxxaE3g6YPJhD1uXQ7YcJlx+D5W2ghLfBKqEhD1Ko98GckRZs7kkAV56+ X-Received: by 2002:a05:6e02:1a02:b0:3da:70a8:5b26 with SMTP id e9e14a558f8ab-3db847ad1b5mr25749545ab.0.1747383112737; Fri, 16 May 2025 01:11:52 -0700 (PDT) Received: from postal.iol.unh.edu (postal.iol.unh.edu. [132.177.123.84]) by smtp-relay.gmail.com with ESMTPS id e9e14a558f8ab-3db8441f21dsm661545ab.24.2025.05.16.01.11.52 (version=TLS1_2 cipher=ECDHE-ECDSA-AES128-GCM-SHA256 bits=128/128); Fri, 16 May 2025 01:11:52 -0700 (PDT) X-Relaying-Domain: iol.unh.edu Date: Fri, 16 May 2025 01:11:52 -0700 (PDT) Message-ID: <6826f348.920a0220.b2d9a.336eSMTPIN_ADDED_MISSING@mx.google.com> Received: from [172.21.0.5] (unknown [172.18.0.240]) by postal.iol.unh.edu (Postfix) with ESMTP id 312E16052471; Fri, 16 May 2025 04:11:22 -0400 (EDT) Subject: |FAILURE| [GIT MASTER] 4401486b5e30d43a134f80f9802f60b5f43e74a8 From: dpdklab@iol.unh.edu To: Test Report Cc: dpdk-test-reports@iol.unh.edu, Xueming Li , Christian Ehrhardt , Kevin Traynor , Luca Boccassi Content-Type: text/plain X-BeenThere: test-report@dpdk.org X-Mailman-Version: 2.1.29 Precedence: list List-Id: automatic DPDK test reports List-Unsubscribe: , List-Archive: List-Post: List-Help: List-Subscribe: , Errors-To: test-report-bounces@dpdk.org _Testing issues_ Branch: tags/v22.11 4401486b5e30d43a134f80f9802f60b5f43e74a8 --> testing issues Upstream job id: Generic-Unit-Test-DPDK#338336 Test environment and result as below: +---------------------+----------------+ | Environment | dpdk_unit_test | +=====================+================+ | RHEL9 | FAIL | +---------------------+----------------+ | Debian 12 | FAIL | +---------------------+----------------+ | Fedora 40 | FAIL | +---------------------+----------------+ | CentOS Stream 9 | FAIL | +---------------------+----------------+ | Fedora 41 | FAIL | +---------------------+----------------+ | Ubuntu 24.04 | FAIL | +---------------------+----------------+ | Ubuntu 20.04 | PASS | +---------------------+----------------+ | RHEL8 | PEND | +---------------------+----------------+ | Fedora 41 (Clang) | PEND | +---------------------+----------------+ | Fedora 40 (Clang) | FAIL | +---------------------+----------------+ | CentOS Stream 10 | FAIL | +---------------------+----------------+ | Ubuntu 22.04 | PEND | +---------------------+----------------+ | Windows Server 2022 | FAIL | +---------------------+----------------+ ==== Unit test summary for Windows Server 2022 (dpdk_unit_test): ==== Failed to get the unit test results. Displaying the unit test results is not supported for some environments, such as our aarch32 testing, where meson is not used to run the tests. Download the logs available on our CI site. ==== End log output ==== RHEL9 Kernel: Depends on container host Compiler: gcc 11.5.0 20240719 (Red Hat 11.5.0-2) Debian 12 Kernel: Depends on container host Compiler: gcc (Debian 12.2.0-14) 12.2.0 Fedora 40 Kernel: Depends on container host Compiler: gcc 14.2.1 20240912 (Red Hat 14.2.1-3) CentOS Stream 9 Kernel: Depends on container host Compiler: gcc 11.5.0 20240719 (Red Hat 11.5.0-2) Fedora 41 Kernel: Depends on container host Compiler: gcc 14.2.1 20240912 (Red Hat 14.2.1-3) Ubuntu 24.04 Kernel: Depends on container host Compiler: gcc (Ubuntu 13.3.0-6ubuntu2~24.04) 13.3.0 Ubuntu 20.04 Kernel: Depends on container host Compiler: gcc (Ubuntu 9.4.0-1ubuntu1~20.04.2) 9.4.0 RHEL8 Kernel: Depends on container host Compiler: gcc 8.5.0 20210514 (Red Hat 8.5.0-22) Fedora 41 (Clang) Kernel: Depends on container host Compiler: clang 19.1.5 (Fedora 19.1.5-1.fc41) Fedora 40 (Clang) Kernel: Depends on container host Compiler: clang 18.1.8 (Fedora 18.1.8-1.fc40) CentOS Stream 10 Kernel: Depends on container host Compiler: gcc 14.2.1 20241104 (Red Hat 14.2.1-6) Ubuntu 22.04 Kernel: Depends on container host Compiler: gcc (Ubuntu 11.4.0-1ubuntu1~22.04) 11.4.0 Windows Server 2022 Kernel: 10.0.20348.2031 Compiler: clang 15.0.7, gcc 14.1.0 (MinGW), and MSVC VS 19.39.33521 To view detailed results, visit: https://lab.dpdk.org/results/dashboard/tarballs/33550/ UNH-IOL DPDK Community Lab To manage your email subscriptions, visit: https://lab.dpdk.org/results/dashboard/preferences/subscriptions/