From mboxrd@z Thu Jan 1 00:00:00 1970 Return-Path: Received: from mails.dpdk.org (mails.dpdk.org [217.70.189.124]) by inbox.dpdk.org (Postfix) with ESMTP id 7D04546762 for ; Fri, 16 May 2025 10:18:57 +0200 (CEST) Received: from mails.dpdk.org (localhost [127.0.0.1]) by mails.dpdk.org (Postfix) with ESMTP id 3B5FB400EF; Fri, 16 May 2025 10:18:57 +0200 (CEST) Received: from mail-yw1-f227.google.com (mail-yw1-f227.google.com [209.85.128.227]) by mails.dpdk.org (Postfix) with ESMTP id E25B640041 for ; Fri, 16 May 2025 10:18:55 +0200 (CEST) Received: by mail-yw1-f227.google.com with SMTP id 00721157ae682-70a32708b4eso13185387b3.3 for ; Fri, 16 May 2025 01:18:55 -0700 (PDT) DKIM-Signature: v=1; a=rsa-sha256; c=relaxed/relaxed; d=iol.unh.edu; s=unh-iol; t=1747383535; x=1747988335; darn=dpdk.org; h=cc:to:from:subject:message-id:date:from:to:cc:subject:date :message-id:reply-to; bh=Tqothc0T+XemMyutJj9J4g4F8jmXM+y0QadDo4vQukg=; b=cfOODzPlvqqcBdbSMDXxL9EVcOkZa3J9Iad03UuXjL1u5LWw+Yrt7tOBRmzc5Sg9F4 lFsG4/EYjXnwtS1V2AGGAV6NHNwz8KbTxU9renNKHG1pHC9tz9Eyx8yxBeaweFQbcb4p S6G3lSadorAS/ZzexG5PD+0Tf4cL9gVaQiFE8= X-Google-DKIM-Signature: v=1; a=rsa-sha256; c=relaxed/relaxed; d=1e100.net; s=20230601; t=1747383535; x=1747988335; h=cc:to:from:subject:message-id:date:x-gm-message-state:from:to:cc :subject:date:message-id:reply-to; bh=Tqothc0T+XemMyutJj9J4g4F8jmXM+y0QadDo4vQukg=; b=Zzv+vQT0pYmmXOcsZWHiQENxSRpIhBu5jo275gMANsqw2LHk9ugZjAGblKgcYce51h 0PmohVaThObx1ZLS0sXf3fMMlsQqYi/KuawnWa2UWypgfiord3aVuR/7Kb6E/smQJ0x8 +dRxITM/+HUrI/uk3t9yons70344ZS92osQ7AJh2MTZKI+zod69JW1dNSQwQl8M6gmGh 2yD8uUmh8/neLzdzG4g7O2ijJvlOt+7Vqe3tSlp2mx3FqsV6bSp3MFdvUTQd97IVvHNu fIKlRw/ED3lAbrrYiV8pWIg8vxBdBOOJR6mp02aMrZfUdXor49DokLFq9kwInVI0pJf3 C6yw== X-Gm-Message-State: AOJu0Yzoy1eueZXXP+uE3FOlOO9W2+TWrIK799Ky3SxPvMiqgw94Jubx Kct4EgoWH16JIW6nAeTbuZp/RqDfQcpFN01uApnyGxiL2H9ps2D5c83L70aVMAk1TOOL0GilpR6 161HTM6I75fL3HPCSx/l6jzPkxD5OgVe2nmA8 X-Gm-Gg: ASbGncugebd9xqMb7vn5Lkdpv0AIrJ1apCkeJPklv9qVy117oZQwFU+F4XJKh0oSpCU PdkB6jz7JwntSf1hEQmOTkh0PAv+G+UKsKcIKhsDT8kZdIdPrV5tLiM3RhQDGSaIoV6nH7558AB hYZiUKxAx8kPqIk5BAmbiA8MrleeJsIZgGZN+BbueqPLa9Fcpgtm4LluHDvRFRLxFDpo+ZIrfS3 z3RFqXNAds7aAFCSMCLLTsRVHRDtQqQrnIFTRu46DbGNDtIhxe/iiazTYpysAN20K1jQXrAvXci Aqp98clwTKD3kzde/tUZA9VKSoL/ln48LxLOt9o+NY1L2co08yQmTCresG4= X-Google-Smtp-Source: AGHT+IEgpFrXeKAQII66IvpSg6UUytq6okO2y+p55sdfPE0ODrdUX7EX7MiEAYBez1WsRXRME3SnP+ptC56v X-Received: by 2002:a05:690c:14:b0:709:176d:2b5 with SMTP id 00721157ae682-70ca797c4cbmr37839147b3.2.1747383535251; Fri, 16 May 2025 01:18:55 -0700 (PDT) Received: from postal.iol.unh.edu (postal.iol.unh.edu. [132.177.123.84]) by smtp-relay.gmail.com with ESMTPS id 00721157ae682-70ca84f3773sm413607b3.62.2025.05.16.01.18.55 (version=TLS1_2 cipher=ECDHE-ECDSA-AES128-GCM-SHA256 bits=128/128); Fri, 16 May 2025 01:18:55 -0700 (PDT) X-Relaying-Domain: iol.unh.edu Date: Fri, 16 May 2025 01:18:55 -0700 (PDT) Message-ID: <6826f4ef.050a0220.2c094e.1f16SMTPIN_ADDED_MISSING@mx.google.com> Received: from [172.21.0.7] (unknown [172.18.0.240]) by postal.iol.unh.edu (Postfix) with ESMTP id CDBB66052471; Fri, 16 May 2025 04:18:24 -0400 (EDT) Subject: |FAILURE| [GIT MASTER] 4401486b5e30d43a134f80f9802f60b5f43e74a8 From: dpdklab@iol.unh.edu To: Test Report Cc: dpdk-test-reports@iol.unh.edu, Xueming Li , Christian Ehrhardt , Kevin Traynor , Luca Boccassi Content-Type: text/plain X-BeenThere: test-report@dpdk.org X-Mailman-Version: 2.1.29 Precedence: list List-Id: automatic DPDK test reports List-Unsubscribe: , List-Archive: List-Post: List-Help: List-Subscribe: , Errors-To: test-report-bounces@dpdk.org _Testing issues_ Branch: tags/v22.11 4401486b5e30d43a134f80f9802f60b5f43e74a8 --> testing issues Upstream job id: Generic-Unit-Test-DPDK#338331 Test environment and result as below: +---------------------+----------------+ | Environment | dpdk_unit_test | +=====================+================+ | RHEL9 | FAIL | +---------------------+----------------+ | Debian 12 | FAIL | +---------------------+----------------+ | Fedora 40 | FAIL | +---------------------+----------------+ | CentOS Stream 9 | FAIL | +---------------------+----------------+ | Fedora 41 | FAIL | +---------------------+----------------+ | Ubuntu 24.04 | FAIL | +---------------------+----------------+ | Ubuntu 20.04 | PASS | +---------------------+----------------+ | RHEL8 | FAIL | +---------------------+----------------+ | Fedora 41 (Clang) | FAIL | +---------------------+----------------+ | Fedora 40 (Clang) | FAIL | +---------------------+----------------+ | CentOS Stream 10 | FAIL | +---------------------+----------------+ | Ubuntu 22.04 | PEND | +---------------------+----------------+ | Windows Server 2022 | FAIL | +---------------------+----------------+ ==== Unit test summary for Windows Server 2022 (dpdk_unit_test): ==== Failed to get the unit test results. Displaying the unit test results is not supported for some environments, such as our aarch32 testing, where meson is not used to run the tests. Download the logs available on our CI site. ==== End log output ==== RHEL9 Kernel: Depends on container host Compiler: gcc 11.5.0 20240719 (Red Hat 11.5.0-2) Debian 12 Kernel: Depends on container host Compiler: gcc (Debian 12.2.0-14) 12.2.0 Fedora 40 Kernel: Depends on container host Compiler: gcc 14.2.1 20240912 (Red Hat 14.2.1-3) CentOS Stream 9 Kernel: Depends on container host Compiler: gcc 11.5.0 20240719 (Red Hat 11.5.0-2) Fedora 41 Kernel: Depends on container host Compiler: gcc 14.2.1 20240912 (Red Hat 14.2.1-3) Ubuntu 24.04 Kernel: Depends on container host Compiler: gcc (Ubuntu 13.3.0-6ubuntu2~24.04) 13.3.0 Ubuntu 20.04 Kernel: Depends on container host Compiler: gcc (Ubuntu 9.4.0-1ubuntu1~20.04.2) 9.4.0 RHEL8 Kernel: Depends on container host Compiler: gcc 8.5.0 20210514 (Red Hat 8.5.0-22) Fedora 41 (Clang) Kernel: Depends on container host Compiler: clang 19.1.5 (Fedora 19.1.5-1.fc41) Fedora 40 (Clang) Kernel: Depends on container host Compiler: clang 18.1.8 (Fedora 18.1.8-1.fc40) CentOS Stream 10 Kernel: Depends on container host Compiler: gcc 14.2.1 20241104 (Red Hat 14.2.1-6) Ubuntu 22.04 Kernel: Depends on container host Compiler: gcc (Ubuntu 11.4.0-1ubuntu1~22.04) 11.4.0 Windows Server 2022 Kernel: 10.0.20348.2031 Compiler: clang 15.0.7, gcc 14.1.0 (MinGW), and MSVC VS 19.39.33521 To view detailed results, visit: https://lab.dpdk.org/results/dashboard/tarballs/33550/ UNH-IOL DPDK Community Lab To manage your email subscriptions, visit: https://lab.dpdk.org/results/dashboard/preferences/subscriptions/