From mboxrd@z Thu Jan 1 00:00:00 1970 Return-Path: Received: from mails.dpdk.org (mails.dpdk.org [217.70.189.124]) by inbox.dpdk.org (Postfix) with ESMTP id 2797646762 for ; Fri, 16 May 2025 10:33:30 +0200 (CEST) Received: from mails.dpdk.org (localhost [127.0.0.1]) by mails.dpdk.org (Postfix) with ESMTP id 22073400EF; Fri, 16 May 2025 10:33:30 +0200 (CEST) Received: from mail-pf1-f228.google.com (mail-pf1-f228.google.com [209.85.210.228]) by mails.dpdk.org (Postfix) with ESMTP id B8F1540041 for ; Fri, 16 May 2025 10:33:28 +0200 (CEST) Received: by mail-pf1-f228.google.com with SMTP id d2e1a72fcca58-74267c68c11so1794837b3a.0 for ; Fri, 16 May 2025 01:33:28 -0700 (PDT) DKIM-Signature: v=1; a=rsa-sha256; c=relaxed/relaxed; d=iol.unh.edu; s=unh-iol; t=1747384408; x=1747989208; darn=dpdk.org; h=cc:to:from:subject:message-id:date:from:to:cc:subject:date :message-id:reply-to; bh=29+3LsqwuzOh6bfoFQCoraeEr1OpjBGnZFeANY8Gn9c=; b=IKcFHYjPIik707AyEZCC4NJ2Bm+KhCj96EAWOxyJ7IaW3+WYk1N7nyLI1Ivat/1I8/ BKPJ92+1o3DildQbyrhFbXo7NH5rTYFm8LcCqwQR7LmRwlAC2Vdstys1RazNOjMAG5V8 TNSzUoL3WJZkkRJCuplZ1ogx+yNjyHBgLa/uk= X-Google-DKIM-Signature: v=1; a=rsa-sha256; c=relaxed/relaxed; d=1e100.net; s=20230601; t=1747384408; x=1747989208; h=cc:to:from:subject:message-id:date:x-gm-message-state:from:to:cc :subject:date:message-id:reply-to; bh=29+3LsqwuzOh6bfoFQCoraeEr1OpjBGnZFeANY8Gn9c=; b=YZzU1ZfETUolWrTEGvpHMoRyhtcgSHVJudplutNJfNHmfCBQNWV9WUJoP9gjQe+C/w Ca0dAam16AhntI6ozlrfuKoUZDf+FYS+WeBRL2oTaDFVj8sux5aeorfP3YTI0Gb2DHKl 1+6HsCJ6ZCnlk2q4Bb68Yu2ASZXSMsY2+s3c/GOSOsgth875mhox6Dz9FH8TSLLOktvu YiqRBMF6d3v5j4i6uxGZcWw5P7jooZyubNnaf9ehV+G4sR00IgE1SdU8Il2kqnxuSloH 7XfCfCauDdTS0bhS0960eRzkD9zqNatbiTACK4StRJj4CejQuJ12I/2g8u+MIXy3vDwG io6g== X-Gm-Message-State: AOJu0Yx8f3C6PbBlG3NRqTGA8stXLxOJZ1sX7yuIOVt6tY3HYvEompVs oqGzNEpGZRf8M2GsmwxX55slfFL9+f+h0ZHHFaqL6ctXzYncb2/pCOAOtAWMvZOx383S2qu2l1O ie/P7NUlH0vQOTaZJlcbUegiRoVjakTjHqf0H X-Gm-Gg: ASbGncvneOj1At/6qNYbKLBsEngcIkAhTP06dzOCJ1g5e1YwIqY5v48blBwNrFfI3lE KhdKRqoJ9ZARI/D6XyMxRt5DxUoo8HLU0Iwmg5s1KOG+KJpuRITnCvjvKgKMm3PuI+WbRJd5EnY OUcGCOrRH3e8w8vT+fJ/MZ6FmYUjmPsGxBC7Sd5glxLur9KkVe7XW4vDpMKE5uBtmyaEQ7uPpcP Ur8ud5Leo2AqA4/IJdY5xV0LqYWbdLFv9ePQJA4f1veM/ikbZRZcRrlRE93grC5CX6sqEQnok43 Q0n82J3PBqDH9IBpOa/6/5iI7KeVRqMl/NsGdk7gyiD4lzCAH+JTWugLMeQ= X-Google-Smtp-Source: AGHT+IElJA/LTgMRXvKhlAmUfd4TZUy+g5olmbHBfoU2iRBnZgQ0oz6T271eveREFk/BImtj1QDrvebag3cd X-Received: by 2002:a05:6a20:4313:b0:201:2834:6c62 with SMTP id adf61e73a8af0-2170ccc040cmr2663892637.25.1747384407692; Fri, 16 May 2025 01:33:27 -0700 (PDT) Received: from postal.iol.unh.edu (postal.iol.unh.edu. [132.177.123.84]) by smtp-relay.gmail.com with ESMTPS id 41be03b00d2f7-b26eaf67692sm49853a12.2.2025.05.16.01.33.27 (version=TLS1_2 cipher=ECDHE-ECDSA-AES128-GCM-SHA256 bits=128/128); Fri, 16 May 2025 01:33:27 -0700 (PDT) X-Relaying-Domain: iol.unh.edu Date: Fri, 16 May 2025 01:33:27 -0700 (PDT) Message-ID: <6826f857.050a0220.6079a.2405SMTPIN_ADDED_MISSING@mx.google.com> Received: from [172.21.0.5] (unknown [172.18.0.240]) by postal.iol.unh.edu (Postfix) with ESMTP id BE2806052471; Fri, 16 May 2025 04:33:26 -0400 (EDT) Subject: |FAILURE| [GIT MASTER] 4401486b5e30d43a134f80f9802f60b5f43e74a8 From: dpdklab@iol.unh.edu To: Test Report Cc: dpdk-test-reports@iol.unh.edu, Xueming Li , Christian Ehrhardt , Kevin Traynor , Luca Boccassi Content-Type: text/plain X-BeenThere: test-report@dpdk.org X-Mailman-Version: 2.1.29 Precedence: list List-Id: automatic DPDK test reports List-Unsubscribe: , List-Archive: List-Post: List-Help: List-Subscribe: , Errors-To: test-report-bounces@dpdk.org _Testing issues_ Branch: tags/v22.11 4401486b5e30d43a134f80f9802f60b5f43e74a8 --> testing issues Upstream job id: Generic-Unit-Test-DPDK#338335 Test environment and result as below: +---------------------+----------------+ | Environment | dpdk_unit_test | +=====================+================+ | RHEL9 | FAIL | +---------------------+----------------+ | Debian 12 | FAIL | +---------------------+----------------+ | Fedora 40 | FAIL | +---------------------+----------------+ | CentOS Stream 9 | FAIL | +---------------------+----------------+ | Fedora 41 | FAIL | +---------------------+----------------+ | Ubuntu 24.04 | FAIL | +---------------------+----------------+ | Ubuntu 20.04 | PASS | +---------------------+----------------+ | RHEL8 | FAIL | +---------------------+----------------+ | Fedora 41 (Clang) | FAIL | +---------------------+----------------+ | Fedora 40 (Clang) | FAIL | +---------------------+----------------+ | CentOS Stream 10 | FAIL | +---------------------+----------------+ | Ubuntu 22.04 | FAIL | +---------------------+----------------+ | Windows Server 2022 | FAIL | +---------------------+----------------+ ==== Unit test summary for Windows Server 2022 (dpdk_unit_test): ==== Failed to get the unit test results. Displaying the unit test results is not supported for some environments, such as our aarch32 testing, where meson is not used to run the tests. Download the logs available on our CI site. ==== End log output ==== RHEL9 Kernel: Depends on container host Compiler: gcc 11.5.0 20240719 (Red Hat 11.5.0-2) Debian 12 Kernel: Depends on container host Compiler: gcc (Debian 12.2.0-14) 12.2.0 Fedora 40 Kernel: Depends on container host Compiler: gcc 14.2.1 20240912 (Red Hat 14.2.1-3) CentOS Stream 9 Kernel: Depends on container host Compiler: gcc 11.5.0 20240719 (Red Hat 11.5.0-2) Fedora 41 Kernel: Depends on container host Compiler: gcc 14.2.1 20240912 (Red Hat 14.2.1-3) Ubuntu 24.04 Kernel: Depends on container host Compiler: gcc (Ubuntu 13.3.0-6ubuntu2~24.04) 13.3.0 Ubuntu 20.04 Kernel: Depends on container host Compiler: gcc (Ubuntu 9.4.0-1ubuntu1~20.04.2) 9.4.0 RHEL8 Kernel: Depends on container host Compiler: gcc 8.5.0 20210514 (Red Hat 8.5.0-22) Fedora 41 (Clang) Kernel: Depends on container host Compiler: clang 19.1.5 (Fedora 19.1.5-1.fc41) Fedora 40 (Clang) Kernel: Depends on container host Compiler: clang 18.1.8 (Fedora 18.1.8-1.fc40) CentOS Stream 10 Kernel: Depends on container host Compiler: gcc 14.2.1 20241104 (Red Hat 14.2.1-6) Ubuntu 22.04 Kernel: Depends on container host Compiler: gcc (Ubuntu 11.4.0-1ubuntu1~22.04) 11.4.0 Windows Server 2022 Kernel: 10.0.20348.2031 Compiler: clang 15.0.7, gcc 14.1.0 (MinGW), and MSVC VS 19.39.33521 To view detailed results, visit: https://lab.dpdk.org/results/dashboard/tarballs/33550/ UNH-IOL DPDK Community Lab To manage your email subscriptions, visit: https://lab.dpdk.org/results/dashboard/preferences/subscriptions/