From mboxrd@z Thu Jan 1 00:00:00 1970 Return-Path: Received: from mails.dpdk.org (mails.dpdk.org [217.70.189.124]) by inbox.dpdk.org (Postfix) with ESMTP id AEE0146762 for ; Fri, 16 May 2025 10:37:57 +0200 (CEST) Received: from mails.dpdk.org (localhost [127.0.0.1]) by mails.dpdk.org (Postfix) with ESMTP id 96AF5400EF; Fri, 16 May 2025 10:37:57 +0200 (CEST) Received: from mail-ot1-f100.google.com (mail-ot1-f100.google.com [209.85.210.100]) by mails.dpdk.org (Postfix) with ESMTP id CFA1F40041 for ; Fri, 16 May 2025 10:37:56 +0200 (CEST) Received: by mail-ot1-f100.google.com with SMTP id 46e09a7af769-72c40235c34so827722a34.3 for ; Fri, 16 May 2025 01:37:56 -0700 (PDT) DKIM-Signature: v=1; a=rsa-sha256; c=relaxed/relaxed; d=iol.unh.edu; s=unh-iol; t=1747384676; x=1747989476; darn=dpdk.org; h=cc:to:from:subject:message-id:date:from:to:cc:subject:date :message-id:reply-to; bh=3NypJt4gG5mSTOQIf9f2L8aSju1b8dHz9ypATIPJIDU=; b=jOU/WXnXz7oWQgWxpBumlA++ZRxrtUjB5ugKGhz41a+qfOw8i96yni8gpPBmB5/D1i YjQss+HfTJb0cXkGlxt+7ODrpiaiZMSTVYMbxed/vhb4LXwU35pTcDknNG9/CXj6+eL3 r1Cf/182H30K28Eb46y3hGJ+yFajqUNpTqriM= X-Google-DKIM-Signature: v=1; a=rsa-sha256; c=relaxed/relaxed; d=1e100.net; s=20230601; t=1747384676; x=1747989476; h=cc:to:from:subject:message-id:date:x-gm-message-state:from:to:cc :subject:date:message-id:reply-to; bh=3NypJt4gG5mSTOQIf9f2L8aSju1b8dHz9ypATIPJIDU=; b=QGmdzVY7GhxlZbTR7E3TUt1U2eWZnyFSeN4aBdzC/7G5IO4/560TliIpQjdZ0HQRJF 6dzUlqzmJCHmUdzhpk4xGAc/BAafsmG/eJiDKf0wvXAdfLuDmkCWvgaMEW0AkfuU5tCD 67lLGaP4qJ0g4KcMf6TWRmNBZUu2OiYBZGAqqWSZR4Zre6kqF4nOe1bk2uv6a56p1u+D 0v1eg5gE2xi+Y6k4Lvro1ddOPxmucoa61zbWH0pmKWVXYXWQXudV3qdKwPDjt1UFmcd2 MFw4keGtBXl3hSqqPQsu42e9+PmQPGO52JkA0hl/4+U96XFnGtIJqbsWdhAnRse9OD3r y9TA== X-Gm-Message-State: AOJu0YxwcnEIBReTqrZzkA/pEZKkm1BvhkraIh/azCP7jmoo9Me4e3q2 9pwhiAF/qKwcI3d+1JD4Es00Rm5BSsTUKu83nSl7sh5hU5cMsygDRNnB+Y5lHOC/ftQ/IdqWcOJ +7/5f39oOfHjxfPkCfpvFKwpAhqqTpsjwoV8k X-Gm-Gg: ASbGnctzrpR2idQG4RBTo6o8ERb6/CINkZGfU9cgpX7XR/8feMw7G20ApNOPg5+RmSK Mj4fH8g2UnN0TB43CdvvFwMdcmHVZK7UxmFBzt+Lmyuu5KPPsBUPHSuKfQJa/w/dlXi/rviIPMV lKWJHOlvg5Qu3emuyU0eCOzSj//rWSNCLKKcuM0EExfdjO7EKW4kRKDR7oV1u1qXkCD0bFuz4Jz 3TCk/aABd60FEByZ9liYW0QSInIfoJW2VrOaZsLIcBbSFFw+4jEntqsJceiQC5ncW4U/43K/Hmd 7Ae/nRvy0ci4Nbjtn6XWu3REykpBpIGsZIExhTU656TXaAVgR4cHHWBPdyU= X-Google-Smtp-Source: AGHT+IFwA6atJxBj+yoRxIPIss1npARugcGIbbQzqNunZzlvCjIar7NrRJAhswf72NpsBW3/InsduI21wFDu X-Received: by 2002:a05:6870:2f14:b0:2d6:6633:463a with SMTP id 586e51a60fabf-2e3c8179818mr799714fac.8.1747384675787; Fri, 16 May 2025 01:37:55 -0700 (PDT) Received: from postal.iol.unh.edu (postal.iol.unh.edu. [132.177.123.84]) by smtp-relay.gmail.com with ESMTPS id 586e51a60fabf-2e3c075a976sm87314fac.17.2025.05.16.01.37.55 (version=TLS1_2 cipher=ECDHE-ECDSA-AES128-GCM-SHA256 bits=128/128); Fri, 16 May 2025 01:37:55 -0700 (PDT) X-Relaying-Domain: iol.unh.edu Date: Fri, 16 May 2025 01:37:55 -0700 (PDT) Message-ID: <6826f963.050a0220.1b86cb.4164SMTPIN_ADDED_MISSING@mx.google.com> Received: from [172.21.0.5] (unknown [172.18.0.240]) by postal.iol.unh.edu (Postfix) with ESMTP id 2092A6052471; Fri, 16 May 2025 04:37:55 -0400 (EDT) Subject: |WARNING| [GIT MASTER] 4401486b5e30d43a134f80f9802f60b5f43e74a8 From: dpdklab@iol.unh.edu To: Test Report Cc: dpdk-test-reports@iol.unh.edu, Xueming Li , Christian Ehrhardt , Kevin Traynor , Luca Boccassi Content-Type: text/plain X-BeenThere: test-report@dpdk.org X-Mailman-Version: 2.1.29 Precedence: list List-Id: automatic DPDK test reports List-Unsubscribe: , List-Archive: List-Post: List-Help: List-Subscribe: , Errors-To: test-report-bounces@dpdk.org _Testing issues_ Branch: tags/v22.11 4401486b5e30d43a134f80f9802f60b5f43e74a8 --> testing issues Upstream job id: Generic-Unit-Test-DPDK#338337 Test environment and result as below: +-----------------------------+---------------------------+--------------+------------------------------+----------------+ | Environment | cryptodev_sw_zuc_autotest | lpm_autotest | cryptodev_sw_snow3g_autotest | dpdk_unit_test | +=============================+===========================+==============+==============================+================+ | Debian 12 (arm) | PASS | SKIPPED | PASS | SKIPPED | +-----------------------------+---------------------------+--------------+------------------------------+----------------+ | Ubuntu 20.04 ARM SVE | SKIPPED | FAIL | SKIPPED | SKIPPED | +-----------------------------+---------------------------+--------------+------------------------------+----------------+ | 32-bit Ubuntu 22.04.4 (ARM) | SKIPPED | SKIPPED | SKIPPED | PASS | +-----------------------------+---------------------------+--------------+------------------------------+----------------+ ==== 20 line log output for Ubuntu 20.04 ARM SVE (lpm_autotest): ==== [671/690] Compiling C object 'app/test/3062f5d@@dpdk-test@exe/test_threads.c.o'. [672/690] Compiling C object 'app/test/3062f5d@@dpdk-test@exe/test_thash_perf.c.o'. [673/690] Compiling C object 'app/test/3062f5d@@dpdk-test@exe/test_thash.c.o'. [674/690] Compiling C object 'app/test/3062f5d@@dpdk-test@exe/test_timer.c.o'. [675/690] Compiling C object 'app/test/3062f5d@@dpdk-test@exe/test_timer_perf.c.o'. [676/690] Compiling C object 'app/test/3062f5d@@dpdk-test@exe/test_timer_racecond.c.o'. [677/690] Compiling C object 'app/test/3062f5d@@dpdk-test@exe/test_ticketlock.c.o'. [678/690] Compiling C object 'app/test/3062f5d@@dpdk-test@exe/test_timer_secondary.c.o'. [679/690] Compiling C object 'app/test/3062f5d@@dpdk-test@exe/test_trace.c.o'. [680/690] Compiling C object 'app/test/3062f5d@@dpdk-test@exe/test_trace_register.c.o'. [681/690] Compiling C object 'app/test/3062f5d@@dpdk-test@exe/test_version.c.o'. [682/690] Compiling C object 'app/test/3062f5d@@dpdk-test@exe/test_telemetry_json.c.o'. [683/690] Compiling C object 'app/test/3062f5d@@dpdk-test@exe/test_ring.c.o'. [684/690] Compiling C object 'app/test/3062f5d@@dpdk-test@exe/test_telemetry_data.c.o'. [685/690] Compiling C object 'app/test/3062f5d@@dpdk-test@exe/test_pcapng.c.o'. [686/690] Compiling C object 'app/test/3062f5d@@dpdk-test@exe/virtual_pmd.c.o'. [687/690] Compiling C object 'app/test/3062f5d@@dpdk-test@exe/test_bpf.c.o'. [688/690] Compiling C object 'app/test/3062f5d@@dpdk-test@exe/test_compressdev.c.o'. [689/690] Compiling C object 'app/test/3062f5d@@dpdk-test@exe/test_trace_perf.c.o'. [690/690] Linking target app/test/dpdk-test. ==== End log output ==== Debian 12 (arm) Kernel: Depends on container host Compiler: gcc (Debian 12.2.0-14) 12.2.0 Ubuntu 20.04 ARM SVE Kernel: Depends on container host Compiler: gcc (Ubuntu 10.5.0-1ubuntu1~20.04) 10.5.0 32-bit Ubuntu 22.04.4 (ARM) Kernel: 5.15.83+ aarch64 Compiler: gcc (Ubuntu 11.4.0-1ubuntu1~22.04) 11.4.0 To view detailed results, visit: https://lab.dpdk.org/results/dashboard/tarballs/33550/ UNH-IOL DPDK Community Lab To manage your email subscriptions, visit: https://lab.dpdk.org/results/dashboard/preferences/subscriptions/