automatic DPDK test reports
 help / color / mirror / Atom feed
* |FAILURE| [GIT MASTER] 4c5634de9f933555bab9c64a533d3dca999071cd
@ 2025-05-16  9:36 dpdklab
  0 siblings, 0 replies; 3+ messages in thread
From: dpdklab @ 2025-05-16  9:36 UTC (permalink / raw)
  To: Test Report
  Cc: dpdk-test-reports, Xueming Li, Christian Ehrhardt, Kevin Traynor,
	Luca Boccassi

_Testing issues_

Branch: tags/v24.11

4c5634de9f933555bab9c64a533d3dca999071cd --> testing issues

Upstream job id: Generic-Unit-Test-DPDK#338374

Test environment and result as below:

+---------------------+----------------+
|     Environment     | dpdk_unit_test |
+=====================+================+
| CentOS Stream 9     | PASS           |
+---------------------+----------------+
| CentOS Stream 10    | PASS           |
+---------------------+----------------+
| Fedora 40 (Clang)   | FAIL           |
+---------------------+----------------+
| Fedora 41 (Clang)   | PEND           |
+---------------------+----------------+
| Debian 12           | PEND           |
+---------------------+----------------+
| Fedora 41           | PEND           |
+---------------------+----------------+
| RHEL8               | PEND           |
+---------------------+----------------+
| Ubuntu 20.04        | PASS           |
+---------------------+----------------+
| Fedora 40           | PEND           |
+---------------------+----------------+
| Ubuntu 22.04        | PEND           |
+---------------------+----------------+
| RHEL9               | PEND           |
+---------------------+----------------+
| Ubuntu 24.04        | PEND           |
+---------------------+----------------+
| Windows Server 2022 | PASS           |
+---------------------+----------------+

==== Unit test summary for Fedora 40 (Clang) (dpdk_unit_test): ====
ninja: Entering directory `/root/workspace/Generic-Unit-Test-DPDK/dpdk/build'
ninja: no work to do.
  1/118 DPDK:fast-tests / acl_autotest                   OK               3.56s
  2/118 DPDK:fast-tests / alarm_autotest                 OK               1.23s
  3/118 DPDK:fast-tests / argparse_autotest              OK               0.30s
  4/118 DPDK:fast-tests / atomic_autotest                OK               0.80s
  5/118 DPDK:fast-tests / bitcount_autotest              OK               0.18s
  6/118 DPDK:fast-tests / bitmap_autotest                OK               0.17s
  7/118 DPDK:fast-tests / bitops_autotest                OK               1.91s
  8/118 DPDK:fast-tests / bitratestats_autotest          OK               0.23s
  9/118 DPDK:fast-tests / bitset_autotest                OK               1.28s
 10/118 DPDK:fast-tests / bpf_autotest                   OK               0.18s
 11/118 DPDK:fast-tests / bpf_convert_autotest           OK               0.21s
 12/118 DPDK:fast-tests / byteorder_autotest             OK               0.32s
 13/118 DPDK:fast-tests / cfgfile_autotest               OK               0.32s
 14/118 DPDK:fast-tests / cksum_autotest                 OK               0.29s
 15/118 DPDK:fast-tests / cmdline_autotest               OK               0.28s
 16/118 DPDK:fast-tests / common_autotest                OK               0.60s
 17/118 DPDK:fast-tests / compressdev_autotest           SKIP             0.15s   exit status 77
 18/118 DPDK:fast-tests / cpuflags_autotest              OK               0.17s
 19/118 DPDK:fast-tests / crc_autotest                   OK               0.17s
 20/118 DPDK:fast-tests / user_delay_us                  OK               0.18s
 21/118 DPDK:fast-tests / debug_autotest                 OK               0.59s
 22/118 DPDK:fast-tests / devargs_autotest               OK               0.35s
 23/118 DPDK:fast-tests / dispatcher_autotest            SKIP             0.25s   exit status 77
 24/118 DPDK:fast-tests / distributor_autotest           OK               1.23s
 25/118 DPDK:fast-tests / eal_flags_c_opt_autotest       OK               0.86s
 26/118 DPDK:fast-tests / eal_flags_main_opt_autotest    OK               0.81s
 27/118 DPDK:fast-tests / eal_flags_n_opt_autotest       OK               0.63s
 28/118 DPDK:fast-tests / eal_flags_hpet_autotest        OK               0.27s
 29/118 DPDK:fast-tests / eal_flags_no_huge_autotest     OK               0.53s
 30/118 DPDK:fast-tests / eal_flags_a_opt_autotest       OK               0.35s
 31/118 DPDK:fast-tests / eal_flags_b_opt_autotest       OK               0.37s
 32/118 DPDK:fast-tests / eal_flags_vdev_opt_autotest    OK               0.74s
 33/118 DPDK:fast-tests / eal_flags_r_opt_autotest       OK               0.50s
 34/118 DPDK:fast-tests / eal_flags_mem_autotest         OK               1.03s
 35/118 DPDK:fast-tests / eal_flags_file_prefix_autotest OK               4.05s
 36/118 DPDK:fast-tests / eal_flags_misc_autotest        OK               3.12s
 37/118 DPDK:fast-tests / eal_fs_autotest                OK               1.37s
 38/118 DPDK:fast-tests / errno_autotest                 OK               0.21s
 39/118 DPDK:fast-tests / ethdev_link_status             OK               0.16s
 40/118 DPDK:fast-tests / event_eth_tx_adapter_autotest  OK               0.47s
 41/118 DPDK:fast-tests / event_ring_autotest            OK               0.48s
 42/118 DPDK:fast-tests / eventdev_common_autotest       OK               0.17s
 43/118 DPDK:fast-tests / eventdev_selftest_sw           OK               0.38s
 44/118 DPDK:fast-tests / fbarray_autotest               OK               0.41s
 45/118 DPDK:fast-tests / fib_autotest                   OK               1.28s
 46/118 DPDK:fast-tests / fib6_autotest                  OK               1.18s
 47/118 DPDK:fast-tests / func_reentrancy_autotest       OK               1.08s
 48/118 DPDK:fast-tests / graph_autotest                 OK               0.17s
 49/118 DPDK:fast-tests / node_list_dump                 OK               0.17s
 50/118 DPDK:fast-tests / hash_autotest                  OK               1.14s
 51/118 DPDK:fast-tests / hash_readwrite_func_autotest   SKIP             0.36s   exit status 77
 52/118 DPDK:fast-tests / interrupt_autotest             FAIL             2.70s   (exit status 255 or signal 127 SIGinvalid)
>>> DPDK_TEST=interrupt_autotest MALLOC_PERTURB_=242 /root/workspace/Generic-Unit-Test-DPDK/dpdk/build/app/dpdk-test --no-huge -m 2048

 53/118 DPDK:fast-tests / ipfrag_autotest                OK               0.68s
 54/118 DPDK:fast-tests / ipsec_autotest                 SKIP             0.51s   exit status 77
 55/118 DPDK:fast-tests / kvargs_autotest                OK               0.41s
 56/118 DPDK:fast-tests / latencystats_autotest          OK               0.22s
 57/118 DPDK:fast-tests / lcore_var_autotest             OK               1.58s
 58/118 DPDK:fast-tests / lcores_autotest                OK               1.34s
 59/118 DPDK:fast-tests / logs_autotest                  OK               0.18s
 60/118 DPDK:fast-tests / lpm_autotest                   OK               2.42s
 61/118 DPDK:fast-tests / lpm6_autotest                  OK               6.35s
 62/118 DPDK:fast-tests / malloc_autotest                OK               2.81s
 63/118 DPDK:fast-tests / mbuf_autotest                  OK               0.32s
 64/118 DPDK:fast-tests / mcslock_autotest               OK               1.54s
 65/118 DPDK:fast-tests / member_autotest                OK               2.76s
 66/118 DPDK:fast-tests / memcpy_autotest                OK               3.17s
 67/118 DPDK:fast-tests / memory_autotest                OK               0.14s
 68/118 DPDK:fast-tests / mempool_autotest               OK               0.50s
 69/118 DPDK:fast-tests / memzone_autotest               OK               0.24s
 70/118 DPDK:fast-tests / meter_autotest                 OK               0.35s
 71/118 DPDK:fast-tests / metrics_autotest               OK               0.22s
 72/118 DPDK:fast-tests / multiprocess_autotest          OK               0.29s
 73/118 DPDK:fast-tests / net_ether_autotest             OK               1.30s
 74/118 DPDK:fast-tests / net_ipv6_autotest              OK               0.54s
 75/118 DPDK:fast-tests / pcapng_autotest                OK               7.48s
 76/118 DPDK:fast-tests / pdcp_autotest                  SKIP             0.15s   exit status 77
 77/118 DPDK:fast-tests / pdump_autotest                 OK               0.28s
 78/118 DPDK:fast-tests / per_lcore_autotest             OK               0.32s
 79/118 DPDK:fast-tests / pflock_autotest                OK               0.37s
 80/118 DPDK:fast-tests / pie_autotest                   OK               0.27s
 81/118 DPDK:fast-tests / ring_pmd_autotest              OK               0.39s
 82/118 DPDK:fast-tests / power_autotest                 OK               0.27s
 83/118 DPDK:fast-tests / power_cpufreq_autotest         SKIP             0.22s   exit status 77
 84/118 DPDK:fast-tests / power_intel_uncore_autotest    SKIP             0.19s   exit status 77
 85/118 DPDK:fast-tests / power_kvm_vm_autotest          SKIP             0.15s   exit status 77
 86/118 DPDK:fast-tests / prefetch_autotest              OK               0.20s
 87/118 DPDK:fast-tests / ptr_compress_autotest          OK               0.18s
 88/118 DPDK:fast-tests / rawdev_autotest                OK               0.18s
 89/118 DPDK:fast-tests / rcu_qsbr_autotest              OK               0.33s
 90/118 DPDK:fast-tests / reorder_autotest               OK               0.71s
 91/118 DPDK:fast-tests / rib_autotest                   OK               6.56s
 92/118 DPDK:fast-tests / rib6_autotest                  OK               5.27s
 93/118 DPDK:fast-tests / ring_autotest                  OK               0.37s
 94/118 DPDK:fast-tests / rwlock_test1_autotest          OK               0.39s
 95/118 DPDK:fast-tests / rwlock_rda_autotest            OK               5.23s
 96/118 DPDK:fast-tests / rwlock_rds_wrm_autotest        OK               5.31s
 97/118 DPDK:fast-tests / rwlock_rde_wro_autotest        OK               5.30s
 98/118 DPDK:fast-tests / sched_autotest                 OK               0.18s
 99/118 DPDK:fast-tests / security_autotest              OK               0.15s
100/118 DPDK:fast-tests / seqlock_autotest               SKIP             0.19s   exit status 77
101/118 DPDK:fast-tests / service_autotest               OK               0.49s
102/118 DPDK:fast-tests / spinlock_autotest              OK               0.22s
103/118 DPDK:fast-tests / stack_autotest                 OK               0.23s
104/118 DPDK:fast-tests / stack_lf_autotest              OK               0.32s
105/118 DPDK:fast-tests / string_autotest                OK               0.45s
106/118 DPDK:fast-tests / table_autotest                 OK              10.36s
107/118 DPDK:fast-tests / tailq_autotest                 OK               0.31s
108/118 DPDK:fast-tests / telemetry_data_autotest        OK               0.26s
109/118 DPDK:fast-tests / telemetry_json_autotest        OK               0.32s
110/118 DPDK:fast-tests / thash_autotest                 OK               0.22s
111/118 DPDK:fast-tests / threads_autotest               OK               0.65s
112/118 DPDK:fast-tests / ticketlock_autotest            OK               0.27s
113/118 DPDK:fast-tests / timer_autotest                 OK               4.37s
114/118 DPDK:fast-tests / trace_autotest                 OK               0.18s
115/118 DPDK:fast-tests / trace_autotest_with_traces     OK               0.25s
116/118 DPDK:fast-tests / vdev_autotest                  OK               0.24s
117/118 DPDK:fast-tests / version_autotest               OK               0.29s
118/118 DPDK:fast-tests / telemetry_all                  SKIP             0.02s   exit status 77


Ok:                 107 
Expected Fail:      0   
Fail:               1   
Unexpected Pass:    0   
Skipped:            10  
Timeout:            0   

Full log written to /root/workspace/Generic-Unit-Test-DPDK/dpdk/build/meson-logs/testlog.txt



Test log output from the failed test interrupt_autotest:

Sorry, we were not able to find the logs for this test.
Download the log output from the CI site for this test run.
==== End log output ====

CentOS Stream 9
	Kernel: Depends on container host
	Compiler: gcc 11.5.0 20240719 (Red Hat 11.5.0-2)

CentOS Stream 10
	Kernel: Depends on container host
	Compiler: gcc 14.2.1 20241104 (Red Hat 14.2.1-6)

Fedora 40 (Clang)
	Kernel: Depends on container host
	Compiler: clang 18.1.8 (Fedora 18.1.8-1.fc40)

Fedora 41 (Clang)
	Kernel: Depends on container host
	Compiler: clang 19.1.5 (Fedora 19.1.5-1.fc41)

Debian 12
	Kernel: Depends on container host
	Compiler: gcc (Debian 12.2.0-14) 12.2.0

Fedora 41
	Kernel: Depends on container host
	Compiler: gcc 14.2.1 20240912 (Red Hat 14.2.1-3)

RHEL8
	Kernel: Depends on container host
	Compiler: gcc 8.5.0 20210514 (Red Hat 8.5.0-22)

Ubuntu 20.04
	Kernel: Depends on container host
	Compiler: gcc (Ubuntu 9.4.0-1ubuntu1~20.04.2) 9.4.0

Fedora 40
	Kernel: Depends on container host
	Compiler: gcc 14.2.1 20240912 (Red Hat 14.2.1-3)

Ubuntu 22.04
	Kernel: Depends on container host
	Compiler: gcc (Ubuntu 11.4.0-1ubuntu1~22.04) 11.4.0

RHEL9
	Kernel: Depends on container host
	Compiler: gcc 11.5.0 20240719 (Red Hat 11.5.0-2)

Ubuntu 24.04
	Kernel: Depends on container host
	Compiler: gcc (Ubuntu 13.3.0-6ubuntu2~24.04) 13.3.0

Windows Server 2022
	Kernel: 10.0.20348.2031
	Compiler: clang 15.0.7, gcc 14.1.0 (MinGW), and MSVC VS 19.39.33521

To view detailed results, visit:
https://lab.dpdk.org/results/dashboard/tarballs/33552/

UNH-IOL DPDK Community Lab

To manage your email subscriptions, visit: 
https://lab.dpdk.org/results/dashboard/preferences/subscriptions/

^ permalink raw reply	[flat|nested] 3+ messages in thread

* |FAILURE| [GIT MASTER] 4c5634de9f933555bab9c64a533d3dca999071cd
@ 2025-05-16 10:27 dpdklab
  0 siblings, 0 replies; 3+ messages in thread
From: dpdklab @ 2025-05-16 10:27 UTC (permalink / raw)
  To: Test Report
  Cc: dpdk-test-reports, Xueming Li, Christian Ehrhardt, Kevin Traynor,
	Luca Boccassi

_Testing issues_

Branch: tags/v24.11

4c5634de9f933555bab9c64a533d3dca999071cd --> testing issues

Upstream job id: Generic-Unit-Test-DPDK#338376

Test environment and result as below:

+---------------------+----------------+
|     Environment     | dpdk_unit_test |
+=====================+================+
| CentOS Stream 9     | PASS           |
+---------------------+----------------+
| CentOS Stream 10    | PASS           |
+---------------------+----------------+
| Fedora 40 (Clang)   | FAIL           |
+---------------------+----------------+
| Fedora 41 (Clang)   | PASS           |
+---------------------+----------------+
| Debian 12           | PASS           |
+---------------------+----------------+
| Fedora 41           | PASS           |
+---------------------+----------------+
| RHEL8               | PASS           |
+---------------------+----------------+
| Ubuntu 20.04        | PASS           |
+---------------------+----------------+
| Fedora 40           | PASS           |
+---------------------+----------------+
| Ubuntu 22.04        | PASS           |
+---------------------+----------------+
| RHEL9               | PASS           |
+---------------------+----------------+
| Ubuntu 24.04        | PASS           |
+---------------------+----------------+
| Windows Server 2022 | PASS           |
+---------------------+----------------+

==== Unit test summary for Fedora 40 (Clang) (dpdk_unit_test): ====
ninja: Entering directory `/root/workspace/Generic-Unit-Test-DPDK/dpdk/build'
ninja: no work to do.
  1/118 DPDK:fast-tests / acl_autotest                   OK               3.56s
  2/118 DPDK:fast-tests / alarm_autotest                 OK               1.23s
  3/118 DPDK:fast-tests / argparse_autotest              OK               0.30s
  4/118 DPDK:fast-tests / atomic_autotest                OK               0.80s
  5/118 DPDK:fast-tests / bitcount_autotest              OK               0.18s
  6/118 DPDK:fast-tests / bitmap_autotest                OK               0.17s
  7/118 DPDK:fast-tests / bitops_autotest                OK               1.91s
  8/118 DPDK:fast-tests / bitratestats_autotest          OK               0.23s
  9/118 DPDK:fast-tests / bitset_autotest                OK               1.28s
 10/118 DPDK:fast-tests / bpf_autotest                   OK               0.18s
 11/118 DPDK:fast-tests / bpf_convert_autotest           OK               0.21s
 12/118 DPDK:fast-tests / byteorder_autotest             OK               0.32s
 13/118 DPDK:fast-tests / cfgfile_autotest               OK               0.32s
 14/118 DPDK:fast-tests / cksum_autotest                 OK               0.29s
 15/118 DPDK:fast-tests / cmdline_autotest               OK               0.28s
 16/118 DPDK:fast-tests / common_autotest                OK               0.60s
 17/118 DPDK:fast-tests / compressdev_autotest           SKIP             0.15s   exit status 77
 18/118 DPDK:fast-tests / cpuflags_autotest              OK               0.17s
 19/118 DPDK:fast-tests / crc_autotest                   OK               0.17s
 20/118 DPDK:fast-tests / user_delay_us                  OK               0.18s
 21/118 DPDK:fast-tests / debug_autotest                 OK               0.59s
 22/118 DPDK:fast-tests / devargs_autotest               OK               0.35s
 23/118 DPDK:fast-tests / dispatcher_autotest            SKIP             0.25s   exit status 77
 24/118 DPDK:fast-tests / distributor_autotest           OK               1.23s
 25/118 DPDK:fast-tests / eal_flags_c_opt_autotest       OK               0.86s
 26/118 DPDK:fast-tests / eal_flags_main_opt_autotest    OK               0.81s
 27/118 DPDK:fast-tests / eal_flags_n_opt_autotest       OK               0.63s
 28/118 DPDK:fast-tests / eal_flags_hpet_autotest        OK               0.27s
 29/118 DPDK:fast-tests / eal_flags_no_huge_autotest     OK               0.53s
 30/118 DPDK:fast-tests / eal_flags_a_opt_autotest       OK               0.35s
 31/118 DPDK:fast-tests / eal_flags_b_opt_autotest       OK               0.37s
 32/118 DPDK:fast-tests / eal_flags_vdev_opt_autotest    OK               0.74s
 33/118 DPDK:fast-tests / eal_flags_r_opt_autotest       OK               0.50s
 34/118 DPDK:fast-tests / eal_flags_mem_autotest         OK               1.03s
 35/118 DPDK:fast-tests / eal_flags_file_prefix_autotest OK               4.05s
 36/118 DPDK:fast-tests / eal_flags_misc_autotest        OK               3.12s
 37/118 DPDK:fast-tests / eal_fs_autotest                OK               1.37s
 38/118 DPDK:fast-tests / errno_autotest                 OK               0.21s
 39/118 DPDK:fast-tests / ethdev_link_status             OK               0.16s
 40/118 DPDK:fast-tests / event_eth_tx_adapter_autotest  OK               0.47s
 41/118 DPDK:fast-tests / event_ring_autotest            OK               0.48s
 42/118 DPDK:fast-tests / eventdev_common_autotest       OK               0.17s
 43/118 DPDK:fast-tests / eventdev_selftest_sw           OK               0.38s
 44/118 DPDK:fast-tests / fbarray_autotest               OK               0.41s
 45/118 DPDK:fast-tests / fib_autotest                   OK               1.28s
 46/118 DPDK:fast-tests / fib6_autotest                  OK               1.18s
 47/118 DPDK:fast-tests / func_reentrancy_autotest       OK               1.08s
 48/118 DPDK:fast-tests / graph_autotest                 OK               0.17s
 49/118 DPDK:fast-tests / node_list_dump                 OK               0.17s
 50/118 DPDK:fast-tests / hash_autotest                  OK               1.14s
 51/118 DPDK:fast-tests / hash_readwrite_func_autotest   SKIP             0.36s   exit status 77
 52/118 DPDK:fast-tests / interrupt_autotest             FAIL             2.70s   (exit status 255 or signal 127 SIGinvalid)
>>> DPDK_TEST=interrupt_autotest MALLOC_PERTURB_=242 /root/workspace/Generic-Unit-Test-DPDK/dpdk/build/app/dpdk-test --no-huge -m 2048

 53/118 DPDK:fast-tests / ipfrag_autotest                OK               0.68s
 54/118 DPDK:fast-tests / ipsec_autotest                 SKIP             0.51s   exit status 77
 55/118 DPDK:fast-tests / kvargs_autotest                OK               0.41s
 56/118 DPDK:fast-tests / latencystats_autotest          OK               0.22s
 57/118 DPDK:fast-tests / lcore_var_autotest             OK               1.58s
 58/118 DPDK:fast-tests / lcores_autotest                OK               1.34s
 59/118 DPDK:fast-tests / logs_autotest                  OK               0.18s
 60/118 DPDK:fast-tests / lpm_autotest                   OK               2.42s
 61/118 DPDK:fast-tests / lpm6_autotest                  OK               6.35s
 62/118 DPDK:fast-tests / malloc_autotest                OK               2.81s
 63/118 DPDK:fast-tests / mbuf_autotest                  OK               0.32s
 64/118 DPDK:fast-tests / mcslock_autotest               OK               1.54s
 65/118 DPDK:fast-tests / member_autotest                OK               2.76s
 66/118 DPDK:fast-tests / memcpy_autotest                OK               3.17s
 67/118 DPDK:fast-tests / memory_autotest                OK               0.14s
 68/118 DPDK:fast-tests / mempool_autotest               OK               0.50s
 69/118 DPDK:fast-tests / memzone_autotest               OK               0.24s
 70/118 DPDK:fast-tests / meter_autotest                 OK               0.35s
 71/118 DPDK:fast-tests / metrics_autotest               OK               0.22s
 72/118 DPDK:fast-tests / multiprocess_autotest          OK               0.29s
 73/118 DPDK:fast-tests / net_ether_autotest             OK               1.30s
 74/118 DPDK:fast-tests / net_ipv6_autotest              OK               0.54s
 75/118 DPDK:fast-tests / pcapng_autotest                OK               7.48s
 76/118 DPDK:fast-tests / pdcp_autotest                  SKIP             0.15s   exit status 77
 77/118 DPDK:fast-tests / pdump_autotest                 OK               0.28s
 78/118 DPDK:fast-tests / per_lcore_autotest             OK               0.32s
 79/118 DPDK:fast-tests / pflock_autotest                OK               0.37s
 80/118 DPDK:fast-tests / pie_autotest                   OK               0.27s
 81/118 DPDK:fast-tests / ring_pmd_autotest              OK               0.39s
 82/118 DPDK:fast-tests / power_autotest                 OK               0.27s
 83/118 DPDK:fast-tests / power_cpufreq_autotest         SKIP             0.22s   exit status 77
 84/118 DPDK:fast-tests / power_intel_uncore_autotest    SKIP             0.19s   exit status 77
 85/118 DPDK:fast-tests / power_kvm_vm_autotest          SKIP             0.15s   exit status 77
 86/118 DPDK:fast-tests / prefetch_autotest              OK               0.20s
 87/118 DPDK:fast-tests / ptr_compress_autotest          OK               0.18s
 88/118 DPDK:fast-tests / rawdev_autotest                OK               0.18s
 89/118 DPDK:fast-tests / rcu_qsbr_autotest              OK               0.33s
 90/118 DPDK:fast-tests / reorder_autotest               OK               0.71s
 91/118 DPDK:fast-tests / rib_autotest                   OK               6.56s
 92/118 DPDK:fast-tests / rib6_autotest                  OK               5.27s
 93/118 DPDK:fast-tests / ring_autotest                  OK               0.37s
 94/118 DPDK:fast-tests / rwlock_test1_autotest          OK               0.39s
 95/118 DPDK:fast-tests / rwlock_rda_autotest            OK               5.23s
 96/118 DPDK:fast-tests / rwlock_rds_wrm_autotest        OK               5.31s
 97/118 DPDK:fast-tests / rwlock_rde_wro_autotest        OK               5.30s
 98/118 DPDK:fast-tests / sched_autotest                 OK               0.18s
 99/118 DPDK:fast-tests / security_autotest              OK               0.15s
100/118 DPDK:fast-tests / seqlock_autotest               SKIP             0.19s   exit status 77
101/118 DPDK:fast-tests / service_autotest               OK               0.49s
102/118 DPDK:fast-tests / spinlock_autotest              OK               0.22s
103/118 DPDK:fast-tests / stack_autotest                 OK               0.23s
104/118 DPDK:fast-tests / stack_lf_autotest              OK               0.32s
105/118 DPDK:fast-tests / string_autotest                OK               0.45s
106/118 DPDK:fast-tests / table_autotest                 OK              10.36s
107/118 DPDK:fast-tests / tailq_autotest                 OK               0.31s
108/118 DPDK:fast-tests / telemetry_data_autotest        OK               0.26s
109/118 DPDK:fast-tests / telemetry_json_autotest        OK               0.32s
110/118 DPDK:fast-tests / thash_autotest                 OK               0.22s
111/118 DPDK:fast-tests / threads_autotest               OK               0.65s
112/118 DPDK:fast-tests / ticketlock_autotest            OK               0.27s
113/118 DPDK:fast-tests / timer_autotest                 OK               4.37s
114/118 DPDK:fast-tests / trace_autotest                 OK               0.18s
115/118 DPDK:fast-tests / trace_autotest_with_traces     OK               0.25s
116/118 DPDK:fast-tests / vdev_autotest                  OK               0.24s
117/118 DPDK:fast-tests / version_autotest               OK               0.29s
118/118 DPDK:fast-tests / telemetry_all                  SKIP             0.02s   exit status 77


Ok:                 107 
Expected Fail:      0   
Fail:               1   
Unexpected Pass:    0   
Skipped:            10  
Timeout:            0   

Full log written to /root/workspace/Generic-Unit-Test-DPDK/dpdk/build/meson-logs/testlog.txt



Test log output from the failed test interrupt_autotest:

Sorry, we were not able to find the logs for this test.
Download the log output from the CI site for this test run.
==== End log output ====

CentOS Stream 9
	Kernel: Depends on container host
	Compiler: gcc 11.5.0 20240719 (Red Hat 11.5.0-2)

CentOS Stream 10
	Kernel: Depends on container host
	Compiler: gcc 14.2.1 20241104 (Red Hat 14.2.1-6)

Fedora 40 (Clang)
	Kernel: Depends on container host
	Compiler: clang 18.1.8 (Fedora 18.1.8-1.fc40)

Fedora 41 (Clang)
	Kernel: Depends on container host
	Compiler: clang 19.1.5 (Fedora 19.1.5-1.fc41)

Debian 12
	Kernel: Depends on container host
	Compiler: gcc (Debian 12.2.0-14) 12.2.0

Fedora 41
	Kernel: Depends on container host
	Compiler: gcc 14.2.1 20240912 (Red Hat 14.2.1-3)

RHEL8
	Kernel: Depends on container host
	Compiler: gcc 8.5.0 20210514 (Red Hat 8.5.0-22)

Ubuntu 20.04
	Kernel: Depends on container host
	Compiler: gcc (Ubuntu 9.4.0-1ubuntu1~20.04.2) 9.4.0

Fedora 40
	Kernel: Depends on container host
	Compiler: gcc 14.2.1 20240912 (Red Hat 14.2.1-3)

Ubuntu 22.04
	Kernel: Depends on container host
	Compiler: gcc (Ubuntu 11.4.0-1ubuntu1~22.04) 11.4.0

RHEL9
	Kernel: Depends on container host
	Compiler: gcc 11.5.0 20240719 (Red Hat 11.5.0-2)

Ubuntu 24.04
	Kernel: Depends on container host
	Compiler: gcc (Ubuntu 13.3.0-6ubuntu2~24.04) 13.3.0

Windows Server 2022
	Kernel: 10.0.20348.2031
	Compiler: clang 15.0.7, gcc 14.1.0 (MinGW), and MSVC VS 19.39.33521

To view detailed results, visit:
https://lab.dpdk.org/results/dashboard/tarballs/33552/

UNH-IOL DPDK Community Lab

To manage your email subscriptions, visit: 
https://lab.dpdk.org/results/dashboard/preferences/subscriptions/

^ permalink raw reply	[flat|nested] 3+ messages in thread

* |FAILURE| [GIT MASTER] 4c5634de9f933555bab9c64a533d3dca999071cd
@ 2025-05-07 17:38 dpdklab
  0 siblings, 0 replies; 3+ messages in thread
From: dpdklab @ 2025-05-07 17:38 UTC (permalink / raw)
  To: Lijuan Tu, Test Report, Ferruh Yigit, Georgii Tkachuk, Qian Xu
  Cc: dpdk-test-reports, Xueming Li, Christian Ehrhardt, Kevin Traynor,
	Luca Boccassi

_Performance Testing issues_

Branch: tags/v24.11

4c5634de9f933555bab9c64a533d3dca999071cd --> performance testing issues

Upstream job id: Template-DTS-Pipeline#224850

Test environment and result as below:

Ubuntu 22.04
Kernel: 5.15.0-131-generic
Compiler: gcc (Ubuntu 11.4.0-1ubuntu1~22.04) 11.4.0
NIC: Intel Corporation Ethernet Converged Network Adapter 82599ES 10000 Mbps
Fail/Total: 0/6

Detail performance results: 
+----------+-------------+---------+------------+------------------------------+
| num_cpus | num_threads | txd/rxd | frame_size |  throughput difference from  |
|          |             |         |            |           expected           |
+==========+=============+=========+============+==============================+
| 1        | 2           | 128     | 64         | 0.3%                         |
+----------+-------------+---------+------------+------------------------------+
| 1        | 2           | 512     | 64         | -0.1%                        |
+----------+-------------+---------+------------+------------------------------+
| 1        | 2           | 2048    | 64         | 0.2%                         |
+----------+-------------+---------+------------+------------------------------+
| 1        | 1           | 128     | 64         | 0.6%                         |
+----------+-------------+---------+------------+------------------------------+
| 1        | 1           | 512     | 64         | 0.0%                         |
+----------+-------------+---------+------------+------------------------------+
| 1        | 1           | 2048    | 64         | 0.4%                         |
+----------+-------------+---------+------------+------------------------------+

Ubuntu 24.04
Kernel: 6.8.0-52-generic
Compiler: gcc 13.3.0
NIC: Intel E810 (Arm Grace Server) 100000 Mbps
Fail/Total: 0/2

Detail performance results: 
+------------+---------+----------+-------------+------------------------------+
| frame_size | txd/rxd | num_cpus | num_threads |  throughput difference from  |
|            |         |          |             |           expected           |
+============+=========+==========+=============+==============================+
| 64         | 512     | 1        | 1           | 0.2%                         |
+------------+---------+----------+-------------+------------------------------+
| 64         | 2048    | 1        | 1           | -1.0%                        |
+------------+---------+----------+-------------+------------------------------+

Ubuntu 20.04
Kernel: 5.4.0-122-generic
Compiler: gcc 9.4.0
NIC: Intel Corporation Ethernet Converged Network Adapter XL710-QDA2 40000 Mbps
Fail/Total: 0/4

Detail performance results: 
+----------+-------------+---------+------------+------------------------------+
| num_cpus | num_threads | txd/rxd | frame_size |  throughput difference from  |
|          |             |         |            |           expected           |
+==========+=============+=========+============+==============================+
| 1        | 2           | 512     | 64         | 0.4%                         |
+----------+-------------+---------+------------+------------------------------+
| 1        | 2           | 2048    | 64         | 1.0%                         |
+----------+-------------+---------+------------+------------------------------+
| 1        | 1           | 512     | 64         | 2.4%                         |
+----------+-------------+---------+------------+------------------------------+
| 1        | 1           | 2048    | 64         | 1.2%                         |
+----------+-------------+---------+------------+------------------------------+

22.04
Kernel: 5.15.0-94-generic
Compiler: gcc 11.4.0
NIC: Intel E810 100000 Mbps
Fail/Total: 2/2
Failed cases list:
      - DTS https://dpdklab.iol.unh.edu/results/testcases/1/

Detail performance results: 
+------------+---------+----------+-------------+------------------------------+
| frame_size | txd/rxd | num_cpus | num_threads |  throughput difference from  |
|            |         |          |             |           expected           |
+============+=========+==========+=============+==============================+
| 64         | 512     | 1        | 1           | -12.5%                       |
+------------+---------+----------+-------------+------------------------------+
| 64         | 2048    | 1        | 1           | -11.4%                       |
+------------+---------+----------+-------------+------------------------------+

To view detailed results, visit:
https://lab.dpdk.org/results/dashboard/tarballs/33461/

UNH-IOL DPDK Community Lab

To manage your email subscriptions, visit: 
https://lab.dpdk.org/results/dashboard/preferences/subscriptions/

^ permalink raw reply	[flat|nested] 3+ messages in thread

end of thread, other threads:[~2025-05-16 10:28 UTC | newest]

Thread overview: 3+ messages (download: mbox.gz / follow: Atom feed)
-- links below jump to the message on this page --
2025-05-16  9:36 |FAILURE| [GIT MASTER] 4c5634de9f933555bab9c64a533d3dca999071cd dpdklab
  -- strict thread matches above, loose matches on Subject: below --
2025-05-16 10:27 dpdklab
2025-05-07 17:38 dpdklab

This is a public inbox, see mirroring instructions
for how to clone and mirror all data and code used for this inbox;
as well as URLs for NNTP newsgroup(s).