automatic DPDK test reports
 help / color / mirror / Atom feed
From: dpdklab@iol.unh.edu
To: Test Report <test-report@dpdk.org>
Cc: dpdk-test-reports@iol.unh.edu
Subject: |WARNING| pw153470-153471 [PATCH] [v5,2/2] net/hns3: fix Rx packet w
Date: Fri, 16 May 2025 04:25:47 -0700 (PDT)	[thread overview]
Message-ID: <682720bb.170a0220.35b9a6.5b10SMTPIN_ADDED_MISSING@mx.google.com> (raw)
In-Reply-To: <20250516071519.3190805-3-huangdengdui@huawei.com>

Test-Label: iol-abi-testing
Test-Status: WARNING
http://dpdk.org/patch/153471

_Testing issues_

Submitter: Dengdui Huang <huangdengdui@huawei.com>
Date: Friday, May 16 2025 07:15:19 
DPDK git baseline: Repo:dpdk
  Branch: master
  CommitID:ff05ee3e3f8fb4ce958a2ce6461e8141aea959c6

153470-153471 --> testing issues

Upstream job id: Generic-DPDK-Compile-ABI#126630

Test environment and result as below:

+-------------------+----------+
|    Environment    | abi_test |
+===================+==========+
| CentOS Stream 9   | FAIL     |
+-------------------+----------+
| CentOS Stream 10  | FAIL     |
+-------------------+----------+
| Fedora 40         | FAIL     |
+-------------------+----------+
| Fedora 41 (Clang) | FAIL     |
+-------------------+----------+
| Fedora 40 (Clang) | FAIL     |
+-------------------+----------+
| Debian 12         | FAIL     |
+-------------------+----------+
| Fedora 41         | FAIL     |
+-------------------+----------+
| RHEL8             | FAIL     |
+-------------------+----------+
| openSUSE Leap 15  | FAIL     |
+-------------------+----------+
| RHEL9             | FAIL     |
+-------------------+----------+
| Ubuntu 22.04      | FAIL     |
+-------------------+----------+
| Ubuntu 24.04      | FAIL     |
+-------------------+----------+

==== 20 line log output for Ubuntu 24.04 (abi_test): ====
Variables changes summary: 0 Removed, 0 Changed, 0 Added variable

Functions changes summary: 0 Removed, 0 Changed (2 filtered out), 0 Added functions
Variables changes summary: 0 Removed, 0 Changed, 0 Added variable

Functions changes summary: 0 Removed, 0 Changed (24 filtered out), 0 Added functions
Variables changes summary: 0 Removed, 0 Changed (2 filtered out), 0 Added variables

Functions changes summary: 0 Removed, 0 Changed (7 filtered out), 0 Added functions
Variables changes summary: 0 Removed, 0 Changed, 0 Added variable

Functions changes summary: 0 Removed, 0 Changed (5 filtered out), 0 Added functions
Variables changes summary: 0 Removed, 0 Changed, 0 Added variable

Functions changes summary: 0 Removed, 0 Changed (4 filtered out), 0 Added (1 filtered out) functions
Variables changes summary: 0 Removed, 0 Changed (1 filtered out), 0 Added variable

Functions changes summary: 0 Removed, 0 Changed (215 filtered out), 0 Added (2 filtered out) functions
Variables changes summary: 0 Removed, 0 Changed, 0 Added variable

==== End log output ====

CentOS Stream 9
	Kernel: Depends on container host
	Compiler: gcc 11.5.0 20240719 (Red Hat 11.5.0-2)

CentOS Stream 10
	Kernel: Depends on container host
	Compiler: gcc 14.2.1 20241104 (Red Hat 14.2.1-6)

Fedora 40
	Kernel: Depends on container host
	Compiler: gcc 14.2.1 20240912 (Red Hat 14.2.1-3)

Fedora 41 (Clang)
	Kernel: Depends on container host
	Compiler: clang 19.1.5 (Fedora 19.1.5-1.fc41)

Fedora 40 (Clang)
	Kernel: Depends on container host
	Compiler: clang 18.1.8 (Fedora 18.1.8-1.fc40)

Debian 12
	Kernel: Depends on container host
	Compiler: gcc (Debian 12.2.0-14) 12.2.0

Fedora 41
	Kernel: Depends on container host
	Compiler: gcc 14.2.1 20240912 (Red Hat 14.2.1-3)

RHEL8
	Kernel: Depends on container host
	Compiler: gcc 8.5.0 20210514 (Red Hat 8.5.0-22)

openSUSE Leap 15
	Kernel: Depends on container host
	Compiler: gcc (SUSE Linux) 7.5.0

RHEL9
	Kernel: Depends on container host
	Compiler: gcc 11.5.0 20240719 (Red Hat 11.5.0-2)

Ubuntu 22.04
	Kernel: Depends on container host
	Compiler: gcc (Ubuntu 11.4.0-1ubuntu1~22.04) 11.4.0

Ubuntu 24.04
	Kernel: Depends on container host
	Compiler: gcc (Ubuntu 13.3.0-6ubuntu2~24.04) 13.3.0

To view detailed results, visit:
https://lab.dpdk.org/results/dashboard/patchsets/33188/

UNH-IOL DPDK Community Lab

To manage your email subscriptions, visit: 
https://lab.dpdk.org/results/dashboard/preferences/subscriptions/

  parent reply	other threads:[~2025-05-16 11:25 UTC|newest]

Thread overview: 25+ messages / expand[flat|nested]  mbox.gz  Atom feed  top
     [not found] <20250516071519.3190805-3-huangdengdui@huawei.com>
2025-05-16  6:43 ` |SUCCESS| pw153470-153471 [PATCH v5 2/2] net/hns3: fix Rx packet without CRC data qemudev
2025-05-16  6:47 ` qemudev
2025-05-16  7:16 ` |SUCCESS| pw153471 " checkpatch
2025-05-16  8:14 ` |SUCCESS| pw153470-153471 [PATCH] [v5,2/2] net/hns3: fix Rx packet w dpdklab
2025-05-16  8:14 ` dpdklab
2025-05-16  8:24 ` |SUCCESS| pw153471 [PATCH v5 2/2] net/hns3: fix Rx packet without CRC data 0-day Robot
2025-05-16  8:26 ` |SUCCESS| pw153470-153471 [PATCH] [v5,2/2] net/hns3: fix Rx packet w dpdklab
2025-05-16  8:26 ` dpdklab
2025-05-16  8:30 ` dpdklab
2025-05-16  8:32 ` dpdklab
2025-05-16  8:34 ` dpdklab
2025-05-16  8:44 ` dpdklab
2025-05-16  8:51 ` dpdklab
2025-05-16  8:59 ` |PENDING| " dpdklab
2025-05-16  9:22 ` dpdklab
2025-05-16  9:47 ` dpdklab
2025-05-16 10:14 ` dpdklab
2025-05-16 10:21 ` |WARNING| " dpdklab
2025-05-16 10:51 ` |SUCCESS| " dpdklab
2025-05-16 11:25 ` dpdklab [this message]
2025-05-16 11:26 ` |WARNING| " dpdklab
2025-05-16 11:34 ` |SUCCESS| " dpdklab
2025-05-16 13:01 ` dpdklab
2025-05-16 13:31 ` dpdklab
2025-05-16 20:45 ` dpdklab

Reply instructions:

You may reply publicly to this message via plain-text email
using any one of the following methods:

* Save the following mbox file, import it into your mail client,
  and reply-to-all from there: mbox

  Avoid top-posting and favor interleaved quoting:
  https://en.wikipedia.org/wiki/Posting_style#Interleaved_style

* Reply using the --to, --cc, and --in-reply-to
  switches of git-send-email(1):

  git send-email \
    --in-reply-to=682720bb.170a0220.35b9a6.5b10SMTPIN_ADDED_MISSING@mx.google.com \
    --to=dpdklab@iol.unh.edu \
    --cc=dpdk-test-reports@iol.unh.edu \
    --cc=test-report@dpdk.org \
    /path/to/YOUR_REPLY

  https://kernel.org/pub/software/scm/git/docs/git-send-email.html

* If your mail client supports setting the In-Reply-To header
  via mailto: links, try the mailto: link
Be sure your reply has a Subject: header at the top and a blank line before the message body.
This is a public inbox, see mirroring instructions
for how to clone and mirror all data and code used for this inbox;
as well as URLs for NNTP newsgroup(s).