From mboxrd@z Thu Jan 1 00:00:00 1970 Return-Path: Received: from mails.dpdk.org (mails.dpdk.org [217.70.189.124]) by inbox.dpdk.org (Postfix) with ESMTP id A0CC546760 for ; Fri, 16 May 2025 13:25:51 +0200 (CEST) Received: from mails.dpdk.org (localhost [127.0.0.1]) by mails.dpdk.org (Postfix) with ESMTP id 97BE740144; Fri, 16 May 2025 13:25:50 +0200 (CEST) Received: from mail-pl1-f227.google.com (mail-pl1-f227.google.com [209.85.214.227]) by mails.dpdk.org (Postfix) with ESMTP id C2D8B400EF for ; Fri, 16 May 2025 13:25:48 +0200 (CEST) Received: by mail-pl1-f227.google.com with SMTP id d9443c01a7336-231c86bffc1so16058175ad.0 for ; Fri, 16 May 2025 04:25:48 -0700 (PDT) DKIM-Signature: v=1; a=rsa-sha256; c=relaxed/relaxed; d=iol.unh.edu; s=unh-iol; t=1747394748; x=1747999548; darn=dpdk.org; h=references:in-reply-to:cc:to:from:subject:message-id:date:from:to :cc:subject:date:message-id:reply-to; bh=Wcz9DgJrW/XDHstQyzr6lvSiaqVTmF9cxbVIbfKrKvY=; b=DLygYFtc5OaV8gEer0CtifEwGW8lnpmua/7VqkvHRtnEf7BCKQ6hnLxbxdLDO/WKlQ oLoDnokjxoRZUxG3PMhUUj+XqK4DBpLGqqDdS22Jmp11s0s+9keFSjrDE5QRPPIkuWz1 95kqdBHemm68Bzn1TC/X7SNoyjeZSrgQRl+rY= X-Google-DKIM-Signature: v=1; a=rsa-sha256; c=relaxed/relaxed; d=1e100.net; s=20230601; t=1747394748; x=1747999548; h=references:in-reply-to:cc:to:from:subject:message-id:date :x-gm-message-state:from:to:cc:subject:date:message-id:reply-to; bh=Wcz9DgJrW/XDHstQyzr6lvSiaqVTmF9cxbVIbfKrKvY=; b=bzWwf48u5EQsUd6pNAMHIfesm96g8EXz/wlfhR8mc+5q35bychKV5uAAxRyT/xA/Cc +hgqNZAkWiyido89dp2NDYHdkvorpikco1soySdVJcKNzQyPwYqgL0jRPFWMKbL47VkZ jXMLhJkBR0rPp80T1DYd3VPKU7ObYqZq72nPR71u9wcMFtCzHJvKfpmZmM5/ke1op7cT EqR5GSAdK/DE0bZ8Xw6R4xKMHeAtb26DK7eotT9+3O8/gHntnFBLvmphTcaphQcUU5nS 7SZQLGEXjgTVbF7yrQzedqe2kBvrJI0OArpcP5C+VikQex837H7XCl6zWugOf2ZTAOpu 4vGw== X-Gm-Message-State: AOJu0YyM6kYx7A7nBRoZO9O7x7gV47NO8LlrDmkKxMaXAYgIni3D5sTv ZhQxLWVtaSR40C64wKmkWAgLY0znTd3AQ9ZhBYJiWKHNzoksY8GP3Nf1u0pOeDskq/UKqPz89DI QYatOkz4dAoLOzzGRng8CcP5djxMfwsKLWn0wAimLhE+rctniP5E9etCrHzNA X-Gm-Gg: ASbGncto0y0pWRrXVIG5Tge1JFK61f1qD/bLhbJd/vA0GtHN1uyt4xSBB9o1a/mPNpD Qun6mVs8s09VMQSotPJtyG4HGiUzp4I2UL/3uMJCINYBZRXxBiFaCJWelK2s/5ruodypiEkb09B iPXv0qpLfp4cimfVT3vew5BPnTjn7zLlJK2hBtAPEKHw1z+oF13Ut/Kade9wbkVR12ex8ikAZc4 oHA9l7fawLwgm2LQru16DXxOsEJUb7i+ZbQf3eIk98W2h0VjuyXEQbe1O4S0nNJilg/CxX4tiac KNl7OBGmds14foftbMAkuHK9s1Jh//whYH7G X-Google-Smtp-Source: AGHT+IEiy7AWcVe909HxlKVmxRlbldIidJ2yu1aLuOzZXsJz/o6xyQrp9pY5gaD4wZbTtb4/Z+bGicWhReUO X-Received: by 2002:a17:902:ea12:b0:231:c6d0:f784 with SMTP id d9443c01a7336-231de37623amr32955945ad.28.1747394747843; Fri, 16 May 2025 04:25:47 -0700 (PDT) Received: from postal.iol.unh.edu (postal.iol.unh.edu. [2606:4100:3880:1234::84]) by smtp-relay.gmail.com with ESMTPS id d9443c01a7336-231d4ea0455sm959575ad.76.2025.05.16.04.25.47 (version=TLS1_2 cipher=ECDHE-ECDSA-AES128-GCM-SHA256 bits=128/128); Fri, 16 May 2025 04:25:47 -0700 (PDT) X-Relaying-Domain: iol.unh.edu Date: Fri, 16 May 2025 04:25:47 -0700 (PDT) Message-ID: <682720bb.170a0220.35b9a6.5b10SMTPIN_ADDED_MISSING@mx.google.com> Received: from [172.21.0.5] (unknown [172.18.0.240]) by postal.iol.unh.edu (Postfix) with ESMTP id F18896052471; Fri, 16 May 2025 07:25:46 -0400 (EDT) Subject: |WARNING| pw153470-153471 [PATCH] [v5,2/2] net/hns3: fix Rx packet w From: dpdklab@iol.unh.edu To: Test Report Cc: dpdk-test-reports@iol.unh.edu In-Reply-To: <20250516071519.3190805-3-huangdengdui@huawei.com> References: <20250516071519.3190805-3-huangdengdui@huawei.com> Content-Type: text/plain X-BeenThere: test-report@dpdk.org X-Mailman-Version: 2.1.29 Precedence: list List-Id: automatic DPDK test reports List-Unsubscribe: , List-Archive: List-Post: List-Help: List-Subscribe: , Errors-To: test-report-bounces@dpdk.org Test-Label: iol-abi-testing Test-Status: WARNING http://dpdk.org/patch/153471 _Testing issues_ Submitter: Dengdui Huang Date: Friday, May 16 2025 07:15:19 DPDK git baseline: Repo:dpdk Branch: master CommitID:ff05ee3e3f8fb4ce958a2ce6461e8141aea959c6 153470-153471 --> testing issues Upstream job id: Generic-DPDK-Compile-ABI#126630 Test environment and result as below: +-------------------+----------+ | Environment | abi_test | +===================+==========+ | CentOS Stream 9 | FAIL | +-------------------+----------+ | CentOS Stream 10 | FAIL | +-------------------+----------+ | Fedora 40 | FAIL | +-------------------+----------+ | Fedora 41 (Clang) | FAIL | +-------------------+----------+ | Fedora 40 (Clang) | FAIL | +-------------------+----------+ | Debian 12 | FAIL | +-------------------+----------+ | Fedora 41 | FAIL | +-------------------+----------+ | RHEL8 | FAIL | +-------------------+----------+ | openSUSE Leap 15 | FAIL | +-------------------+----------+ | RHEL9 | FAIL | +-------------------+----------+ | Ubuntu 22.04 | FAIL | +-------------------+----------+ | Ubuntu 24.04 | FAIL | +-------------------+----------+ ==== 20 line log output for Ubuntu 24.04 (abi_test): ==== Variables changes summary: 0 Removed, 0 Changed, 0 Added variable Functions changes summary: 0 Removed, 0 Changed (2 filtered out), 0 Added functions Variables changes summary: 0 Removed, 0 Changed, 0 Added variable Functions changes summary: 0 Removed, 0 Changed (24 filtered out), 0 Added functions Variables changes summary: 0 Removed, 0 Changed (2 filtered out), 0 Added variables Functions changes summary: 0 Removed, 0 Changed (7 filtered out), 0 Added functions Variables changes summary: 0 Removed, 0 Changed, 0 Added variable Functions changes summary: 0 Removed, 0 Changed (5 filtered out), 0 Added functions Variables changes summary: 0 Removed, 0 Changed, 0 Added variable Functions changes summary: 0 Removed, 0 Changed (4 filtered out), 0 Added (1 filtered out) functions Variables changes summary: 0 Removed, 0 Changed (1 filtered out), 0 Added variable Functions changes summary: 0 Removed, 0 Changed (215 filtered out), 0 Added (2 filtered out) functions Variables changes summary: 0 Removed, 0 Changed, 0 Added variable ==== End log output ==== CentOS Stream 9 Kernel: Depends on container host Compiler: gcc 11.5.0 20240719 (Red Hat 11.5.0-2) CentOS Stream 10 Kernel: Depends on container host Compiler: gcc 14.2.1 20241104 (Red Hat 14.2.1-6) Fedora 40 Kernel: Depends on container host Compiler: gcc 14.2.1 20240912 (Red Hat 14.2.1-3) Fedora 41 (Clang) Kernel: Depends on container host Compiler: clang 19.1.5 (Fedora 19.1.5-1.fc41) Fedora 40 (Clang) Kernel: Depends on container host Compiler: clang 18.1.8 (Fedora 18.1.8-1.fc40) Debian 12 Kernel: Depends on container host Compiler: gcc (Debian 12.2.0-14) 12.2.0 Fedora 41 Kernel: Depends on container host Compiler: gcc 14.2.1 20240912 (Red Hat 14.2.1-3) RHEL8 Kernel: Depends on container host Compiler: gcc 8.5.0 20210514 (Red Hat 8.5.0-22) openSUSE Leap 15 Kernel: Depends on container host Compiler: gcc (SUSE Linux) 7.5.0 RHEL9 Kernel: Depends on container host Compiler: gcc 11.5.0 20240719 (Red Hat 11.5.0-2) Ubuntu 22.04 Kernel: Depends on container host Compiler: gcc (Ubuntu 11.4.0-1ubuntu1~22.04) 11.4.0 Ubuntu 24.04 Kernel: Depends on container host Compiler: gcc (Ubuntu 13.3.0-6ubuntu2~24.04) 13.3.0 To view detailed results, visit: https://lab.dpdk.org/results/dashboard/patchsets/33188/ UNH-IOL DPDK Community Lab To manage your email subscriptions, visit: https://lab.dpdk.org/results/dashboard/preferences/subscriptions/