From mboxrd@z Thu Jan  1 00:00:00 1970
Return-Path: <test-report-bounces@dpdk.org>
Received: from mails.dpdk.org (mails.dpdk.org [217.70.189.124])
	by inbox.dpdk.org (Postfix) with ESMTP id B8CFC46760
	for <public@inbox.dpdk.org>; Fri, 16 May 2025 13:26:43 +0200 (CEST)
Received: from mails.dpdk.org (localhost [127.0.0.1])
	by mails.dpdk.org (Postfix) with ESMTP id B3AAD40144;
	Fri, 16 May 2025 13:26:43 +0200 (CEST)
Received: from mail-il1-f225.google.com (mail-il1-f225.google.com
 [209.85.166.225])
 by mails.dpdk.org (Postfix) with ESMTP id DBA62400EF
 for <test-report@dpdk.org>; Fri, 16 May 2025 13:26:41 +0200 (CEST)
Received: by mail-il1-f225.google.com with SMTP id
 e9e14a558f8ab-3db7b3de375so12131685ab.1
 for <test-report@dpdk.org>; Fri, 16 May 2025 04:26:41 -0700 (PDT)
DKIM-Signature: v=1; a=rsa-sha256; c=relaxed/relaxed;
 d=iol.unh.edu; s=unh-iol; t=1747394801; x=1747999601; darn=dpdk.org;
 h=references:in-reply-to:cc:to:from:subject:message-id:date:from:to
 :cc:subject:date:message-id:reply-to;
 bh=X4c918etdy3/aZSY29wXjTNjsMrc+D1IJdgYSuTdnpc=;
 b=PU+y/BdT51OQUuZ+D0saL2FjcRuoLYiHAMjvMvuJ1ClFT9NxC7cmD/g/7ewGoRx2Sn
 3oyV5/IJzbyTb0n5/Lto4vfVY+vu9syyS8oTTo3d8iJZukdidNa4T+PZZZNdswtIgCpu
 aIWACpYKCRkFys0Yo7NztEgd3UH97PvAoFw4c=
X-Google-DKIM-Signature: v=1; a=rsa-sha256; c=relaxed/relaxed;
 d=1e100.net; s=20230601; t=1747394801; x=1747999601;
 h=references:in-reply-to:cc:to:from:subject:message-id:date
 :x-gm-message-state:from:to:cc:subject:date:message-id:reply-to;
 bh=X4c918etdy3/aZSY29wXjTNjsMrc+D1IJdgYSuTdnpc=;
 b=e/+an4lpr+8qFKcpeGtPrPWqPssuoPEdN9RhVCyoQZy5IInE9/xgb/4847T8p7/4rx
 3b6tDGPduXhBR2C054rj+QoRxDbJzTvB4tMxPHJ2e/zhyXUDNLVYZBU6ywxvhD9hJsfs
 wzsb6IUHGFxEe/fTo/9pzoz3poWLnB5QF8V4kMSJon3td3hkfaZWuFli1Vv2YBppljuW
 jrpA7S3FqwLwTQ6lSIkAMCbinWuHx+7WRui6PcYHWnMtvNtCfzMfUP17l8nKw0wIvWAr
 RVojENvf/sCByEamfwILutYTaYk0VSyxJ7l3T7ImqJ7SUkEGOLWnlpn/Paa+209KKfSA
 Zbnw==
X-Gm-Message-State: AOJu0Yxwy+4x1HcgzGyC10JGPPWsQwTefz8ftrFxKbeZY5eDrBjbM7xN
 z40G+RRLHxIJpwG+R6Mtq+X6sv+FpUDaafWNPnWouXwqdkKJFkTlVJbEsxltIgS7GhJT9c56SyW
 i6h8fUV9t8it7eXjMQt/l13EKDFH86wS8YEiRGZA+/GfimsnuVfYNzpVAPDHI
X-Gm-Gg: ASbGncuqPDRpeWCL7mbWZ86LoNXyouOTPhtkYN4z2Z3t5aJ4HQiSybMxBA6+WPQjddz
 KolAMRK4BmGSkeDQkD9NKPPq5hYTazfTYp9/AU9oIY07+5/0OTZgaqFomEgKqPfq1KnwEekMNEO
 jQSZ72lKmtEYa+9x58pvVKL5KI2IThFgOogRvOeftBcagzhPCa6sa5odj/vpwZHm9wJjWjBumYp
 1S1UJdtNLXyS+0KqSUeqY9skDUt5uqvDJp/BmEYBcKYPZP3bv3hkRgZijfwo38RzvzH70sX+VNt
 fmdZqk1VHRJpEU8fGOxPiaVx/SGk+hy0MBOs
X-Google-Smtp-Source: AGHT+IHbuI6wDGTOMaPXg7Paf0v8+78r3eDsRJQTziADD3k0Kg1LaupY25GT0+ROTXfPL3EAy9zxhSgxNiMT
X-Received: by 2002:a92:c247:0:b0:3d4:244b:db20 with SMTP id
 e9e14a558f8ab-3db857a6faamr20582325ab.16.1747394801226; 
 Fri, 16 May 2025 04:26:41 -0700 (PDT)
Received: from postal.iol.unh.edu (postal.iol.unh.edu.
 [2606:4100:3880:1234::84]) by smtp-relay.gmail.com with ESMTPS id
 e9e14a558f8ab-3db8449c0a4sm760545ab.56.2025.05.16.04.26.41
 (version=TLS1_2 cipher=ECDHE-ECDSA-AES128-GCM-SHA256 bits=128/128);
 Fri, 16 May 2025 04:26:41 -0700 (PDT)
X-Relaying-Domain: iol.unh.edu
Date: Fri, 16 May 2025 04:26:41 -0700 (PDT)
Message-ID: <682720f1.050a0220.1a57d0.3bd7SMTPIN_ADDED_MISSING@mx.google.com>
Received: from [172.21.0.5] (unknown [172.18.0.240])
 by postal.iol.unh.edu (Postfix) with ESMTP id B72946052471;
 Fri, 16 May 2025 07:26:40 -0400 (EDT)
Subject: |WARNING| pw153470-153471 [PATCH] [v5,2/2] net/hns3: fix Rx packet w
From: dpdklab@iol.unh.edu
To: Test Report <test-report@dpdk.org>
Cc: dpdk-test-reports@iol.unh.edu
In-Reply-To: <20250516071519.3190805-3-huangdengdui@huawei.com>
References: <20250516071519.3190805-3-huangdengdui@huawei.com>
Content-Type: text/plain
X-BeenThere: test-report@dpdk.org
X-Mailman-Version: 2.1.29
Precedence: list
List-Id: automatic DPDK test reports <test-report.dpdk.org>
List-Unsubscribe: <https://mails.dpdk.org/options/test-report>,
 <mailto:test-report-request@dpdk.org?subject=unsubscribe>
List-Archive: <http://mails.dpdk.org/archives/test-report/>
List-Post: <mailto:test-report@dpdk.org>
List-Help: <mailto:test-report-request@dpdk.org?subject=help>
List-Subscribe: <https://mails.dpdk.org/listinfo/test-report>,
 <mailto:test-report-request@dpdk.org?subject=subscribe>
Errors-To: test-report-bounces@dpdk.org

Test-Label: iol-abi-testing
Test-Status: WARNING
http://dpdk.org/patch/153471

_Testing issues_

Submitter: Dengdui Huang <huangdengdui@huawei.com>
Date: Friday, May 16 2025 07:15:19 
DPDK git baseline: Repo:dpdk
  Branch: master
  CommitID:ff05ee3e3f8fb4ce958a2ce6461e8141aea959c6

153470-153471 --> testing issues

Upstream job id: Generic-DPDK-Compile-ABI#126633

Test environment and result as below:

+-------------------+----------+
|    Environment    | abi_test |
+===================+==========+
| CentOS Stream 9   | FAIL     |
+-------------------+----------+
| CentOS Stream 10  | FAIL     |
+-------------------+----------+
| Fedora 40         | FAIL     |
+-------------------+----------+
| Fedora 41 (Clang) | FAIL     |
+-------------------+----------+
| Fedora 40 (Clang) | FAIL     |
+-------------------+----------+
| Debian 12         | FAIL     |
+-------------------+----------+
| Fedora 41         | FAIL     |
+-------------------+----------+
| RHEL8             | FAIL     |
+-------------------+----------+
| openSUSE Leap 15  | FAIL     |
+-------------------+----------+
| RHEL9             | FAIL     |
+-------------------+----------+
| Ubuntu 22.04      | FAIL     |
+-------------------+----------+
| Ubuntu 24.04      | FAIL     |
+-------------------+----------+

==== 20 line log output for Ubuntu 24.04 (abi_test): ====
Variables changes summary: 0 Removed, 0 Changed, 0 Added variable

Functions changes summary: 0 Removed, 0 Changed (2 filtered out), 0 Added functions
Variables changes summary: 0 Removed, 0 Changed, 0 Added variable

Functions changes summary: 0 Removed, 0 Changed (24 filtered out), 0 Added functions
Variables changes summary: 0 Removed, 0 Changed (2 filtered out), 0 Added variables

Functions changes summary: 0 Removed, 0 Changed (7 filtered out), 0 Added functions
Variables changes summary: 0 Removed, 0 Changed, 0 Added variable

Functions changes summary: 0 Removed, 0 Changed (5 filtered out), 0 Added functions
Variables changes summary: 0 Removed, 0 Changed, 0 Added variable

Functions changes summary: 0 Removed, 0 Changed (4 filtered out), 0 Added (1 filtered out) functions
Variables changes summary: 0 Removed, 0 Changed (1 filtered out), 0 Added variable

Functions changes summary: 0 Removed, 0 Changed (215 filtered out), 0 Added (2 filtered out) functions
Variables changes summary: 0 Removed, 0 Changed, 0 Added variable

==== End log output ====

CentOS Stream 9
	Kernel: Depends on container host
	Compiler: gcc 11.5.0 20240719 (Red Hat 11.5.0-2)

CentOS Stream 10
	Kernel: Depends on container host
	Compiler: gcc 14.2.1 20241104 (Red Hat 14.2.1-6)

Fedora 40
	Kernel: Depends on container host
	Compiler: gcc 14.2.1 20240912 (Red Hat 14.2.1-3)

Fedora 41 (Clang)
	Kernel: Depends on container host
	Compiler: clang 19.1.5 (Fedora 19.1.5-1.fc41)

Fedora 40 (Clang)
	Kernel: Depends on container host
	Compiler: clang 18.1.8 (Fedora 18.1.8-1.fc40)

Debian 12
	Kernel: Depends on container host
	Compiler: gcc (Debian 12.2.0-14) 12.2.0

Fedora 41
	Kernel: Depends on container host
	Compiler: gcc 14.2.1 20240912 (Red Hat 14.2.1-3)

RHEL8
	Kernel: Depends on container host
	Compiler: gcc 8.5.0 20210514 (Red Hat 8.5.0-22)

openSUSE Leap 15
	Kernel: Depends on container host
	Compiler: gcc (SUSE Linux) 7.5.0

RHEL9
	Kernel: Depends on container host
	Compiler: gcc 11.5.0 20240719 (Red Hat 11.5.0-2)

Ubuntu 22.04
	Kernel: Depends on container host
	Compiler: gcc (Ubuntu 11.4.0-1ubuntu1~22.04) 11.4.0

Ubuntu 24.04
	Kernel: Depends on container host
	Compiler: gcc (Ubuntu 13.3.0-6ubuntu2~24.04) 13.3.0

To view detailed results, visit:
https://lab.dpdk.org/results/dashboard/patchsets/33188/

UNH-IOL DPDK Community Lab

To manage your email subscriptions, visit: 
https://lab.dpdk.org/results/dashboard/preferences/subscriptions/