From mboxrd@z Thu Jan 1 00:00:00 1970 Return-Path: Received: from mails.dpdk.org (mails.dpdk.org [217.70.189.124]) by inbox.dpdk.org (Postfix) with ESMTP id 3208F46762 for ; Fri, 16 May 2025 15:15:39 +0200 (CEST) Received: from mails.dpdk.org (localhost [127.0.0.1]) by mails.dpdk.org (Postfix) with ESMTP id 2E16E40292; Fri, 16 May 2025 15:15:39 +0200 (CEST) Received: from mail-pl1-f226.google.com (mail-pl1-f226.google.com [209.85.214.226]) by mails.dpdk.org (Postfix) with ESMTP id AB8714028F for ; Fri, 16 May 2025 15:15:38 +0200 (CEST) Received: by mail-pl1-f226.google.com with SMTP id d9443c01a7336-22e16234307so21969205ad.0 for ; Fri, 16 May 2025 06:15:38 -0700 (PDT) DKIM-Signature: v=1; a=rsa-sha256; c=relaxed/relaxed; d=iol.unh.edu; s=unh-iol; t=1747401338; x=1748006138; darn=dpdk.org; h=references:in-reply-to:cc:to:from:subject:message-id:date:from:to :cc:subject:date:message-id:reply-to; bh=bhGQoxTbUCN7qj4aNOGS2uElDe3J1eLKS7mNVLNGaoE=; b=hZnZZkSgKIADU0GXXJWLKyuSjhr9Yek38ofbWtPQGa/DJwfCw0vywcPumoaaOrjYim UE35nORnlXCDg6bfgr7UrGR9QdXYXhlVad2mibIU3BajP/bxUgQjtq0zv9efsWuxEGyK wFOgQBZ3hyaq4q1WaIPjIz3QPg1Gxd2zd6k+Q= X-Google-DKIM-Signature: v=1; a=rsa-sha256; c=relaxed/relaxed; d=1e100.net; s=20230601; t=1747401338; x=1748006138; h=references:in-reply-to:cc:to:from:subject:message-id:date :x-gm-message-state:from:to:cc:subject:date:message-id:reply-to; bh=bhGQoxTbUCN7qj4aNOGS2uElDe3J1eLKS7mNVLNGaoE=; b=pAz5p2ITykiX43bbusTBYd7UAeyALyvqD01osH2gSVLyzXTbVyn07oz+/kt+KfQZq0 8SOrEjrmWcQzCi1lv0wwlGmti2CqCetvgV5nbE0vcYT0/i58d8lBidvnO+GQPuT0lF3w ExWYJN1lTqdi9uK0UOW66TbEDYxTZrrPgpUK8ptqgVmWPSdOr2SJXpGqLFYNkwMOc1wp 1qKBovI78VpRZf8Qtdn6j9ZdsLMOoWFwbKnix3U1IQOlH2R94Mvu6Mju+KqjqDQ4t4mE 6BkRk8LLZ9472j/g/PorOhTRnzP6VjM5r5bxKOi3trkWzVhk8f+rHtaSIFSDr84eZ/9P VjEw== X-Gm-Message-State: AOJu0YwEcN7h+iqzLf1Yk1K/WBWHZI7JGevoSXQqnCoS3zIzZPO+JiOY 7e89C9kHM1x1wYYD5hynLaEHbTG1SZr+LPRp9cBYwUSvDTKeZ3bscGSjbQIOqNItmCeHN523ykw 7lEg9dGjb4X6muWaog17uBVttf70Gd9kyzpAgpFY5qTuV X-Gm-Gg: ASbGnct7UcFhD7+F8DplVoSbpf1pGMfnQoAjO78mTQI4I6HTalLsEtJytwZY/GwmZC+ SFBnxMuQIdScqj55ypZzzuVD+nEQRZb8qThc0TpUkUk1DzkHeMO0tznRaZSaMDaNmlfn7BMKVH5 QZ/xi4noyFNbnSdkCG6459R7SZ8/CCdBDOg23STds30dGGsyMXXh/AiPi7WtvYqTtmQT+ulRrFp Sbjw7Vo0WMUDxu+ePNZPhBUGkfGv+1yRqKFrzoPqIaQkUH8e0xhNEKGVTaebGI4vDabNNxDPL4N K4Qu2NLrbvV0L1naXKlT59pM2wm0d0+3EN4QtRdoVDp2NIwCz7q8SuYi6Pw= X-Google-Smtp-Source: AGHT+IGhc2nUWwoKsSx2HuqbZxsAZY44xa5T/3JD5VMm3/LYyw9byBrD8yl28OM2xfAVOktBHGsvPnvnZ8cP X-Received: by 2002:a17:902:ea01:b0:215:ba2b:cd55 with SMTP id d9443c01a7336-231d4ae1df4mr41060115ad.2.1747401337778; Fri, 16 May 2025 06:15:37 -0700 (PDT) Received: from postal.iol.unh.edu (postal.iol.unh.edu. [132.177.123.84]) by smtp-relay.gmail.com with ESMTPS id d9443c01a7336-231d4ad4ca8sm1055675ad.52.2025.05.16.06.15.37 (version=TLS1_2 cipher=ECDHE-ECDSA-AES128-GCM-SHA256 bits=128/128); Fri, 16 May 2025 06:15:37 -0700 (PDT) X-Relaying-Domain: iol.unh.edu Date: Fri, 16 May 2025 06:15:37 -0700 (PDT) Message-ID: <68273a79.170a0220.2cabd6.5341SMTPIN_ADDED_MISSING@mx.google.com> Received: from [172.21.0.6] (unknown [172.18.0.240]) by postal.iol.unh.edu (Postfix) with ESMTP id E32D16052471; Fri, 16 May 2025 09:15:36 -0400 (EDT) Subject: |WARNING| pw153481-153484 [PATCH] [v3,4/4] app/testpmd: fix obtain i From: dpdklab@iol.unh.edu To: Test Report Cc: dpdk-test-reports@iol.unh.edu In-Reply-To: <20250516092840.2061252-5-huangdengdui@huawei.com> References: <20250516092840.2061252-5-huangdengdui@huawei.com> Content-Type: text/plain X-BeenThere: test-report@dpdk.org X-Mailman-Version: 2.1.29 Precedence: list List-Id: automatic DPDK test reports List-Unsubscribe: , List-Archive: List-Post: List-Help: List-Subscribe: , Errors-To: test-report-bounces@dpdk.org Test-Label: iol-abi-testing Test-Status: WARNING http://dpdk.org/patch/153484 _Testing issues_ Submitter: Dengdui Huang Date: Friday, May 16 2025 09:28:40 DPDK git baseline: Repo:dpdk Branch: master CommitID:ff05ee3e3f8fb4ce958a2ce6461e8141aea959c6 153481-153484 --> testing issues Upstream job id: Generic-DPDK-Compile-ABI#126659 Test environment and result as below: +-------------------+----------+ | Environment | abi_test | +===================+==========+ | CentOS Stream 9 | FAIL | +-------------------+----------+ | CentOS Stream 10 | FAIL | +-------------------+----------+ | Fedora 41 (Clang) | FAIL | +-------------------+----------+ | Fedora 40 | FAIL | +-------------------+----------+ | Debian 12 | FAIL | +-------------------+----------+ | Fedora 40 (Clang) | FAIL | +-------------------+----------+ | Ubuntu 22.04 | FAIL | +-------------------+----------+ | Ubuntu 24.04 | FAIL | +-------------------+----------+ | openSUSE Leap 15 | FAIL | +-------------------+----------+ | RHEL8 | FAIL | +-------------------+----------+ | Fedora 41 | FAIL | +-------------------+----------+ | RHEL9 | FAIL | +-------------------+----------+ ==== 20 line log output for RHEL9 (abi_test): ==== Variables changes summary: 0 Removed, 0 Changed, 0 Added variable Functions changes summary: 0 Removed, 0 Changed (2 filtered out), 0 Added functions Variables changes summary: 0 Removed, 0 Changed, 0 Added variable Functions changes summary: 0 Removed, 0 Changed (24 filtered out), 0 Added functions Variables changes summary: 0 Removed, 0 Changed (2 filtered out), 0 Added variables Functions changes summary: 0 Removed, 0 Changed (7 filtered out), 0 Added functions Variables changes summary: 0 Removed, 0 Changed, 0 Added variable Functions changes summary: 0 Removed, 0 Changed (5 filtered out), 0 Added functions Variables changes summary: 0 Removed, 0 Changed, 0 Added variable Functions changes summary: 0 Removed, 0 Changed (4 filtered out), 0 Added (1 filtered out) functions Variables changes summary: 0 Removed, 0 Changed (1 filtered out), 0 Added variable Functions changes summary: 0 Removed, 0 Changed (215 filtered out), 0 Added (2 filtered out) functions Variables changes summary: 0 Removed, 0 Changed, 0 Added variable ==== End log output ==== CentOS Stream 9 Kernel: Depends on container host Compiler: gcc 11.5.0 20240719 (Red Hat 11.5.0-2) CentOS Stream 10 Kernel: Depends on container host Compiler: gcc 14.2.1 20241104 (Red Hat 14.2.1-6) Fedora 41 (Clang) Kernel: Depends on container host Compiler: clang 19.1.5 (Fedora 19.1.5-1.fc41) Fedora 40 Kernel: Depends on container host Compiler: gcc 14.2.1 20240912 (Red Hat 14.2.1-3) Debian 12 Kernel: Depends on container host Compiler: gcc (Debian 12.2.0-14) 12.2.0 Fedora 40 (Clang) Kernel: Depends on container host Compiler: clang 18.1.8 (Fedora 18.1.8-1.fc40) Ubuntu 22.04 Kernel: Depends on container host Compiler: gcc (Ubuntu 11.4.0-1ubuntu1~22.04) 11.4.0 Ubuntu 24.04 Kernel: Depends on container host Compiler: gcc (Ubuntu 13.3.0-6ubuntu2~24.04) 13.3.0 openSUSE Leap 15 Kernel: Depends on container host Compiler: gcc (SUSE Linux) 7.5.0 RHEL8 Kernel: Depends on container host Compiler: gcc 8.5.0 20210514 (Red Hat 8.5.0-22) Fedora 41 Kernel: Depends on container host Compiler: gcc 14.2.1 20240912 (Red Hat 14.2.1-3) RHEL9 Kernel: Depends on container host Compiler: gcc 11.5.0 20240719 (Red Hat 11.5.0-2) To view detailed results, visit: https://lab.dpdk.org/results/dashboard/patchsets/33190/ UNH-IOL DPDK Community Lab To manage your email subscriptions, visit: https://lab.dpdk.org/results/dashboard/preferences/subscriptions/