From mboxrd@z Thu Jan 1 00:00:00 1970 Return-Path: Received: from mails.dpdk.org (mails.dpdk.org [217.70.189.124]) by inbox.dpdk.org (Postfix) with ESMTP id 8206C4676A for ; Sat, 17 May 2025 07:19:11 +0200 (CEST) Received: from mails.dpdk.org (localhost [127.0.0.1]) by mails.dpdk.org (Postfix) with ESMTP id 5D5FE402AF; Sat, 17 May 2025 07:19:11 +0200 (CEST) Received: from mail-io1-f99.google.com (mail-io1-f99.google.com [209.85.166.99]) by mails.dpdk.org (Postfix) with ESMTP id 090B64025D for ; Sat, 17 May 2025 07:19:10 +0200 (CEST) Received: by mail-io1-f99.google.com with SMTP id ca18e2360f4ac-8616987c261so108841639f.3 for ; Fri, 16 May 2025 22:19:09 -0700 (PDT) DKIM-Signature: v=1; a=rsa-sha256; c=relaxed/relaxed; d=iol.unh.edu; s=unh-iol; t=1747459149; x=1748063949; darn=dpdk.org; h=cc:to:from:subject:message-id:date:from:to:cc:subject:date :message-id:reply-to; bh=yOtNFMDiMm/yCzUWcDktB2dWZMGWxFPvdcLCFNfKeHI=; b=gyTzgz9JVbhdmzEOlTrXnL1qkISzVK0j39rmGhkME+Y9geH1iSBMYcC+heYPHdX0I7 9pBACL0B5t3FK/d19HseDHSPP4mX4RxZ5WZN5s2aL/e/+3fQ30Xvhxg9GTgmQs6abe1R OzjzNKlRQA+uNmAjhAowpXk4Og2uI7A5C0HAc= X-Google-DKIM-Signature: v=1; a=rsa-sha256; c=relaxed/relaxed; d=1e100.net; s=20230601; t=1747459149; x=1748063949; h=cc:to:from:subject:message-id:date:x-gm-message-state:from:to:cc :subject:date:message-id:reply-to; bh=yOtNFMDiMm/yCzUWcDktB2dWZMGWxFPvdcLCFNfKeHI=; b=CvgFeZOwJkDE6bQ2gAo076yjY+vYrhA7AchSKph5w3s+llKPWTLT5WkV0H0fk/8RlC xtM7HqEpJvBc6Yn7+I8lk1N2cwle8NIumQqQpxPuvHFeZWutn6CYJfGLAKSS/MHqdKRj d+buIsJkOI1QcXDKkadXb52lXW+3G5Q8WZAMOgphRwI2NLRJQ8uMI4edmwiWvGSQLPzk swPqzlPUlsbTb2WE2i/Ihlw6CM+r12RCqZa7FM7EP7IGHZ0FANfRpXJgSnmhqZdQPbrH ldlFMdMTeMhdb557/87HzER1ywcBPNJ6Z7oiOXYe3085vytffKKaTqmpn15T3CKIht/T Bf+Q== X-Gm-Message-State: AOJu0Yzq5CivCHj+Fth3LhmXS2ILyBYNGj/iIqip669cVjFDcn9V2i8t Uo353Hcmym+42jJl2ZCFDKnvFXCDuh5U3Lwh4pNcw5tCfOg9uhqlwrt/0lX6yPDLMHFeHrdxOJM ffnnTiY4E/jRVkvTisGsMqLHPvC1wyz77U6XrQWhQcoaOf8ZGQX31 X-Gm-Gg: ASbGncu/uCUzOWqKza3fjnJtJjCFNFebHNYqsOC9VvhcSLS6eu062QZEE/oC7hVDbJL hUgrj6vvginNN5Zl+BhOF1VSAQRXonYbZE6qr5OyqwMfyQZz3vWhPaj/kOwSYzfMp6kccygrTbH thOeFxl7bYRqQVyTIxrAcfj8em7oWtKsQtleAEc5gddWMEPBMReaSGJAO56vm8Fj3lybfE2Ropk MpzgvQCyeS83sXY3p4e3rbk20c2J3abFihXag/tLvxiaeqVLEGhhe7uB9DbS9APtUxMvdrHbMyS 2J2hL/XPDJaWDsI0Bfinu11OPOGRhIHyJde/ X-Google-Smtp-Source: AGHT+IFpHuAgrp7L9Ib95BmK2GzpLcSDmtmI3BZr+y9ZRK9MLtm5t87eaR9/i5ZrjRS4cX4gr+eOPskc2M32 X-Received: by 2002:a05:6e02:1a6c:b0:3d9:6cd9:5074 with SMTP id e9e14a558f8ab-3db8433e1b8mr66521155ab.16.1747459149260; Fri, 16 May 2025 22:19:09 -0700 (PDT) Received: from postal.iol.unh.edu (postal.iol.unh.edu. [2606:4100:3880:1234::84]) by smtp-relay.gmail.com with ESMTPS id e9e14a558f8ab-3db844b288csm1348875ab.63.2025.05.16.22.19.09 (version=TLS1_2 cipher=ECDHE-ECDSA-AES128-GCM-SHA256 bits=128/128); Fri, 16 May 2025 22:19:09 -0700 (PDT) X-Relaying-Domain: iol.unh.edu Date: Fri, 16 May 2025 22:19:09 -0700 (PDT) Message-ID: <68281c4d.920a0220.2c06cb.7a5cSMTPIN_ADDED_MISSING@mx.google.com> Received: from [172.21.0.6] (unknown [172.18.0.240]) by postal.iol.unh.edu (Postfix) with ESMTP id B62F56052471; Sat, 17 May 2025 01:19:08 -0400 (EDT) Subject: |WARNING| [GIT MASTER] 4401486b5e30d43a134f80f9802f60b5f43e74a8 From: dpdklab@iol.unh.edu To: Test Report Cc: dpdk-test-reports@iol.unh.edu, Xueming Li , Christian Ehrhardt , Kevin Traynor , Luca Boccassi Content-Type: text/plain X-BeenThere: test-report@dpdk.org X-Mailman-Version: 2.1.29 Precedence: list List-Id: automatic DPDK test reports List-Unsubscribe: , List-Archive: List-Post: List-Help: List-Subscribe: , Errors-To: test-report-bounces@dpdk.org _Testing issues_ Branch: tags/v22.11 4401486b5e30d43a134f80f9802f60b5f43e74a8 --> testing issues Upstream job id: Generic-DPDK-Compile-ABI#126743 Test environment and result as below: +-------------------+----------+ | Environment | abi_test | +===================+==========+ | CentOS Stream 9 | PASS | +-------------------+----------+ | Fedora 40 | PASS | +-------------------+----------+ | Debian 12 | PASS | +-------------------+----------+ | CentOS Stream 10 | PASS | +-------------------+----------+ | Fedora 40 (Clang) | PASS | +-------------------+----------+ | Fedora 41 | PASS | +-------------------+----------+ | Fedora 41 (Clang) | PASS | +-------------------+----------+ | openSUSE Leap 15 | PASS | +-------------------+----------+ | RHEL8 | FAIL | +-------------------+----------+ | RHEL9 | FAIL | +-------------------+----------+ | Ubuntu 22.04 | PASS | +-------------------+----------+ | Ubuntu 24.04 | FAIL | +-------------------+----------+ ==== 20 line log output for Ubuntu 24.04 (abi_test): ==== './librte_vdpa_ifc.so.23' -> 'dpdk/pmds-23.0/librte_vdpa_ifc.so.23' './librte_vdpa_ifc.so.23.0' -> 'dpdk/pmds-23.0/librte_vdpa_ifc.so.23.0' './librte_vdpa_mlx5.so' -> 'dpdk/pmds-23.0/librte_vdpa_mlx5.so' './librte_vdpa_mlx5.so.23' -> 'dpdk/pmds-23.0/librte_vdpa_mlx5.so.23' './librte_vdpa_mlx5.so.23.0' -> 'dpdk/pmds-23.0/librte_vdpa_mlx5.so.23.0' './librte_vdpa_sfc.so' -> 'dpdk/pmds-23.0/librte_vdpa_sfc.so' './librte_vdpa_sfc.so.23' -> 'dpdk/pmds-23.0/librte_vdpa_sfc.so.23' './librte_vdpa_sfc.so.23.0' -> 'dpdk/pmds-23.0/librte_vdpa_sfc.so.23.0' Installing /root/workspace/Generic-DPDK-Compile-ABI@3/dpdk/drivers/baseband/fpga_5gnr_fec/rte_pmd_fpga_5gnr_fec.h to /root/workspace/Generic-DPDK-Compile-ABI@3/build_install/usr/local/include Installing /root/workspace/Generic-DPDK-Compile-ABI@3/dpdk/usertools/dpdk-devbind.py to /root/workspace/Generic-DPDK-Compile-ABI@3/build_install/usr/local/bin Installing /root/workspace/Generic-DPDK-Compile-ABI@3/dpdk/usertools/dpdk-pmdinfo.py to /root/workspace/Generic-DPDK-Compile-ABI@3/build_install/usr/local/bin Installing /root/workspace/Generic-DPDK-Compile-ABI@3/dpdk/usertools/dpdk-telemetry.py to /root/workspace/Generic-DPDK-Compile-ABI@3/build_install/usr/local/bin Installing /root/workspace/Generic-DPDK-Compile-ABI@3/dpdk/usertools/dpdk-hugepages.py to /root/workspace/Generic-DPDK-Compile-ABI@3/build_install/usr/local/bin Installing /root/workspace/Generic-DPDK-Compile-ABI@3/dpdk/doc/guides/custom.css to /root/workspace/Generic-DPDK-Compile-ABI@3/build_install/usr/local/share/doc/dpdk/_static/css Installing /root/workspace/Generic-DPDK-Compile-ABI@3/dpdk/build/rte_build_config.h to /root/workspace/Generic-DPDK-Compile-ABI@3/build_install/usr/local/include Installing /root/workspace/Generic-DPDK-Compile-ABI@3/dpdk/build/meson-private/libdpdk-libs.pc to /root/workspace/Generic-DPDK-Compile-ABI@3/build_install/usr/local/lib/x86_64-linux-gnu/pkgconfig Installing /root/workspace/Generic-DPDK-Compile-ABI@3/dpdk/build/meson-private/libdpdk.pc to /root/workspace/Generic-DPDK-Compile-ABI@3/build_install/usr/local/lib/x86_64-linux-gnu/pkgconfig Running custom install script '/bin/sh /root/workspace/Generic-DPDK-Compile-ABI@3/dpdk/config/../buildtools/symlink-drivers-solibs.sh lib/x86_64-linux-gnu dpdk/pmds-23.0' ==== Compiled DPDK with debugoptimized bash: /scripts/generate_abi.sh: No such file or directory ==== End log output ==== CentOS Stream 9 Kernel: Depends on container host Compiler: gcc 11.5.0 20240719 (Red Hat 11.5.0-2) Fedora 40 Kernel: Depends on container host Compiler: gcc 14.2.1 20240912 (Red Hat 14.2.1-3) Debian 12 Kernel: Depends on container host Compiler: gcc (Debian 12.2.0-14) 12.2.0 CentOS Stream 10 Kernel: Depends on container host Compiler: gcc 14.2.1 20241104 (Red Hat 14.2.1-6) Fedora 40 (Clang) Kernel: Depends on container host Compiler: clang 18.1.8 (Fedora 18.1.8-1.fc40) Fedora 41 Kernel: Depends on container host Compiler: gcc 14.2.1 20240912 (Red Hat 14.2.1-3) Fedora 41 (Clang) Kernel: Depends on container host Compiler: clang 19.1.5 (Fedora 19.1.5-1.fc41) openSUSE Leap 15 Kernel: Depends on container host Compiler: gcc (SUSE Linux) 7.5.0 RHEL8 Kernel: Depends on container host Compiler: gcc 8.5.0 20210514 (Red Hat 8.5.0-22) RHEL9 Kernel: Depends on container host Compiler: gcc 11.5.0 20240719 (Red Hat 11.5.0-2) Ubuntu 22.04 Kernel: Depends on container host Compiler: gcc (Ubuntu 11.4.0-1ubuntu1~22.04) 11.4.0 Ubuntu 24.04 Kernel: Depends on container host Compiler: gcc (Ubuntu 13.3.0-6ubuntu2~24.04) 13.3.0 To view detailed results, visit: https://lab.dpdk.org/results/dashboard/tarballs/33565/ UNH-IOL DPDK Community Lab To manage your email subscriptions, visit: https://lab.dpdk.org/results/dashboard/preferences/subscriptions/