From mboxrd@z Thu Jan 1 00:00:00 1970 Return-Path: Received: from mails.dpdk.org (mails.dpdk.org [217.70.189.124]) by inbox.dpdk.org (Postfix) with ESMTP id 371874674B for ; Sat, 17 May 2025 08:09:07 +0200 (CEST) Received: from mails.dpdk.org (localhost [127.0.0.1]) by mails.dpdk.org (Postfix) with ESMTP id 321B1402AF; Sat, 17 May 2025 08:09:07 +0200 (CEST) Received: from mail-pl1-f228.google.com (mail-pl1-f228.google.com [209.85.214.228]) by mails.dpdk.org (Postfix) with ESMTP id C66474025D for ; Sat, 17 May 2025 08:09:05 +0200 (CEST) Received: by mail-pl1-f228.google.com with SMTP id d9443c01a7336-2317d94c9cdso25967035ad.2 for ; Fri, 16 May 2025 23:09:05 -0700 (PDT) DKIM-Signature: v=1; a=rsa-sha256; c=relaxed/relaxed; d=iol.unh.edu; s=unh-iol; t=1747462145; x=1748066945; darn=dpdk.org; h=cc:to:from:subject:message-id:date:from:to:cc:subject:date :message-id:reply-to; bh=dfL0bDOPJE6mbNGpX8qCMvQA5gAwzPAEEGezW6445Lg=; b=EUswgdUFThPFtKFCpzWqgSPHTnrXdsCxNb/Tm80HRWsbGFYimgkSv8aUzXX+P9KriP h98MerorAGWdrvzyQoHsuCjT9LZNUQ4acq23atjIv3zf9Kd+WwU96RXgf6XRxowkAV+3 cWkIlHauMeszyKlmBy+COfDQIxwPx/8+tyosg= X-Google-DKIM-Signature: v=1; a=rsa-sha256; c=relaxed/relaxed; d=1e100.net; s=20230601; t=1747462145; x=1748066945; h=cc:to:from:subject:message-id:date:x-gm-message-state:from:to:cc :subject:date:message-id:reply-to; bh=dfL0bDOPJE6mbNGpX8qCMvQA5gAwzPAEEGezW6445Lg=; b=GYS/tAOjGk/UWrOPGV7th6CbA+xeEV/p9bNkjzJHVdcslZjFANon7/Qw3w0PPpngy9 ga1vvsmFV9ZvBBiSazF7n0dhewM3wpmQPPEYf+pwPCw0uu+OyIKhr2vkMmx4acirEtrP J+/0wC01YmksHX9t4XJYMugKO1uZZV3DmeMhS4kds5VEamS6rqkXN0isDLpTirUCsf4N LPFiKoEpizviUDzByuyInxzLFDHeDUkMmqunBYxnfG2gvqXTH/Shjn4GdPkwaPIJwLXm fSqZSTB35Ahud0PD0g4w1aL7aqsfP8mM2AnmZJwRZuhMBhad/Au4N8dLfTe/47I07bFQ /JnA== X-Gm-Message-State: AOJu0YwZxbJmw3caMCQS7N32nJASN2g9XQ9Tl0y653ztblNaCHyFIXlo +wgTzV4UlG0kBKwBQRgWPY8S6hURs6D6uNEEW1HKnvaGJ3hrvyl5BmJzlyaLMty8U1bILpsvGcs 9L02GPyltQL4LcNAcL8290+N7T9ahDXLkOw6blTDdHYINKubut7HT X-Gm-Gg: ASbGncusYlwINpR0wXa4K0j5qslZv5kzJ3m8OMayPtW5hwcTCIw5r6IhQ4CrJdXIhFl LSMsafv6vHO8w2oCA4Oh7AV458PGzv2ivH6ezxPouroGzSHvXIMda/ZcRnocz2YehetzgG/gObZ 8jtOHrWl/BAZ3xGIi34O97OkWKsfW7+daBA8GtQROAOHAULwdeYGVL3vDDMcyKS6b9iaGe69a3B elGZG+jHOSoWuSEjr96+yzRQhAac1ACQ+7meF95yErUCLufm5wm1VzyaIBmmcDDFvIhKvYp+4FL DwzwDoam2D3B4Cv0vgHGxekrTSIAuv3O8htH X-Google-Smtp-Source: AGHT+IE0PuZRa+snAf3lPzWqUZvB/2erXdY1VauQhCCgYmdIXgLjqh5aLRh3bGMQVQvhoKDB+tl04lEy9rvo X-Received: by 2002:a17:903:1ace:b0:231:c90e:292d with SMTP id d9443c01a7336-231d45af19fmr92069875ad.44.1747462144873; Fri, 16 May 2025 23:09:04 -0700 (PDT) Received: from postal.iol.unh.edu (postal.iol.unh.edu. [2606:4100:3880:1234::84]) by smtp-relay.gmail.com with ESMTPS id d9443c01a7336-231d4ea0455sm1809935ad.76.2025.05.16.23.09.04 (version=TLS1_2 cipher=ECDHE-ECDSA-AES128-GCM-SHA256 bits=128/128); Fri, 16 May 2025 23:09:04 -0700 (PDT) X-Relaying-Domain: iol.unh.edu Date: Fri, 16 May 2025 23:09:04 -0700 (PDT) Message-ID: <68282800.170a0220.35b9a6.ae8fSMTPIN_ADDED_MISSING@mx.google.com> Received: from [172.21.0.6] (unknown [172.18.0.240]) by postal.iol.unh.edu (Postfix) with ESMTP id 46D306052471; Sat, 17 May 2025 02:09:04 -0400 (EDT) Subject: |WARNING| [GIT MASTER] 4401486b5e30d43a134f80f9802f60b5f43e74a8 From: dpdklab@iol.unh.edu To: Test Report Cc: dpdk-test-reports@iol.unh.edu, Xueming Li , Christian Ehrhardt , Kevin Traynor , Luca Boccassi Content-Type: text/plain X-BeenThere: test-report@dpdk.org X-Mailman-Version: 2.1.29 Precedence: list List-Id: automatic DPDK test reports List-Unsubscribe: , List-Archive: List-Post: List-Help: List-Subscribe: , Errors-To: test-report-bounces@dpdk.org _Testing issues_ Branch: tags/v22.11 4401486b5e30d43a134f80f9802f60b5f43e74a8 --> testing issues Upstream job id: Windows-Compile-DPDK-Native#28460 Test environment and result as below: +---------------------+--------------------+-------------------------+ | Environment | dpdk_meson_compile | dpdk_llvm_clang_compile | +=====================+====================+=========================+ | CentOS Stream 9 | PEND | SKIPPED | +---------------------+--------------------+-------------------------+ | Fedora 40 | PEND | SKIPPED | +---------------------+--------------------+-------------------------+ | Fedora 41 | PEND | SKIPPED | +---------------------+--------------------+-------------------------+ | Fedora 40 (Clang) | PEND | SKIPPED | +---------------------+--------------------+-------------------------+ | Debian 12 | PEND | SKIPPED | +---------------------+--------------------+-------------------------+ | openSUSE Leap 15 | PEND | SKIPPED | +---------------------+--------------------+-------------------------+ | RHEL9 | PEND | SKIPPED | +---------------------+--------------------+-------------------------+ | RHEL8 | PEND | SKIPPED | +---------------------+--------------------+-------------------------+ | FreeBSD 13.5 | PASS | SKIPPED | +---------------------+--------------------+-------------------------+ | Ubuntu 20.04 | PASS | SKIPPED | +---------------------+--------------------+-------------------------+ | Ubuntu 22.04 | PEND | SKIPPED | +---------------------+--------------------+-------------------------+ | Ubuntu 24.04 | PEND | SKIPPED | +---------------------+--------------------+-------------------------+ | FreeBSD 14.2 | PASS | SKIPPED | +---------------------+--------------------+-------------------------+ | Fedora 41 (Clang) | PEND | SKIPPED | +---------------------+--------------------+-------------------------+ | CentOS Stream 10 | PEND | SKIPPED | +---------------------+--------------------+-------------------------+ | Windows Server 2022 | SKIPPED | FAIL | +---------------------+--------------------+-------------------------+ ==== 20 line log output for Windows Server 2022 (dpdk_llvm_clang_compile): ==== ..\lib\eal\include/rte_common.h:850:32: note: expanded from macro 'RTE_FMT_TAIL' #define RTE_FMT_TAIL(fmt, ...) __VA_ARGS__ ^~~~~~~~~~~ ..\lib\eal\include/rte_common.h:848:39: note: expanded from macro 'RTE_FMT' #define RTE_FMT(fmt, ...) fmt "%.0s", __VA_ARGS__ "" ^~~~~~~~~~~ ../drivers/crypto/mlx5/mlx5_crypto.c:463:18: note: forward declaration of 'struct mlx5_err_cqe' volatile struct mlx5_err_cqe *cqe = (volatile struct mlx5_err_cqe *) ^ 3 errors generated. [617/788] Compiling C object drivers/libtmp_rte_net_vmxnet3.a.p/net_vmxnet3_vmxnet3_ethdev.c.obj [618/788] Linking static target drivers/libtmp_rte_net_octeon_ep.a [619/788] Compiling C object drivers/libtmp_rte_net_vmxnet3.a.p/net_vmxnet3_vmxnet3_rxtx.c.obj [620/788] Compiling C object drivers/libtmp_rte_crypto_mlx5.a.p/crypto_mlx5_mlx5_crypto_dek.c.obj [621/788] Compiling C object app/dpdk-testpmd.exe.p/test-pmd_cmdline_tm.c.obj [622/788] Compiling C object app/dpdk-testpmd.exe.p/test-pmd_cmd_flex_item.c.obj [623/788] Compiling C object drivers/libtmp_rte_net_mlx5.a.p/net_mlx5_mlx5_tx_nompw.c.obj [624/788] Compiling C object drivers/libtmp_rte_net_mlx5.a.p/net_mlx5_mlx5_tx_empw.c.obj [625/788] Compiling C object drivers/libtmp_rte_net_mlx5.a.p/net_mlx5_mlx5_tx_txpp.c.obj ninja: build stopped: subcommand failed. ==== End log output ==== CentOS Stream 9 Kernel: Depends on container host Compiler: gcc 11.5.0 20240719 (Red Hat 11.5.0-2) Fedora 40 Kernel: Depends on container host Compiler: gcc 14.2.1 20240912 (Red Hat 14.2.1-3) Fedora 41 Kernel: Depends on container host Compiler: gcc 14.2.1 20240912 (Red Hat 14.2.1-3) Fedora 40 (Clang) Kernel: Depends on container host Compiler: clang 18.1.8 (Fedora 18.1.8-1.fc40) Debian 12 Kernel: Depends on container host Compiler: gcc (Debian 12.2.0-14) 12.2.0 openSUSE Leap 15 Kernel: Depends on container host Compiler: gcc (SUSE Linux) 7.5.0 RHEL9 Kernel: Depends on container host Compiler: gcc 11.5.0 20240719 (Red Hat 11.5.0-2) RHEL8 Kernel: Depends on container host Compiler: gcc 8.5.0 20210514 (Red Hat 8.5.0-22) FreeBSD 13.5 Kernel: 13.5-RELEASE Compiler: clang 19.1.7 Ubuntu 20.04 Kernel: Depends on container host Compiler: gcc (Ubuntu 9.4.0-1ubuntu1~20.04.2) 9.4.0 Ubuntu 22.04 Kernel: Depends on container host Compiler: gcc (Ubuntu 11.4.0-1ubuntu1~22.04) 11.4.0 Ubuntu 24.04 Kernel: Depends on container host Compiler: gcc (Ubuntu 13.3.0-6ubuntu2~24.04) 13.3.0 FreeBSD 14.2 Kernel: 14.2-RELEASE Compiler: clang 18.1.6 Fedora 41 (Clang) Kernel: Depends on container host Compiler: clang 19.1.5 (Fedora 19.1.5-1.fc41) CentOS Stream 10 Kernel: Depends on container host Compiler: gcc 14.2.1 20241104 (Red Hat 14.2.1-6) Windows Server 2022 Kernel: 10.0.20348.2031 Compiler: clang 15.0.7, gcc 14.1.0 (MinGW), and MSVC VS 19.39.33521 To view detailed results, visit: https://lab.dpdk.org/results/dashboard/tarballs/33565/ UNH-IOL DPDK Community Lab To manage your email subscriptions, visit: https://lab.dpdk.org/results/dashboard/preferences/subscriptions/