From mboxrd@z Thu Jan 1 00:00:00 1970 Return-Path: Received: from mails.dpdk.org (mails.dpdk.org [217.70.189.124]) by inbox.dpdk.org (Postfix) with ESMTP id E11064676C for ; Sat, 17 May 2025 08:15:24 +0200 (CEST) Received: from mails.dpdk.org (localhost [127.0.0.1]) by mails.dpdk.org (Postfix) with ESMTP id BA96F402AF; Sat, 17 May 2025 08:15:24 +0200 (CEST) Received: from mail-pg1-f228.google.com (mail-pg1-f228.google.com [209.85.215.228]) by mails.dpdk.org (Postfix) with ESMTP id 892D74025D for ; Sat, 17 May 2025 08:15:22 +0200 (CEST) Received: by mail-pg1-f228.google.com with SMTP id 41be03b00d2f7-b26c5fd40a9so3234922a12.1 for ; Fri, 16 May 2025 23:15:22 -0700 (PDT) DKIM-Signature: v=1; a=rsa-sha256; c=relaxed/relaxed; d=iol.unh.edu; s=unh-iol; t=1747462520; x=1748067320; darn=dpdk.org; h=cc:to:from:subject:message-id:date:from:to:cc:subject:date :message-id:reply-to; bh=dIXMgJirrexfjrP8TwLCmz2CAJjw3rZwmnL3kMiH6l0=; b=eG967aCmT0BhdvGomki/76IuMJeMfVygX0BRZH5alPDwKMmOTVmJXI8j+z5ay9cdpf EZk+r+8mPMWpFfyZL71NlWF+UrO6SpRkZTutfGBr8WyyZY2bYzffEjmc1xIPG+tqoW4D HKW/5BgdJDyMzJzSL7U1tEdlaX7MJAideNsTk= X-Google-DKIM-Signature: v=1; a=rsa-sha256; c=relaxed/relaxed; d=1e100.net; s=20230601; t=1747462520; x=1748067320; h=cc:to:from:subject:message-id:date:x-gm-message-state:from:to:cc :subject:date:message-id:reply-to; bh=dIXMgJirrexfjrP8TwLCmz2CAJjw3rZwmnL3kMiH6l0=; b=sJMrWdPgKMLkS3njYr7nQBMiLaNsKaJt17tJcynKM2Gsk4f676bOQVDzmimEbnezuE NGi1tQN6+nlNmbLqMclZMs6aBr0ikfbEI1bpsBFzHdUU9rX97cRcH+Hd/wv8p/gQMJJu PNkL2OHM+5XxWb4Nl+sfEIWtH7xWw7cY2/Bg86Ls7m6bsWsJbTU7IWHNiWg/I7t4gkdw f8vODA56Ug8Bxt+vKcSuQo8aaw7XXGfgEf8AhB7kM+fNiEnlhq01ZPV/I18Q7ZqOegSQ 1rk2kEB0iqkwsqC1ymBJKqfbyXOatMVL3SBzewXATCPwogK3kUsF1BaMOSS2SMNiw2ix vjLA== X-Gm-Message-State: AOJu0Yz/CRquRp+PFnAI3psS94urbpxh0hwe0hq+LZrsNomZOV0l4VHN RI5mQ/9hMxN3BhnFD5PjKOZ4N0yQdcjOAHaDU7OJScWTGgbD3lYOkMroZVA/iq5iSxoqCzHrHJ3 VEHm93P/Ru5PlG4RJqRO9BQULI0vTSt1r1Ij9TS5GT1LDitZx8aac X-Gm-Gg: ASbGncv9bANeeA2QAtE4S5QZoAhrThQivuiEfRMbfrtSYZT4zOgYLI5r4At6GaQ4dvm BK5eTyPPXh8CYkCpfTP1W+hz82KHcwqtC/QFs9gpdDyVfE3W7JWChzplAHS/c7CH98l0lS5GI/T ZFF+NGqsIoV6NYfFHA4A4bcK9PAkRpOEMEb2D4oC0rrmumtML0kl5xGsB7ZUVzDxJMeAO2PZpb3 o7vTcCS7gwhoi9twmeh7hdh7nEfiDNLsuoznDlFPnBPF8ZVSrC6dSm+zJ/fYvnuwqu56WLHV1Op PDQ13eOBi9/WsIgmboKbrtMjcuWkXttYlVxd X-Google-Smtp-Source: AGHT+IEn7zBcthLsOwQpYgkDx69lSNnAZV72H26MZVP0RFMixe8pw9p2d4p/x5eiSgL8cuA8uwvDkAm5c5h8 X-Received: by 2002:a17:902:ea01:b0:231:7fbc:19f3 with SMTP id d9443c01a7336-231d4d2068fmr85762245ad.12.1747462520538; Fri, 16 May 2025 23:15:20 -0700 (PDT) Received: from postal.iol.unh.edu (postal.iol.unh.edu. [2606:4100:3880:1234::84]) by smtp-relay.gmail.com with ESMTPS id d9443c01a7336-231d4ade551sm1849615ad.53.2025.05.16.23.15.20 (version=TLS1_2 cipher=ECDHE-ECDSA-AES128-GCM-SHA256 bits=128/128); Fri, 16 May 2025 23:15:20 -0700 (PDT) X-Relaying-Domain: iol.unh.edu Date: Fri, 16 May 2025 23:15:20 -0700 (PDT) Message-ID: <68282978.170a0220.18bf9a.ae53SMTPIN_ADDED_MISSING@mx.google.com> Received: from [172.21.0.7] (unknown [172.18.0.240]) by postal.iol.unh.edu (Postfix) with ESMTP id EC5196052471; Sat, 17 May 2025 02:15:19 -0400 (EDT) Subject: |FAILURE| [GIT MASTER] 4401486b5e30d43a134f80f9802f60b5f43e74a8 From: dpdklab@iol.unh.edu To: Test Report Cc: dpdk-test-reports@iol.unh.edu, Xueming Li , Christian Ehrhardt , Kevin Traynor , Luca Boccassi Content-Type: text/plain X-BeenThere: test-report@dpdk.org X-Mailman-Version: 2.1.29 Precedence: list List-Id: automatic DPDK test reports List-Unsubscribe: , List-Archive: List-Post: List-Help: List-Subscribe: , Errors-To: test-report-bounces@dpdk.org _Testing issues_ Branch: tags/v22.11 4401486b5e30d43a134f80f9802f60b5f43e74a8 --> testing issues Upstream job id: Generic-VM-Unit-Test-DPDK#28588 Test environment and result as below: +---------------------+----------------+ | Environment | dpdk_unit_test | +=====================+================+ | CentOS Stream 9 | PEND | +---------------------+----------------+ | RHEL9 | FAIL | +---------------------+----------------+ | Debian 12 | FAIL | +---------------------+----------------+ | Ubuntu 24.04 | PEND | +---------------------+----------------+ | CentOS Stream 10 | PEND | +---------------------+----------------+ | RHEL8 | PEND | +---------------------+----------------+ | Fedora 41 (Clang) | PEND | +---------------------+----------------+ | Ubuntu 20.04 | PASS | +---------------------+----------------+ | Fedora 40 | PEND | +---------------------+----------------+ | Ubuntu 22.04 | PEND | +---------------------+----------------+ | Fedora 40 (Clang) | PEND | +---------------------+----------------+ | Fedora 41 | PEND | +---------------------+----------------+ | Windows Server 2022 | FAIL | +---------------------+----------------+ ==== Unit test summary for Windows Server 2022 (dpdk_unit_test): ==== Failed to get the unit test results. Displaying the unit test results is not supported for some environments, such as our aarch32 testing, where meson is not used to run the tests. Download the logs available on our CI site. ==== End log output ==== CentOS Stream 9 Kernel: Depends on container host Compiler: gcc 11.5.0 20240719 (Red Hat 11.5.0-2) RHEL9 Kernel: Depends on container host Compiler: gcc 11.5.0 20240719 (Red Hat 11.5.0-2) Debian 12 Kernel: Depends on container host Compiler: gcc (Debian 12.2.0-14) 12.2.0 Ubuntu 24.04 Kernel: Depends on container host Compiler: gcc (Ubuntu 13.3.0-6ubuntu2~24.04) 13.3.0 CentOS Stream 10 Kernel: Depends on container host Compiler: gcc 14.2.1 20241104 (Red Hat 14.2.1-6) RHEL8 Kernel: Depends on container host Compiler: gcc 8.5.0 20210514 (Red Hat 8.5.0-22) Fedora 41 (Clang) Kernel: Depends on container host Compiler: clang 19.1.5 (Fedora 19.1.5-1.fc41) Ubuntu 20.04 Kernel: Depends on container host Compiler: gcc (Ubuntu 9.4.0-1ubuntu1~20.04.2) 9.4.0 Fedora 40 Kernel: Depends on container host Compiler: gcc 14.2.1 20240912 (Red Hat 14.2.1-3) Ubuntu 22.04 Kernel: Depends on container host Compiler: gcc (Ubuntu 11.4.0-1ubuntu1~22.04) 11.4.0 Fedora 40 (Clang) Kernel: Depends on container host Compiler: clang 18.1.8 (Fedora 18.1.8-1.fc40) Fedora 41 Kernel: Depends on container host Compiler: gcc 14.2.1 20240912 (Red Hat 14.2.1-3) Windows Server 2022 Kernel: 10.0.20348.2031 Compiler: clang 15.0.7, gcc 14.1.0 (MinGW), and MSVC VS 19.39.33521 To view detailed results, visit: https://lab.dpdk.org/results/dashboard/tarballs/33565/ UNH-IOL DPDK Community Lab To manage your email subscriptions, visit: https://lab.dpdk.org/results/dashboard/preferences/subscriptions/