From mboxrd@z Thu Jan 1 00:00:00 1970 Return-Path: Received: from mails.dpdk.org (mails.dpdk.org [217.70.189.124]) by inbox.dpdk.org (Postfix) with ESMTP id 950984676C for ; Sat, 17 May 2025 08:23:18 +0200 (CEST) Received: from mails.dpdk.org (localhost [127.0.0.1]) by mails.dpdk.org (Postfix) with ESMTP id 77065402AF; Sat, 17 May 2025 08:23:18 +0200 (CEST) Received: from mail-il1-f227.google.com (mail-il1-f227.google.com [209.85.166.227]) by mails.dpdk.org (Postfix) with ESMTP id 7B88D4025D for ; Sat, 17 May 2025 08:23:16 +0200 (CEST) Received: by mail-il1-f227.google.com with SMTP id e9e14a558f8ab-3d6d6d82633so8269785ab.0 for ; Fri, 16 May 2025 23:23:16 -0700 (PDT) DKIM-Signature: v=1; a=rsa-sha256; c=relaxed/relaxed; d=iol.unh.edu; s=unh-iol; t=1747462995; x=1748067795; darn=dpdk.org; h=cc:to:from:subject:message-id:date:from:to:cc:subject:date :message-id:reply-to; bh=bqTZd1Fl4LvAHZP0BdhyHn6njS6fOzSrkf05X+HkV8o=; b=YucvR7re8nKByesX9z47wtHrSYCjPK4TldduvTfSjHg4GvMgQmr89TnJad9cERmZWk zzURAf60fBhSoUknJva9AJZ5jYXhyfQNnlJBnytYl8rk9OJKIKqyRsfG8hva6imfCNif cAiknNDYdjXJ5R4jeTHsTNjL5rnpw51qtBAAQ= X-Google-DKIM-Signature: v=1; a=rsa-sha256; c=relaxed/relaxed; d=1e100.net; s=20230601; t=1747462995; x=1748067795; h=cc:to:from:subject:message-id:date:x-gm-message-state:from:to:cc :subject:date:message-id:reply-to; bh=bqTZd1Fl4LvAHZP0BdhyHn6njS6fOzSrkf05X+HkV8o=; b=LYjVQzxvZqP91jHHkZUzTeYpUn54wUdXT4DL3gqQ4Ewz+C04X5G0zP1qqhkiHNJ68s koCm6IBZF/SREaGhxx6IzcUng5Qt/+YIyeqND/+dN4jkDEW1bNiYvQYEbyT3LLhefzzd 4T2dUaCGCmAq1JByqIXX1HIqHv3mDRZqmVtMD0ctbG4qfGnRMjCfjnf2oP40XtPye0cP +T9aCDmA9uWhyEIxuUf77gQnGfWkKoGwBvRuX7Gw3vmTfjfO7yT7ZFRuTsKQCJGosnWh 4QiM50Cn3E8hKpqpJep+u56fAG7Eg5AmVraqC9qXfMkTN3Ey/Vs3Yd0DGbof6/cohIYc /q9g== X-Gm-Message-State: AOJu0YyI7SYQfRE9fxxOaTWRs8vROR2/Hrmv/kaVrwOGB9cE67XUJNgL rSnjK8SvNFf92yE1j3JhMMaThIvZQiuykQx2x6QcoA1cdS67xB2pdo35604HIKD79SV4Hbgvabd 8A5SVaVRBiY19sHcjtnc8lLFp8/umKaQCJo5F X-Gm-Gg: ASbGncsKGOX598ges2Iu0o/VZKyrrRUfxDrJfg6MPGN7tdE3KssZFLkn2BO7jHKCEKC 9XC5YGHDdpgB+0EvFZ/3RgcUIEQDGkeONEyW3FZnKIHsJd6lKkcyP0hy9cMhKelmRhy9pwZ7Og+ YqX9j9u3biOhwYqKgrc5JTnMqViSkFjljA3N9lFqttTQwSPhe0gPAvBrMsdlZBDG589cHlke5aE qFZqoKuObYolxPk1k2xv9v9SzdKM5qaNRmpQrxZze859K1+MBbPJSgJFL7Tt87Eq1NeIjIBogrE hcfflOJwd7auPn6n+lFSk2VVTJ2O5eSbZbsRy5kNMRV113e66okGh7qg90M= X-Google-Smtp-Source: AGHT+IFanqK34k4Ly9ugaY1dBLiZ0tudDgf6PlHvlIAzE61aQTyJ68VdcNsFSnPh6ge6xgFowAWwQJQtJ4fg X-Received: by 2002:a92:ca4f:0:b0:3d5:d6ad:286a with SMTP id e9e14a558f8ab-3db84313973mr62463665ab.13.1747462995562; Fri, 16 May 2025 23:23:15 -0700 (PDT) Received: from postal.iol.unh.edu (postal.iol.unh.edu. [132.177.123.84]) by smtp-relay.gmail.com with ESMTPS id 8926c6da1cb9f-4fbcc48bb14sm166166173.47.2025.05.16.23.23.15 (version=TLS1_2 cipher=ECDHE-ECDSA-AES128-GCM-SHA256 bits=128/128); Fri, 16 May 2025 23:23:15 -0700 (PDT) X-Relaying-Domain: iol.unh.edu Date: Fri, 16 May 2025 23:23:15 -0700 (PDT) Message-ID: <68282b53.050a0220.160fee.97d5SMTPIN_ADDED_MISSING@mx.google.com> Received: from [172.21.0.5] (unknown [172.18.0.240]) by postal.iol.unh.edu (Postfix) with ESMTP id D25916052471; Sat, 17 May 2025 02:23:14 -0400 (EDT) Subject: |FAILURE| [GIT MASTER] 4401486b5e30d43a134f80f9802f60b5f43e74a8 From: dpdklab@iol.unh.edu To: Test Report Cc: dpdk-test-reports@iol.unh.edu, Xueming Li , Christian Ehrhardt , Kevin Traynor , Luca Boccassi Content-Type: text/plain X-BeenThere: test-report@dpdk.org X-Mailman-Version: 2.1.29 Precedence: list List-Id: automatic DPDK test reports List-Unsubscribe: , List-Archive: List-Post: List-Help: List-Subscribe: , Errors-To: test-report-bounces@dpdk.org _Testing issues_ Branch: tags/v22.11 4401486b5e30d43a134f80f9802f60b5f43e74a8 --> testing issues Upstream job id: Generic-Unit-Test-DPDK#338652 Test environment and result as below: +---------------------+----------------+ | Environment | dpdk_unit_test | +=====================+================+ | CentOS Stream 9 | FAIL | +---------------------+----------------+ | RHEL9 | FAIL | +---------------------+----------------+ | Debian 12 | FAIL | +---------------------+----------------+ | Ubuntu 24.04 | PEND | +---------------------+----------------+ | CentOS Stream 10 | PEND | +---------------------+----------------+ | RHEL8 | PEND | +---------------------+----------------+ | Fedora 41 (Clang) | PEND | +---------------------+----------------+ | Ubuntu 20.04 | PASS | +---------------------+----------------+ | Fedora 40 | PEND | +---------------------+----------------+ | Ubuntu 22.04 | PEND | +---------------------+----------------+ | Fedora 40 (Clang) | PEND | +---------------------+----------------+ | Fedora 41 | PEND | +---------------------+----------------+ | Windows Server 2022 | FAIL | +---------------------+----------------+ ==== Unit test summary for Windows Server 2022 (dpdk_unit_test): ==== Failed to get the unit test results. Displaying the unit test results is not supported for some environments, such as our aarch32 testing, where meson is not used to run the tests. Download the logs available on our CI site. ==== End log output ==== CentOS Stream 9 Kernel: Depends on container host Compiler: gcc 11.5.0 20240719 (Red Hat 11.5.0-2) RHEL9 Kernel: Depends on container host Compiler: gcc 11.5.0 20240719 (Red Hat 11.5.0-2) Debian 12 Kernel: Depends on container host Compiler: gcc (Debian 12.2.0-14) 12.2.0 Ubuntu 24.04 Kernel: Depends on container host Compiler: gcc (Ubuntu 13.3.0-6ubuntu2~24.04) 13.3.0 CentOS Stream 10 Kernel: Depends on container host Compiler: gcc 14.2.1 20241104 (Red Hat 14.2.1-6) RHEL8 Kernel: Depends on container host Compiler: gcc 8.5.0 20210514 (Red Hat 8.5.0-22) Fedora 41 (Clang) Kernel: Depends on container host Compiler: clang 19.1.5 (Fedora 19.1.5-1.fc41) Ubuntu 20.04 Kernel: Depends on container host Compiler: gcc (Ubuntu 9.4.0-1ubuntu1~20.04.2) 9.4.0 Fedora 40 Kernel: Depends on container host Compiler: gcc 14.2.1 20240912 (Red Hat 14.2.1-3) Ubuntu 22.04 Kernel: Depends on container host Compiler: gcc (Ubuntu 11.4.0-1ubuntu1~22.04) 11.4.0 Fedora 40 (Clang) Kernel: Depends on container host Compiler: clang 18.1.8 (Fedora 18.1.8-1.fc40) Fedora 41 Kernel: Depends on container host Compiler: gcc 14.2.1 20240912 (Red Hat 14.2.1-3) Windows Server 2022 Kernel: 10.0.20348.2031 Compiler: clang 15.0.7, gcc 14.1.0 (MinGW), and MSVC VS 19.39.33521 To view detailed results, visit: https://lab.dpdk.org/results/dashboard/tarballs/33565/ UNH-IOL DPDK Community Lab To manage your email subscriptions, visit: https://lab.dpdk.org/results/dashboard/preferences/subscriptions/