From mboxrd@z Thu Jan 1 00:00:00 1970 Return-Path: Received: from mails.dpdk.org (mails.dpdk.org [217.70.189.124]) by inbox.dpdk.org (Postfix) with ESMTP id 0EE224676C for ; Sat, 17 May 2025 08:25:38 +0200 (CEST) Received: from mails.dpdk.org (localhost [127.0.0.1]) by mails.dpdk.org (Postfix) with ESMTP id D72E8402AF; Sat, 17 May 2025 08:25:37 +0200 (CEST) Received: from mail-pf1-f228.google.com (mail-pf1-f228.google.com [209.85.210.228]) by mails.dpdk.org (Postfix) with ESMTP id E0D9D4025D for ; Sat, 17 May 2025 08:25:36 +0200 (CEST) Received: by mail-pf1-f228.google.com with SMTP id d2e1a72fcca58-74267c68c11so2694273b3a.0 for ; Fri, 16 May 2025 23:25:36 -0700 (PDT) DKIM-Signature: v=1; a=rsa-sha256; c=relaxed/relaxed; d=iol.unh.edu; s=unh-iol; t=1747463136; x=1748067936; darn=dpdk.org; h=cc:to:from:subject:message-id:date:from:to:cc:subject:date :message-id:reply-to; bh=yLUqnigPFND/y9T1qYDV9/gc3aef1GA34bvtj5dZicI=; b=DcZEri2DUMlQgB1Rwwv/GzGeSY+Ml7LaUrjTlSdhWpnIruZUodJtpb3U49tJQfAVQg o4lWMW76sidgJLdlcjD8y5fJVqCLAJBkKq6pmkcXNCHp71gghb9k2iuNfxTvu5x2JxJ3 zJdcwK6AIcyC2yM5/4ivDWFNgY9GfEoSNzKyQ= X-Google-DKIM-Signature: v=1; a=rsa-sha256; c=relaxed/relaxed; d=1e100.net; s=20230601; t=1747463136; x=1748067936; h=cc:to:from:subject:message-id:date:x-gm-message-state:from:to:cc :subject:date:message-id:reply-to; bh=yLUqnigPFND/y9T1qYDV9/gc3aef1GA34bvtj5dZicI=; b=A3Szzp1UQXGxkyIe6AIFJ2yxL/Xf72pXsnOjXE6tx2ZFzsm7eI2AKLq4fCLdtVM4G/ 8BqwBA+vDQATw+ncpZU3CbtlL1wUnNjxxdd15FeFMDsqfEchPI1Hs6ck7Oi350WOWSrb elpR0ElFtazQQbntEFX4WrEjF7AkMvr9hZnGnHkF9OQhBpBInm0RG46JeY6wnCmr5qnT 6Qp0Ba4IlBfibnPL7x5WFjbeLdrC3mdAb0t22XUzfwluO+E8aiMxRhjk1C85U1caT1cB Kc00C1VvfIm1efVLlhd1ryD7uY4YMeOHe/KX8/Jl9rvGq6kmXpJBwvbiNG62akJV8ZXi tglQ== X-Gm-Message-State: AOJu0Ywi03LJ2OgYiOS/apTlpr+Zg5QTz0hF7DuIq8Fx8IphqJW+hp/O 9H0V/oP4Dmccnio4jzLMrTSn0YcsnXNBsWaypbyqSmJgdptr/BDmj6JkXRCQkpYa2RBFQRB7Fjr 76keH9QNUZ6VF6SzTBUvdugeM9v16yRxtOC4F X-Gm-Gg: ASbGncvVBO/jAsZ9NnpyIqEm4fOpHnzU6GizqHW75Y/Psy8wbpCt0b3ZxdCnia4JhOH BloCEg4oH0x/61kcQ3kUNvnyG1WXZLo4zFujyIAzZO9gRITC51BPJ8eMP2/2URfGcuXZ6TWItoV /glY30o6UabCDblDuZgD4+7Rt3Fk9LreuizVA+W8UVCC77fPQCmEnahQrEpWFyFungt4kuWxLab 1smKwbwXvwv+8TK1OuZJIwZVfUS/DOdBAeuOQSLVKFE0F/fsRf3nZNTuRXZY2X/nK24RH4sno+u E0Wi6KEzrQHOeGTy3DLbk5R6cV902wOlbCS1l5eBNKnxYeEBe7oC67wx0j0= X-Google-Smtp-Source: AGHT+IGJ0Dcl9XO5bT5oLknlvw08iorIVSa4csotcW00cLkAY5NDd5DG4ltB1mTfLFt7rG3+4B2DuXxG5hSD X-Received: by 2002:a05:6a00:c86:b0:725:96f2:9e63 with SMTP id d2e1a72fcca58-742acd736efmr7633352b3a.24.1747463135932; Fri, 16 May 2025 23:25:35 -0700 (PDT) Received: from postal.iol.unh.edu (postal.iol.unh.edu. [132.177.123.84]) by smtp-relay.gmail.com with ESMTPS id d2e1a72fcca58-742a973c85fsm194535b3a.8.2025.05.16.23.25.35 (version=TLS1_2 cipher=ECDHE-ECDSA-AES128-GCM-SHA256 bits=128/128); Fri, 16 May 2025 23:25:35 -0700 (PDT) X-Relaying-Domain: iol.unh.edu Date: Fri, 16 May 2025 23:25:35 -0700 (PDT) Message-ID: <68282bdf.050a0220.88760.b78fSMTPIN_ADDED_MISSING@mx.google.com> Received: from [172.21.0.11] (unknown [172.18.0.240]) by postal.iol.unh.edu (Postfix) with ESMTP id 0CD426052471; Sat, 17 May 2025 02:25:35 -0400 (EDT) Subject: |FAILURE| [GIT MASTER] 4401486b5e30d43a134f80f9802f60b5f43e74a8 From: dpdklab@iol.unh.edu To: Test Report Cc: dpdk-test-reports@iol.unh.edu, Xueming Li , Christian Ehrhardt , Kevin Traynor , Luca Boccassi Content-Type: text/plain X-BeenThere: test-report@dpdk.org X-Mailman-Version: 2.1.29 Precedence: list List-Id: automatic DPDK test reports List-Unsubscribe: , List-Archive: List-Post: List-Help: List-Subscribe: , Errors-To: test-report-bounces@dpdk.org _Testing issues_ Branch: tags/v22.11 4401486b5e30d43a134f80f9802f60b5f43e74a8 --> testing issues Upstream job id: Generic-Unit-Test-DPDK#338653 Test environment and result as below: +---------------------+----------------+ | Environment | dpdk_unit_test | +=====================+================+ | CentOS Stream 9 | FAIL | +---------------------+----------------+ | RHEL9 | FAIL | +---------------------+----------------+ | Debian 12 | FAIL | +---------------------+----------------+ | Ubuntu 24.04 | PEND | +---------------------+----------------+ | CentOS Stream 10 | FAIL | +---------------------+----------------+ | RHEL8 | PEND | +---------------------+----------------+ | Fedora 41 (Clang) | PEND | +---------------------+----------------+ | Ubuntu 20.04 | PASS | +---------------------+----------------+ | Fedora 40 | PEND | +---------------------+----------------+ | Ubuntu 22.04 | PEND | +---------------------+----------------+ | Fedora 40 (Clang) | PEND | +---------------------+----------------+ | Fedora 41 | PEND | +---------------------+----------------+ | Windows Server 2022 | FAIL | +---------------------+----------------+ ==== Unit test summary for Windows Server 2022 (dpdk_unit_test): ==== Failed to get the unit test results. Displaying the unit test results is not supported for some environments, such as our aarch32 testing, where meson is not used to run the tests. Download the logs available on our CI site. ==== End log output ==== CentOS Stream 9 Kernel: Depends on container host Compiler: gcc 11.5.0 20240719 (Red Hat 11.5.0-2) RHEL9 Kernel: Depends on container host Compiler: gcc 11.5.0 20240719 (Red Hat 11.5.0-2) Debian 12 Kernel: Depends on container host Compiler: gcc (Debian 12.2.0-14) 12.2.0 Ubuntu 24.04 Kernel: Depends on container host Compiler: gcc (Ubuntu 13.3.0-6ubuntu2~24.04) 13.3.0 CentOS Stream 10 Kernel: Depends on container host Compiler: gcc 14.2.1 20241104 (Red Hat 14.2.1-6) RHEL8 Kernel: Depends on container host Compiler: gcc 8.5.0 20210514 (Red Hat 8.5.0-22) Fedora 41 (Clang) Kernel: Depends on container host Compiler: clang 19.1.5 (Fedora 19.1.5-1.fc41) Ubuntu 20.04 Kernel: Depends on container host Compiler: gcc (Ubuntu 9.4.0-1ubuntu1~20.04.2) 9.4.0 Fedora 40 Kernel: Depends on container host Compiler: gcc 14.2.1 20240912 (Red Hat 14.2.1-3) Ubuntu 22.04 Kernel: Depends on container host Compiler: gcc (Ubuntu 11.4.0-1ubuntu1~22.04) 11.4.0 Fedora 40 (Clang) Kernel: Depends on container host Compiler: clang 18.1.8 (Fedora 18.1.8-1.fc40) Fedora 41 Kernel: Depends on container host Compiler: gcc 14.2.1 20240912 (Red Hat 14.2.1-3) Windows Server 2022 Kernel: 10.0.20348.2031 Compiler: clang 15.0.7, gcc 14.1.0 (MinGW), and MSVC VS 19.39.33521 To view detailed results, visit: https://lab.dpdk.org/results/dashboard/tarballs/33565/ UNH-IOL DPDK Community Lab To manage your email subscriptions, visit: https://lab.dpdk.org/results/dashboard/preferences/subscriptions/