From mboxrd@z Thu Jan 1 00:00:00 1970 Return-Path: Received: from mails.dpdk.org (mails.dpdk.org [217.70.189.124]) by inbox.dpdk.org (Postfix) with ESMTP id 66A0D4676C for ; Sat, 17 May 2025 08:28:56 +0200 (CEST) Received: from mails.dpdk.org (localhost [127.0.0.1]) by mails.dpdk.org (Postfix) with ESMTP id 4E421402AF; Sat, 17 May 2025 08:28:56 +0200 (CEST) Received: from mail-qv1-f99.google.com (mail-qv1-f99.google.com [209.85.219.99]) by mails.dpdk.org (Postfix) with ESMTP id EAA784025D for ; Sat, 17 May 2025 08:28:54 +0200 (CEST) Received: by mail-qv1-f99.google.com with SMTP id 6a1803df08f44-6f549550d96so37290296d6.3 for ; Fri, 16 May 2025 23:28:54 -0700 (PDT) DKIM-Signature: v=1; a=rsa-sha256; c=relaxed/relaxed; d=iol.unh.edu; s=unh-iol; t=1747463334; x=1748068134; darn=dpdk.org; h=cc:to:from:subject:message-id:date:from:to:cc:subject:date :message-id:reply-to; bh=YL+DbAa9BFOqJoBYaab/zWPAv6/NXVru6yu4leEjfUI=; b=fmZxXFYtFt4k342ogxiMlNnh3ouxOua/ywmyaik00Ew5v12i5lk9CNLeOCijCz3Obm 2QhPQvs18ecg3pG++rFuAbRuFieoII0u/YwH4PFY2XvgDJ81/oW+OPk0jpEwTcc+YOUk aWuQKGBrbQA2E9+vEbVsbEIkp6rx1QbAoseQk= X-Google-DKIM-Signature: v=1; a=rsa-sha256; c=relaxed/relaxed; d=1e100.net; s=20230601; t=1747463334; x=1748068134; h=cc:to:from:subject:message-id:date:x-gm-message-state:from:to:cc :subject:date:message-id:reply-to; bh=YL+DbAa9BFOqJoBYaab/zWPAv6/NXVru6yu4leEjfUI=; b=SwJzRyp8TKB+jyiLK9bwU4NJe1xiQTgxol432zr4zJv5G9nNdninY0o52I2ZvK5tJ9 Fvngvo4TyjYvRGe6faid0Yy9idXh5604n4SU+Y0fQMnCLBwmmSzFVGJ15h+oo8ztTLAe 4pqj78eRWCEixXfTHO2Iq3IiMLOapqjPfTZdAlcRV6KYc0Y7cLHVTtfVNVSv3lYQiFdf +rnmuf0fEb3fPRdXsN3UL09z/ubDEPbpRouJyvlU4S8n9mIdi8GcAE6pa8PCrCaIqAm9 NgzA8aF5Iv9vOGMMNtE6IBOR9Uly/hgwUteeIe5VSLXzAFaz5MxQ6HwaI+JWsTTzL0xq l3KA== X-Gm-Message-State: AOJu0YxT2o8Vd3gj6xoE2AVTGNNYarXdzvK/+65dSIvZoLrMOKyG+whI n52hgTMN7ZYwHnVdn0v79UAT6RyRHHd48n7PuK0YBhV8AY1T6AuQ9selDP9txKFwdXXMVxY835Q JoF1ZHD637ICNjeHAQpCOA2bG+sRX9EdWioif+vPrvDgOpk3+VIiz X-Gm-Gg: ASbGncuL4xVY6slJNbsGfZFoNZcDPBc/yfTyw304zEtDiWSHzBVEmlR5Ezirmj/ulns wPd1fwbSsd0sp1Npf7k7Gt4siyVTEysj7Y039OKlwAUqSACgAHeFk+xCLHLPyXef6vbe+rUDsxF QuQLCdWACzrOOz6tqPnRgd4sHoXrLNEfpQk7i2EMBl0HLvNjEOOpugF0eOFgBc4uy7+Jz1d2tJ9 AGQnn3b25RamOAOGM+vzQR3fx1WzMLK/WYwi84aBlZI4Lqy3DQlqzNAEAkJCS55AzZw/x73KH+g OlvyzXUl/N9mZmbJSONQVKP3yuq5LNzB7o8+ X-Google-Smtp-Source: AGHT+IHQmRZ1eBFOGop7xKPTOZIPgsb1H0VGmE3yjYsOJ+pbH3libTFG9NWui1f0yq6NAGHZd1EdLYImcQsB X-Received: by 2002:ad4:5c62:0:b0:6f8:c7f7:a055 with SMTP id 6a1803df08f44-6f8c7f7a310mr8884856d6.40.1747463334131; Fri, 16 May 2025 23:28:54 -0700 (PDT) Received: from postal.iol.unh.edu (postal.iol.unh.edu. [2606:4100:3880:1234::84]) by smtp-relay.gmail.com with ESMTPS id 6a1803df08f44-6f8b09a52e4sm1229496d6.52.2025.05.16.23.28.54 (version=TLS1_2 cipher=ECDHE-ECDSA-AES128-GCM-SHA256 bits=128/128); Fri, 16 May 2025 23:28:54 -0700 (PDT) X-Relaying-Domain: iol.unh.edu Date: Fri, 16 May 2025 23:28:54 -0700 (PDT) Message-ID: <68282ca6.0c0a0220.1d1bc6.692fSMTPIN_ADDED_MISSING@mx.google.com> Received: from [172.21.0.5] (unknown [172.18.0.240]) by postal.iol.unh.edu (Postfix) with ESMTP id 89A586052471; Sat, 17 May 2025 02:28:53 -0400 (EDT) Subject: |FAILURE| [GIT MASTER] 4401486b5e30d43a134f80f9802f60b5f43e74a8 From: dpdklab@iol.unh.edu To: Test Report Cc: dpdk-test-reports@iol.unh.edu, Xueming Li , Christian Ehrhardt , Kevin Traynor , Luca Boccassi Content-Type: text/plain X-BeenThere: test-report@dpdk.org X-Mailman-Version: 2.1.29 Precedence: list List-Id: automatic DPDK test reports List-Unsubscribe: , List-Archive: List-Post: List-Help: List-Subscribe: , Errors-To: test-report-bounces@dpdk.org _Testing issues_ Branch: tags/v22.11 4401486b5e30d43a134f80f9802f60b5f43e74a8 --> testing issues Upstream job id: Generic-Unit-Test-DPDK#338657 Test environment and result as below: +---------------------+----------------+ | Environment | dpdk_unit_test | +=====================+================+ | CentOS Stream 9 | FAIL | +---------------------+----------------+ | RHEL9 | FAIL | +---------------------+----------------+ | Debian 12 | FAIL | +---------------------+----------------+ | Ubuntu 24.04 | PEND | +---------------------+----------------+ | CentOS Stream 10 | FAIL | +---------------------+----------------+ | RHEL8 | PEND | +---------------------+----------------+ | Fedora 41 (Clang) | PEND | +---------------------+----------------+ | Ubuntu 20.04 | PASS | +---------------------+----------------+ | Fedora 40 | PEND | +---------------------+----------------+ | Ubuntu 22.04 | PEND | +---------------------+----------------+ | Fedora 40 (Clang) | PEND | +---------------------+----------------+ | Fedora 41 | FAIL | +---------------------+----------------+ | Windows Server 2022 | FAIL | +---------------------+----------------+ ==== Unit test summary for Windows Server 2022 (dpdk_unit_test): ==== Failed to get the unit test results. Displaying the unit test results is not supported for some environments, such as our aarch32 testing, where meson is not used to run the tests. Download the logs available on our CI site. ==== End log output ==== CentOS Stream 9 Kernel: Depends on container host Compiler: gcc 11.5.0 20240719 (Red Hat 11.5.0-2) RHEL9 Kernel: Depends on container host Compiler: gcc 11.5.0 20240719 (Red Hat 11.5.0-2) Debian 12 Kernel: Depends on container host Compiler: gcc (Debian 12.2.0-14) 12.2.0 Ubuntu 24.04 Kernel: Depends on container host Compiler: gcc (Ubuntu 13.3.0-6ubuntu2~24.04) 13.3.0 CentOS Stream 10 Kernel: Depends on container host Compiler: gcc 14.2.1 20241104 (Red Hat 14.2.1-6) RHEL8 Kernel: Depends on container host Compiler: gcc 8.5.0 20210514 (Red Hat 8.5.0-22) Fedora 41 (Clang) Kernel: Depends on container host Compiler: clang 19.1.5 (Fedora 19.1.5-1.fc41) Ubuntu 20.04 Kernel: Depends on container host Compiler: gcc (Ubuntu 9.4.0-1ubuntu1~20.04.2) 9.4.0 Fedora 40 Kernel: Depends on container host Compiler: gcc 14.2.1 20240912 (Red Hat 14.2.1-3) Ubuntu 22.04 Kernel: Depends on container host Compiler: gcc (Ubuntu 11.4.0-1ubuntu1~22.04) 11.4.0 Fedora 40 (Clang) Kernel: Depends on container host Compiler: clang 18.1.8 (Fedora 18.1.8-1.fc40) Fedora 41 Kernel: Depends on container host Compiler: gcc 14.2.1 20240912 (Red Hat 14.2.1-3) Windows Server 2022 Kernel: 10.0.20348.2031 Compiler: clang 15.0.7, gcc 14.1.0 (MinGW), and MSVC VS 19.39.33521 To view detailed results, visit: https://lab.dpdk.org/results/dashboard/tarballs/33565/ UNH-IOL DPDK Community Lab To manage your email subscriptions, visit: https://lab.dpdk.org/results/dashboard/preferences/subscriptions/