From mboxrd@z Thu Jan 1 00:00:00 1970 Return-Path: Received: from mails.dpdk.org (mails.dpdk.org [217.70.189.124]) by inbox.dpdk.org (Postfix) with ESMTP id 910504676C for ; Sat, 17 May 2025 08:30:02 +0200 (CEST) Received: from mails.dpdk.org (localhost [127.0.0.1]) by mails.dpdk.org (Postfix) with ESMTP id 84D11402C5; Sat, 17 May 2025 08:30:02 +0200 (CEST) Received: from mail-pf1-f226.google.com (mail-pf1-f226.google.com [209.85.210.226]) by mails.dpdk.org (Postfix) with ESMTP id 2392B402AF for ; Sat, 17 May 2025 08:30:01 +0200 (CEST) Received: by mail-pf1-f226.google.com with SMTP id d2e1a72fcca58-7425bd5a83aso3197514b3a.0 for ; Fri, 16 May 2025 23:30:01 -0700 (PDT) DKIM-Signature: v=1; a=rsa-sha256; c=relaxed/relaxed; d=iol.unh.edu; s=unh-iol; t=1747463400; x=1748068200; darn=dpdk.org; h=cc:to:from:subject:message-id:date:from:to:cc:subject:date :message-id:reply-to; bh=Vio8Y0TNFqu6li18HExOT6Asby4oMd/1eVItBk/dEL8=; b=HnjdBUkBO4UoSbWE25wa3mn+bwnNck1v2GtzNZbLfCXqohpvmvPLjZdQupG2M8vBDw zgyu8oaSiLS+ZfLUtlfMV+jbkR/BYApCLEHhjhaGlhzy7PUJDCaJ8S+nxmh93Runi9Ji H9RIrw8mS5+WELV5N9nwp9EA1nFx31Qp7yFyQ= X-Google-DKIM-Signature: v=1; a=rsa-sha256; c=relaxed/relaxed; d=1e100.net; s=20230601; t=1747463400; x=1748068200; h=cc:to:from:subject:message-id:date:x-gm-message-state:from:to:cc :subject:date:message-id:reply-to; bh=Vio8Y0TNFqu6li18HExOT6Asby4oMd/1eVItBk/dEL8=; b=vJPhX7VgFLkWRV0azM4kIkiKSK7EHeb0pwJQghHakAMoAMbq4Nx9fS7cF9jo0aGofl 803eIQgFe1y5aYL8JXdYiOlny5eQDZQqVsNhakv/kIvvrK4aBC53e77PF2cm4jTemffh 0EkTPXuZUbxYgj4vf2ZjpkFO+BEX+eX3OZReFeUuPWTuhWlB25yIpi6oodVgNnRv5gcz PrG+OMFYMRz+qkEYCZMobvdI3pIz2qv7yjGhUAq1gK6g4NjhDv4WC8u3Y+NR8sgbf5b+ mauWtw8Aaom7tOKNeA3UK5RjKyZSPEKtr7TX799fxlWQKujQWGlJzekUKaG9WJoRJ/pW yCTQ== X-Gm-Message-State: AOJu0YwyGO686QArjl810UF4g5N81TwIEtsJTpOqCDTnhUptCZTUW4nw yoO6H1KjY64siWGNim6rNdxKqKo13hJDvTKLB9OJhbuA0krTT8Lq1yMp604ITmmlHiM7fOSVhmi 1RQxoDgx2FcPrYNCX3ASw7XxnPLyagugCpTAq X-Gm-Gg: ASbGnctpjLnag271gt7muzhcw4iNl/ERfKu9BRgsxFbbt9HDg+3XG9iL2xZ9tmpymNy PgzpM1w40QMxZNks9aKoukuibWPdeDDq13uxA2om6le7eeod3zsil3EzXnbnc9eMGgyCmbuSyJK aUllzp/xRyF+AUSZPNEGSJSAZwHQEPl5RuImnHYZbzsx1JWWMfaXzYO55rWl40jX4VYwRt1IRMP YC74wQcjWnu54qrN9PJi85g43UA33yeId3at+s/5eu3MihwbCe+F5LkGFJJWWzOKZ8bf4WXw/T0 VgLMZFdDm5DqHX1wrhmkrDjTt4pCsceIVjVSwWfARADgrlrCjtVevTnSUbY= X-Google-Smtp-Source: AGHT+IEusifljienrHu1mmles3AqajFvCX0Qcul8vBpe3+kuMZt9rCEty2eM24gLa85DJ6pf1gTN2sW5pYMc X-Received: by 2002:a05:6a00:1148:b0:740:b372:be5 with SMTP id d2e1a72fcca58-742a97ac5b4mr6783547b3a.9.1747463400033; Fri, 16 May 2025 23:30:00 -0700 (PDT) Received: from postal.iol.unh.edu (postal.iol.unh.edu. [132.177.123.84]) by smtp-relay.gmail.com with ESMTPS id d2e1a72fcca58-742a984c1e4sm197480b3a.17.2025.05.16.23.29.59 (version=TLS1_2 cipher=ECDHE-ECDSA-AES128-GCM-SHA256 bits=128/128); Fri, 16 May 2025 23:30:00 -0700 (PDT) X-Relaying-Domain: iol.unh.edu Date: Fri, 16 May 2025 23:30:00 -0700 (PDT) Message-ID: <68282ce8.050a0220.10d0d9.a40eSMTPIN_ADDED_MISSING@mx.google.com> Received: from [172.21.0.5] (unknown [172.18.0.240]) by postal.iol.unh.edu (Postfix) with ESMTP id EA6EE6052471; Sat, 17 May 2025 02:29:58 -0400 (EDT) Subject: |FAILURE| [GIT MASTER] 4401486b5e30d43a134f80f9802f60b5f43e74a8 From: dpdklab@iol.unh.edu To: Test Report Cc: dpdk-test-reports@iol.unh.edu, Xueming Li , Christian Ehrhardt , Kevin Traynor , Luca Boccassi Content-Type: text/plain X-BeenThere: test-report@dpdk.org X-Mailman-Version: 2.1.29 Precedence: list List-Id: automatic DPDK test reports List-Unsubscribe: , List-Archive: List-Post: List-Help: List-Subscribe: , Errors-To: test-report-bounces@dpdk.org _Testing issues_ Branch: tags/v22.11 4401486b5e30d43a134f80f9802f60b5f43e74a8 --> testing issues Upstream job id: Generic-Unit-Test-DPDK#338663 Test environment and result as below: +---------------------+----------------+ | Environment | dpdk_unit_test | +=====================+================+ | CentOS Stream 9 | FAIL | +---------------------+----------------+ | RHEL9 | FAIL | +---------------------+----------------+ | Debian 12 | FAIL | +---------------------+----------------+ | Ubuntu 24.04 | FAIL | +---------------------+----------------+ | CentOS Stream 10 | FAIL | +---------------------+----------------+ | RHEL8 | PEND | +---------------------+----------------+ | Fedora 41 (Clang) | PEND | +---------------------+----------------+ | Ubuntu 20.04 | PASS | +---------------------+----------------+ | Fedora 40 | PEND | +---------------------+----------------+ | Ubuntu 22.04 | PEND | +---------------------+----------------+ | Fedora 40 (Clang) | PEND | +---------------------+----------------+ | Fedora 41 | FAIL | +---------------------+----------------+ | Windows Server 2022 | FAIL | +---------------------+----------------+ ==== Unit test summary for Windows Server 2022 (dpdk_unit_test): ==== Failed to get the unit test results. Displaying the unit test results is not supported for some environments, such as our aarch32 testing, where meson is not used to run the tests. Download the logs available on our CI site. ==== End log output ==== CentOS Stream 9 Kernel: Depends on container host Compiler: gcc 11.5.0 20240719 (Red Hat 11.5.0-2) RHEL9 Kernel: Depends on container host Compiler: gcc 11.5.0 20240719 (Red Hat 11.5.0-2) Debian 12 Kernel: Depends on container host Compiler: gcc (Debian 12.2.0-14) 12.2.0 Ubuntu 24.04 Kernel: Depends on container host Compiler: gcc (Ubuntu 13.3.0-6ubuntu2~24.04) 13.3.0 CentOS Stream 10 Kernel: Depends on container host Compiler: gcc 14.2.1 20241104 (Red Hat 14.2.1-6) RHEL8 Kernel: Depends on container host Compiler: gcc 8.5.0 20210514 (Red Hat 8.5.0-22) Fedora 41 (Clang) Kernel: Depends on container host Compiler: clang 19.1.5 (Fedora 19.1.5-1.fc41) Ubuntu 20.04 Kernel: Depends on container host Compiler: gcc (Ubuntu 9.4.0-1ubuntu1~20.04.2) 9.4.0 Fedora 40 Kernel: Depends on container host Compiler: gcc 14.2.1 20240912 (Red Hat 14.2.1-3) Ubuntu 22.04 Kernel: Depends on container host Compiler: gcc (Ubuntu 11.4.0-1ubuntu1~22.04) 11.4.0 Fedora 40 (Clang) Kernel: Depends on container host Compiler: clang 18.1.8 (Fedora 18.1.8-1.fc40) Fedora 41 Kernel: Depends on container host Compiler: gcc 14.2.1 20240912 (Red Hat 14.2.1-3) Windows Server 2022 Kernel: 10.0.20348.2031 Compiler: clang 15.0.7, gcc 14.1.0 (MinGW), and MSVC VS 19.39.33521 To view detailed results, visit: https://lab.dpdk.org/results/dashboard/tarballs/33565/ UNH-IOL DPDK Community Lab To manage your email subscriptions, visit: https://lab.dpdk.org/results/dashboard/preferences/subscriptions/