From mboxrd@z Thu Jan 1 00:00:00 1970 Return-Path: Received: from mails.dpdk.org (mails.dpdk.org [217.70.189.124]) by inbox.dpdk.org (Postfix) with ESMTP id F10804676C for ; Sat, 17 May 2025 08:44:23 +0200 (CEST) Received: from mails.dpdk.org (localhost [127.0.0.1]) by mails.dpdk.org (Postfix) with ESMTP id E2E4F402C5; Sat, 17 May 2025 08:44:23 +0200 (CEST) Received: from mail-pj1-f99.google.com (mail-pj1-f99.google.com [209.85.216.99]) by mails.dpdk.org (Postfix) with ESMTP id D0DD5402AF for ; Sat, 17 May 2025 08:44:22 +0200 (CEST) Received: by mail-pj1-f99.google.com with SMTP id 98e67ed59e1d1-30820167b47so2426342a91.0 for ; Fri, 16 May 2025 23:44:22 -0700 (PDT) DKIM-Signature: v=1; a=rsa-sha256; c=relaxed/relaxed; d=iol.unh.edu; s=unh-iol; t=1747464262; x=1748069062; darn=dpdk.org; h=cc:to:from:subject:message-id:date:from:to:cc:subject:date :message-id:reply-to; bh=OSDzCemKi9OwA7/2f1FNYvZaWfAWWrNlfRhOm9yQQ3s=; b=R1/VobJNrw7JUvprZotboYcoiRjNuOkgpAxPwRxCQyjGwm20Vl4/1qW7I8OXVeJEWK Od426XgrH7ylVS8pwPbM6t+ypuWGSdooNxywWcw3DSFdzpPrCtWyHDT8VmupQsnaZXW5 67UKx8tyPQ5H1mrWle9F44uIAum/kRh2xTJdE= X-Google-DKIM-Signature: v=1; a=rsa-sha256; c=relaxed/relaxed; d=1e100.net; s=20230601; t=1747464262; x=1748069062; h=cc:to:from:subject:message-id:date:x-gm-message-state:from:to:cc :subject:date:message-id:reply-to; bh=OSDzCemKi9OwA7/2f1FNYvZaWfAWWrNlfRhOm9yQQ3s=; b=a+XDTSkNLrPuWCHMkJw7ZDQ/WNQ64KxLrEgTygwaU4G/rYBYBpIJJkk4eR+9feaeri viblLkodDD/V3ekP5mXpzWUhDFQTHN93OfaNqOzPVB42UV4MU1ZtPi0bnvW8YSqpRL3W Lu8eqaiBIrRKDAfByYmvdEb+7xhmRm/wYVJ3MGnWzTgHd5zR57amJUlA1VGVP+V8aP47 rfy3eoGk1A6JOglbIJNILnSssXtaDOFNLl1xUfAjhunflIAB4v8sSZcKDII3jRFeOE9H VhKqequKxJEmXiVvbfNgizxMwDJxjmWULF8xeYFtI/mNJS7UtRhimaGhL5jN2KGmC/L3 x5bQ== X-Gm-Message-State: AOJu0YxJlku6NDbg4hcPZOlz4odLDQsYLP8/NdJ5Goz7rF9Ja5QrqV22 mFjiNtH1wOlrlHrD3eykBkwLy1SATBxD/BthLz2ZT7bZKzQBTOJiDOnKStaeQlaWHGOsfjOzgW/ brJVaG3LetFhDah+NuBHGY66KL/O/md8E7TCv6mHWn7NHhOlUkWQY X-Gm-Gg: ASbGncuyx0MJLR6z+22QmTEED2mCYVN8+sB7FmLTjAQLlI6rCNb6HVsio7gPv2kXiCl 7plInnW2hwsIgQSxDY895N/DCjgFKafPAUoMjVQTkKClzrNjXyPtG26ZJWemOnjR5mbh1++xf7v GHuqTJkKTjsNa5tM6weM9Nql6rd1St6QbQnADh21G+vyQKd6LH7kQHP6mXHsmai5jE528awVk1Z TMBg1UktdrpizsWj0nZX5ouc64XIiUX8RzyX4uu3Gj1tXITwiCXNFmALJ/yEaT6ZZc7oqE8AhC/ JUK/828XhrL7YgR2FYNhhxr8oFSJhiNrLCm8 X-Google-Smtp-Source: AGHT+IHPwKAMeSlIcJVvvpPRQZuwc6EPno6rExvv/ob9GTDyIgNXR66F2VwiFGV7/YafKF77LUdVoeH605Vx X-Received: by 2002:a17:90b:2e85:b0:2ee:c30f:33c9 with SMTP id 98e67ed59e1d1-30e7e770523mr4591095a91.14.1747464261948; Fri, 16 May 2025 23:44:21 -0700 (PDT) Received: from postal.iol.unh.edu (postal.iol.unh.edu. [2606:4100:3880:1234::84]) by smtp-relay.gmail.com with ESMTPS id 98e67ed59e1d1-30e546f21d0sm313185a91.1.2025.05.16.23.44.21 (version=TLS1_2 cipher=ECDHE-ECDSA-AES128-GCM-SHA256 bits=128/128); Fri, 16 May 2025 23:44:21 -0700 (PDT) X-Relaying-Domain: iol.unh.edu Date: Fri, 16 May 2025 23:44:21 -0700 (PDT) Message-ID: <68283045.170a0220.353c89.0db5SMTPIN_ADDED_MISSING@mx.google.com> Received: from [172.21.0.7] (unknown [172.18.0.240]) by postal.iol.unh.edu (Postfix) with ESMTP id 2E1316052471; Sat, 17 May 2025 02:44:21 -0400 (EDT) Subject: |FAILURE| [GIT MASTER] 4401486b5e30d43a134f80f9802f60b5f43e74a8 From: dpdklab@iol.unh.edu To: Test Report Cc: dpdk-test-reports@iol.unh.edu, Xueming Li , Christian Ehrhardt , Kevin Traynor , Luca Boccassi Content-Type: text/plain X-BeenThere: test-report@dpdk.org X-Mailman-Version: 2.1.29 Precedence: list List-Id: automatic DPDK test reports List-Unsubscribe: , List-Archive: List-Post: List-Help: List-Subscribe: , Errors-To: test-report-bounces@dpdk.org _Testing issues_ Branch: tags/v22.11 4401486b5e30d43a134f80f9802f60b5f43e74a8 --> testing issues Upstream job id: Generic-Unit-Test-DPDK#338656 Test environment and result as below: +---------------------+----------------+ | Environment | dpdk_unit_test | +=====================+================+ | CentOS Stream 9 | FAIL | +---------------------+----------------+ | RHEL9 | FAIL | +---------------------+----------------+ | Debian 12 | FAIL | +---------------------+----------------+ | Ubuntu 24.04 | FAIL | +---------------------+----------------+ | CentOS Stream 10 | FAIL | +---------------------+----------------+ | RHEL8 | FAIL | +---------------------+----------------+ | Fedora 41 (Clang) | FAIL | +---------------------+----------------+ | Ubuntu 20.04 | PASS | +---------------------+----------------+ | Fedora 40 | PEND | +---------------------+----------------+ | Ubuntu 22.04 | PEND | +---------------------+----------------+ | Fedora 40 (Clang) | FAIL | +---------------------+----------------+ | Fedora 41 | FAIL | +---------------------+----------------+ | Windows Server 2022 | FAIL | +---------------------+----------------+ ==== Unit test summary for Windows Server 2022 (dpdk_unit_test): ==== Failed to get the unit test results. Displaying the unit test results is not supported for some environments, such as our aarch32 testing, where meson is not used to run the tests. Download the logs available on our CI site. ==== End log output ==== CentOS Stream 9 Kernel: Depends on container host Compiler: gcc 11.5.0 20240719 (Red Hat 11.5.0-2) RHEL9 Kernel: Depends on container host Compiler: gcc 11.5.0 20240719 (Red Hat 11.5.0-2) Debian 12 Kernel: Depends on container host Compiler: gcc (Debian 12.2.0-14) 12.2.0 Ubuntu 24.04 Kernel: Depends on container host Compiler: gcc (Ubuntu 13.3.0-6ubuntu2~24.04) 13.3.0 CentOS Stream 10 Kernel: Depends on container host Compiler: gcc 14.2.1 20241104 (Red Hat 14.2.1-6) RHEL8 Kernel: Depends on container host Compiler: gcc 8.5.0 20210514 (Red Hat 8.5.0-22) Fedora 41 (Clang) Kernel: Depends on container host Compiler: clang 19.1.5 (Fedora 19.1.5-1.fc41) Ubuntu 20.04 Kernel: Depends on container host Compiler: gcc (Ubuntu 9.4.0-1ubuntu1~20.04.2) 9.4.0 Fedora 40 Kernel: Depends on container host Compiler: gcc 14.2.1 20240912 (Red Hat 14.2.1-3) Ubuntu 22.04 Kernel: Depends on container host Compiler: gcc (Ubuntu 11.4.0-1ubuntu1~22.04) 11.4.0 Fedora 40 (Clang) Kernel: Depends on container host Compiler: clang 18.1.8 (Fedora 18.1.8-1.fc40) Fedora 41 Kernel: Depends on container host Compiler: gcc 14.2.1 20240912 (Red Hat 14.2.1-3) Windows Server 2022 Kernel: 10.0.20348.2031 Compiler: clang 15.0.7, gcc 14.1.0 (MinGW), and MSVC VS 19.39.33521 To view detailed results, visit: https://lab.dpdk.org/results/dashboard/tarballs/33565/ UNH-IOL DPDK Community Lab To manage your email subscriptions, visit: https://lab.dpdk.org/results/dashboard/preferences/subscriptions/