From mboxrd@z Thu Jan 1 00:00:00 1970 Return-Path: Received: from mails.dpdk.org (mails.dpdk.org [217.70.189.124]) by inbox.dpdk.org (Postfix) with ESMTP id 3109A4676E for ; Sat, 17 May 2025 08:56:46 +0200 (CEST) Received: from mails.dpdk.org (localhost [127.0.0.1]) by mails.dpdk.org (Postfix) with ESMTP id 0787C402AF; Sat, 17 May 2025 08:56:46 +0200 (CEST) Received: from mail-pf1-f225.google.com (mail-pf1-f225.google.com [209.85.210.225]) by mails.dpdk.org (Postfix) with ESMTP id 987224025D for ; Sat, 17 May 2025 08:56:44 +0200 (CEST) Received: by mail-pf1-f225.google.com with SMTP id d2e1a72fcca58-7423fadbe77so2946218b3a.3 for ; Fri, 16 May 2025 23:56:44 -0700 (PDT) DKIM-Signature: v=1; a=rsa-sha256; c=relaxed/relaxed; d=iol.unh.edu; s=unh-iol; t=1747465004; x=1748069804; darn=dpdk.org; h=cc:to:from:subject:message-id:date:from:to:cc:subject:date :message-id:reply-to; bh=7/NCZPpo2IiyEbCSfmoOKeKaM1MFqMvPKNTEfmv+iSc=; b=e968aWqS1HqfO0A+1vEvO7AsFkkE6NNbq7ARpbyJcgJ5Lyian/wLODzG6hSpOanMNi tGRMReV7Pv/WNHM8fdyetHxz7c5cUh+zKCfNEvmzl+i+Csxn2AhKSo+lvUnPJXBrEXNC HXmT+BhXlwLtRrXMxLm8E6NgIV/t3eEFSukEw= X-Google-DKIM-Signature: v=1; a=rsa-sha256; c=relaxed/relaxed; d=1e100.net; s=20230601; t=1747465004; x=1748069804; h=cc:to:from:subject:message-id:date:x-gm-message-state:from:to:cc :subject:date:message-id:reply-to; bh=7/NCZPpo2IiyEbCSfmoOKeKaM1MFqMvPKNTEfmv+iSc=; b=gzVim84IeiIwAhYGT/K3WsDOzbRLaNRgy9M1GHP+gPND2BqwHuoamPGc/wQRQZAitE Or+OMRm/+Sv1wXTec8nYi1yGb9DiOgcQBK7CNXQLvH6fXLaHV+SFRLrR8lULyqMO/WD1 0uGVrv08VtSTIzBwPfpiU10j+4cIHbTHL9Xtncqu1CYOSIUPonOhiDxPZUhDgYoRvjM7 H8cMaWF7PF957rezqtnfGjwlYO7bsGGrN2Z4ufk4mXXCgRm3WURPh+1WrsDK5HHjDoCt sJdVaMn0XDeW+Hw89OeIux3+MqIr4t0QmxY7yxXDNPmlPWvYxJswXzl+Kl5HNcGg+MJh fUCQ== X-Gm-Message-State: AOJu0YzV6DMrW4MZlhRqOHck9cRyQYCK9gFivIRFdkaoRCu6yjmXiDaK KtCzt56ixRzvn4Jhuik/FOJYZiPu46eUDZ/m6ANx5G8qpwpKsgKDcPO5tPCNVqbbuKbDLqP7dIF PCGpVCsfefwRBSH9PMVXyyLNE3AQ85ym1+q2V X-Gm-Gg: ASbGncvAUm9QrYSvPK0JFggATnkyqg9dDPnWhcTu/DjPYoRnCPE7A/dKIscF1HJg5uU u31M0oTN1hECT2Lfa0SsleP6wZC+bsqmOgRRdR0lHmdGMQXs3IophgQVI9omy5G3wE0peMNukAJ L5ce3BApveTlZZPHZuRF34J5P0bGUQg6it04xroIJQh/PXbb3yKpy3f9fKS313WZz64VHgsVNh2 /LJbciOI6iTSvMJIO/y4GO3oOBH5gzaW0xVuKF8WuTSXGN9VTHbvisQTz1Bhtjk2nMfUnFhj+Gb rWGB7QoFmMcWVEY7W4y0u5tkh7wkbNtylBMwa+aHXI64Onv51nHXPkMSe3U= X-Google-Smtp-Source: AGHT+IFGNspHSLTTEYlokA2spgYlQaVh98qQn+nWTJFjam38fLtNRj+cW7xW9lPNnYxz5dyI64dQvQR0ltdd X-Received: by 2002:a05:6a20:c887:b0:1f5:8221:d68c with SMTP id adf61e73a8af0-2170cb10f1fmr9098001637.3.1747465003732; Fri, 16 May 2025 23:56:43 -0700 (PDT) Received: from postal.iol.unh.edu (postal.iol.unh.edu. [132.177.123.84]) by smtp-relay.gmail.com with ESMTPS id 98e67ed59e1d1-30ea5c1a66esm61679a91.6.2025.05.16.23.56.43 (version=TLS1_2 cipher=ECDHE-ECDSA-AES128-GCM-SHA256 bits=128/128); Fri, 16 May 2025 23:56:43 -0700 (PDT) X-Relaying-Domain: iol.unh.edu Date: Fri, 16 May 2025 23:56:43 -0700 (PDT) Message-ID: <6828332b.170a0220.10e2d6.37ffSMTPIN_ADDED_MISSING@mx.google.com> Received: from [172.21.0.7] (unknown [172.18.0.240]) by postal.iol.unh.edu (Postfix) with ESMTP id 2C45F6052471; Sat, 17 May 2025 02:56:43 -0400 (EDT) Subject: |FAILURE| [GIT MASTER] 4401486b5e30d43a134f80f9802f60b5f43e74a8 From: dpdklab@iol.unh.edu To: Test Report Cc: dpdk-test-reports@iol.unh.edu, Xueming Li , Christian Ehrhardt , Kevin Traynor , Luca Boccassi Content-Type: text/plain X-BeenThere: test-report@dpdk.org X-Mailman-Version: 2.1.29 Precedence: list List-Id: automatic DPDK test reports List-Unsubscribe: , List-Archive: List-Post: List-Help: List-Subscribe: , Errors-To: test-report-bounces@dpdk.org _Testing issues_ Branch: tags/v22.11 4401486b5e30d43a134f80f9802f60b5f43e74a8 --> testing issues Upstream job id: Generic-Unit-Test-DPDK#338655 Test environment and result as below: +---------------------+----------------+ | Environment | dpdk_unit_test | +=====================+================+ | CentOS Stream 9 | FAIL | +---------------------+----------------+ | RHEL9 | FAIL | +---------------------+----------------+ | Debian 12 | FAIL | +---------------------+----------------+ | Ubuntu 24.04 | FAIL | +---------------------+----------------+ | CentOS Stream 10 | FAIL | +---------------------+----------------+ | RHEL8 | FAIL | +---------------------+----------------+ | Fedora 41 (Clang) | FAIL | +---------------------+----------------+ | Ubuntu 20.04 | PASS | +---------------------+----------------+ | Fedora 40 | FAIL | +---------------------+----------------+ | Ubuntu 22.04 | PEND | +---------------------+----------------+ | Fedora 40 (Clang) | FAIL | +---------------------+----------------+ | Fedora 41 | FAIL | +---------------------+----------------+ | Windows Server 2022 | FAIL | +---------------------+----------------+ ==== Unit test summary for Windows Server 2022 (dpdk_unit_test): ==== Failed to get the unit test results. Displaying the unit test results is not supported for some environments, such as our aarch32 testing, where meson is not used to run the tests. Download the logs available on our CI site. ==== End log output ==== CentOS Stream 9 Kernel: Depends on container host Compiler: gcc 11.5.0 20240719 (Red Hat 11.5.0-2) RHEL9 Kernel: Depends on container host Compiler: gcc 11.5.0 20240719 (Red Hat 11.5.0-2) Debian 12 Kernel: Depends on container host Compiler: gcc (Debian 12.2.0-14) 12.2.0 Ubuntu 24.04 Kernel: Depends on container host Compiler: gcc (Ubuntu 13.3.0-6ubuntu2~24.04) 13.3.0 CentOS Stream 10 Kernel: Depends on container host Compiler: gcc 14.2.1 20241104 (Red Hat 14.2.1-6) RHEL8 Kernel: Depends on container host Compiler: gcc 8.5.0 20210514 (Red Hat 8.5.0-22) Fedora 41 (Clang) Kernel: Depends on container host Compiler: clang 19.1.5 (Fedora 19.1.5-1.fc41) Ubuntu 20.04 Kernel: Depends on container host Compiler: gcc (Ubuntu 9.4.0-1ubuntu1~20.04.2) 9.4.0 Fedora 40 Kernel: Depends on container host Compiler: gcc 14.2.1 20240912 (Red Hat 14.2.1-3) Ubuntu 22.04 Kernel: Depends on container host Compiler: gcc (Ubuntu 11.4.0-1ubuntu1~22.04) 11.4.0 Fedora 40 (Clang) Kernel: Depends on container host Compiler: clang 18.1.8 (Fedora 18.1.8-1.fc40) Fedora 41 Kernel: Depends on container host Compiler: gcc 14.2.1 20240912 (Red Hat 14.2.1-3) Windows Server 2022 Kernel: 10.0.20348.2031 Compiler: clang 15.0.7, gcc 14.1.0 (MinGW), and MSVC VS 19.39.33521 To view detailed results, visit: https://lab.dpdk.org/results/dashboard/tarballs/33565/ UNH-IOL DPDK Community Lab To manage your email subscriptions, visit: https://lab.dpdk.org/results/dashboard/preferences/subscriptions/