From mboxrd@z Thu Jan 1 00:00:00 1970 Return-Path: Received: from mails.dpdk.org (mails.dpdk.org [217.70.189.124]) by inbox.dpdk.org (Postfix) with ESMTP id 1FA134676E for ; Sat, 17 May 2025 08:57:00 +0200 (CEST) Received: from mails.dpdk.org (localhost [127.0.0.1]) by mails.dpdk.org (Postfix) with ESMTP id 1B9E3402AF; Sat, 17 May 2025 08:57:00 +0200 (CEST) Received: from mail-io1-f98.google.com (mail-io1-f98.google.com [209.85.166.98]) by mails.dpdk.org (Postfix) with ESMTP id E0A374025D for ; Sat, 17 May 2025 08:56:58 +0200 (CEST) Received: by mail-io1-f98.google.com with SMTP id ca18e2360f4ac-86135ad7b4cso127712139f.1 for ; Fri, 16 May 2025 23:56:58 -0700 (PDT) DKIM-Signature: v=1; a=rsa-sha256; c=relaxed/relaxed; d=iol.unh.edu; s=unh-iol; t=1747465018; x=1748069818; darn=dpdk.org; h=cc:to:from:subject:message-id:date:from:to:cc:subject:date :message-id:reply-to; bh=JTvcw0djQVvwS5b9U4WgUbUxIgod/E6BkW2IsEwlBvA=; b=bHTD7BkLHty6AlZ0/UOcpXaXDYWcNnrS9Z0qreeonDRv34yy873Bz500X3Ap4BchJJ +MOxf19BsHpN5AGTvUhLY+qEf7okWm0px1TnTzCevRJIKipn1x8f5s1nM40QSA6wKDsg IoISj5exrOeFRqYTh7Bda/fCYUPwOw2PEwU7I= X-Google-DKIM-Signature: v=1; a=rsa-sha256; c=relaxed/relaxed; d=1e100.net; s=20230601; t=1747465018; x=1748069818; h=cc:to:from:subject:message-id:date:x-gm-message-state:from:to:cc :subject:date:message-id:reply-to; bh=JTvcw0djQVvwS5b9U4WgUbUxIgod/E6BkW2IsEwlBvA=; b=UJg5vIjErqXsgxnzysB9IOnSr4DthnZzVNRIYwdV5O2lQ4pN2DoguMWhsUn595N7aN VXTvHFvQPjUSxmbtgZgYmISd2GvbpSNWjlpH2yiQ00ssggB7vfRLiE+t1rFbI7sOtVdC NvsXLDZxGJpVhvv3vVn8x0L+ru7rQ37NzayzZq7Rzzg3RpCAW5lt4PwAU4NGqDkkU01G ck8ReuVhuW3ehe7/QyPe4HSisIlT1VH0R1wSoOf17nr96Iie0GZVQxZZh6IdOCh94MIc tfTsYfvDFKiSlhMq13MZA+gasRXopIwGSbNzGpSuX12ACoxlb4ZfSxIepzxLVsGWyQqy 716w== X-Gm-Message-State: AOJu0YwdpHfO19dJKqiFwZMp66wMgjVZ2/Q7NAjlxUYdZa2ZTvMrVQGc oGhP+cSNELbshkOskPaL3oGC5bbnIaEwyCRB6HHn9ROkgGVnBTxfkvH2AsCJ5yQdAS4PlpfSnWb vrT1aCYRwdElEWdv2UKlk7+45ivXQGH18o7fp X-Gm-Gg: ASbGncu1Igtgz1TYZ3/hT16RgTaZkHrO1sVKGfHOaxmBzRbfF0YZv1iwmSwLjFnMYFf iy64s+ciXDaTYhFfpS1JPzsEPn8szTgn/p4Arl+NbhxDa4XgYKoM3XEMlwIKIWleXI3H+/yVUMz zFx1dpW+4TlNTWg3NFgC3ZLUCKUcj49BLFiUm5lZgD3MY0F1ssE/WNQCwWuPnWR+hq4KLh/Mcdm NUMRNxDK+iHA5D9WZSDdTQOFgZEsxIZxsxEwZTBInfsSVQFXokCkgxsmcXBxC5GGQKesfQ/ve1+ /0umbT7mvg4ZFdtyCKFaT0MQOHj92icJo6ohbawN1uQC5zVQ71bg15GYpWI= X-Google-Smtp-Source: AGHT+IELFint1tGt5SkaIxkCp7DErQeORM1e3e6+EIRmjf3vnE5hHWManOHLurCzaWxQIsYZVaq44w9v/jGU X-Received: by 2002:a05:6602:751c:b0:85b:3f8e:f186 with SMTP id ca18e2360f4ac-86a231afb14mr884442939f.6.1747465018166; Fri, 16 May 2025 23:56:58 -0700 (PDT) Received: from postal.iol.unh.edu (postal.iol.unh.edu. [132.177.123.84]) by smtp-relay.gmail.com with ESMTPS id 8926c6da1cb9f-4fbcc3accb8sm158625173.21.2025.05.16.23.56.58 (version=TLS1_2 cipher=ECDHE-ECDSA-AES128-GCM-SHA256 bits=128/128); Fri, 16 May 2025 23:56:58 -0700 (PDT) X-Relaying-Domain: iol.unh.edu Date: Fri, 16 May 2025 23:56:58 -0700 (PDT) Message-ID: <6828333a.050a0220.6c32b.9d5dSMTPIN_ADDED_MISSING@mx.google.com> Received: from [172.21.0.6] (unknown [172.18.0.240]) by postal.iol.unh.edu (Postfix) with ESMTP id C8F716052471; Sat, 17 May 2025 02:56:57 -0400 (EDT) Subject: |FAILURE| [GIT MASTER] 4401486b5e30d43a134f80f9802f60b5f43e74a8 From: dpdklab@iol.unh.edu To: Test Report Cc: dpdk-test-reports@iol.unh.edu, Xueming Li , Christian Ehrhardt , Kevin Traynor , Luca Boccassi Content-Type: text/plain X-BeenThere: test-report@dpdk.org X-Mailman-Version: 2.1.29 Precedence: list List-Id: automatic DPDK test reports List-Unsubscribe: , List-Archive: List-Post: List-Help: List-Subscribe: , Errors-To: test-report-bounces@dpdk.org _Testing issues_ Branch: tags/v22.11 4401486b5e30d43a134f80f9802f60b5f43e74a8 --> testing issues Upstream job id: Generic-Unit-Test-DPDK#338661 Test environment and result as below: +---------------------+----------------+ | Environment | dpdk_unit_test | +=====================+================+ | CentOS Stream 9 | FAIL | +---------------------+----------------+ | RHEL9 | FAIL | +---------------------+----------------+ | Debian 12 | FAIL | +---------------------+----------------+ | Ubuntu 24.04 | FAIL | +---------------------+----------------+ | CentOS Stream 10 | FAIL | +---------------------+----------------+ | RHEL8 | FAIL | +---------------------+----------------+ | Fedora 41 (Clang) | FAIL | +---------------------+----------------+ | Ubuntu 20.04 | PASS | +---------------------+----------------+ | Fedora 40 | FAIL | +---------------------+----------------+ | Ubuntu 22.04 | PEND | +---------------------+----------------+ | Fedora 40 (Clang) | FAIL | +---------------------+----------------+ | Fedora 41 | FAIL | +---------------------+----------------+ | Windows Server 2022 | FAIL | +---------------------+----------------+ ==== Unit test summary for Windows Server 2022 (dpdk_unit_test): ==== Failed to get the unit test results. Displaying the unit test results is not supported for some environments, such as our aarch32 testing, where meson is not used to run the tests. Download the logs available on our CI site. ==== End log output ==== CentOS Stream 9 Kernel: Depends on container host Compiler: gcc 11.5.0 20240719 (Red Hat 11.5.0-2) RHEL9 Kernel: Depends on container host Compiler: gcc 11.5.0 20240719 (Red Hat 11.5.0-2) Debian 12 Kernel: Depends on container host Compiler: gcc (Debian 12.2.0-14) 12.2.0 Ubuntu 24.04 Kernel: Depends on container host Compiler: gcc (Ubuntu 13.3.0-6ubuntu2~24.04) 13.3.0 CentOS Stream 10 Kernel: Depends on container host Compiler: gcc 14.2.1 20241104 (Red Hat 14.2.1-6) RHEL8 Kernel: Depends on container host Compiler: gcc 8.5.0 20210514 (Red Hat 8.5.0-22) Fedora 41 (Clang) Kernel: Depends on container host Compiler: clang 19.1.5 (Fedora 19.1.5-1.fc41) Ubuntu 20.04 Kernel: Depends on container host Compiler: gcc (Ubuntu 9.4.0-1ubuntu1~20.04.2) 9.4.0 Fedora 40 Kernel: Depends on container host Compiler: gcc 14.2.1 20240912 (Red Hat 14.2.1-3) Ubuntu 22.04 Kernel: Depends on container host Compiler: gcc (Ubuntu 11.4.0-1ubuntu1~22.04) 11.4.0 Fedora 40 (Clang) Kernel: Depends on container host Compiler: clang 18.1.8 (Fedora 18.1.8-1.fc40) Fedora 41 Kernel: Depends on container host Compiler: gcc 14.2.1 20240912 (Red Hat 14.2.1-3) Windows Server 2022 Kernel: 10.0.20348.2031 Compiler: clang 15.0.7, gcc 14.1.0 (MinGW), and MSVC VS 19.39.33521 To view detailed results, visit: https://lab.dpdk.org/results/dashboard/tarballs/33565/ UNH-IOL DPDK Community Lab To manage your email subscriptions, visit: https://lab.dpdk.org/results/dashboard/preferences/subscriptions/