From mboxrd@z Thu Jan 1 00:00:00 1970 Return-Path: Received: from mails.dpdk.org (mails.dpdk.org [217.70.189.124]) by inbox.dpdk.org (Postfix) with ESMTP id 14E7E4676E for ; Sat, 17 May 2025 09:04:28 +0200 (CEST) Received: from mails.dpdk.org (localhost [127.0.0.1]) by mails.dpdk.org (Postfix) with ESMTP id E763F402AF; Sat, 17 May 2025 09:04:27 +0200 (CEST) Received: from mail-oo1-f97.google.com (mail-oo1-f97.google.com [209.85.161.97]) by mails.dpdk.org (Postfix) with ESMTP id 40CB14025D for ; Sat, 17 May 2025 09:04:26 +0200 (CEST) Received: by mail-oo1-f97.google.com with SMTP id 006d021491bc7-609e7f3caf3so1976661eaf.1 for ; Sat, 17 May 2025 00:04:26 -0700 (PDT) DKIM-Signature: v=1; a=rsa-sha256; c=relaxed/relaxed; d=iol.unh.edu; s=unh-iol; t=1747465465; x=1748070265; darn=dpdk.org; h=cc:to:from:subject:message-id:date:from:to:cc:subject:date :message-id:reply-to; bh=fnsSgu3Qfd4TazZxTfUlTYXma0cpCWPc+M//v7Vboqw=; b=DmIlLYO6bymDL+a6zwTqs+NnqkUZkMrihnN2BtqUSMcN8zN98uUttLu/OrkP5tmmlu ESKw3AIJq7Boi6jrfdhroFb2yn1Vm1nASis63RzTvjcyp1/t8WK+U/0z0E078dhoWDdT wBtbIQ5ocwNa4eD1z2O5FrX8LkM/y/oKpegW8= X-Google-DKIM-Signature: v=1; a=rsa-sha256; c=relaxed/relaxed; d=1e100.net; s=20230601; t=1747465465; x=1748070265; h=cc:to:from:subject:message-id:date:x-gm-message-state:from:to:cc :subject:date:message-id:reply-to; bh=fnsSgu3Qfd4TazZxTfUlTYXma0cpCWPc+M//v7Vboqw=; b=GffFP9Ohcq9y6fhu0o6bIMH8GR/RjaKu2R8caur1x9W7DFFxcw8dz9ewg/BaOQv+ZT qkFGWzVeuFCIuVey5gxJZWBggjFa5ybi5MSVVhU6rpxudVUdV8hwONUSzPYGf6AgqJIA 4ytI6rEblcpWFIUKh8PyVvPZmjPA6QJtGlR41jCM1HtT3kUFjUNjoY0pRZdCnPbuXXv7 G+f/nXpP4pqwZzHS5cUrY/QLK/tow7tfNeTV+3Yi9ud/hQMpwYHc9ANsCJMvjYgBdDOl 3t1d/j0R9Z3Vq2losy/CXTNPaLnzQmQTePiqGpikgrAx4y3LGaIUclKZQ+vCnGwwo+U+ /BVw== X-Gm-Message-State: AOJu0YwDM1R+JnVvx1rXBhB3k7uWXmoJb4GUZ3LiPWG2zp9s8oZdIqsi DEnwoXiDv2xoqLt5+W5tPZvjC8FhGs0EhFkr2djclzia7jWXSvLCqh1MaX+wWmVpxiQTzTMXDo7 Y3FOk8C6peZZ8WHOTj2MOFBxbUjZYrSXIGKUlRPn0uPcfDpt62We6 X-Gm-Gg: ASbGncvYBxvV8xmjRXXzBl5vLhW4g7csReOZreFRWwAcSG4w3rKWDi3Lf8V/wdslWNw WRFQ0IMqUn1uLs0c9V2SkrEdVEVSrwZeeZgpKK0rF/Bu5KKeonwVDrEN7xvaPBGnmAcGuu6NEZz 9GJvcg0Ophxnl10QNRv6/1SPWNB5u/ywT49E6x5eRBYNjxmbrrd74GkrSYiG6lD0fWhaWItRkJh yQH8NBLgUqHAeoK4lfZEnWFSMk8+xd3JpV5Mvh9p8jA2IRpE1SNr0nHDhcJS519N8nqCdJJBhO6 I6JOFeRudvtpftkMCUH8u10X0Yq4MyvyZgZi X-Google-Smtp-Source: AGHT+IGbtjkpkzUJINpWuI9SY7QddI72euENXyITdr7LDthZWFVt8uLo0O3acWprMNKPdFnxS0JxgD/cRQ++ X-Received: by 2002:a05:6820:1886:b0:606:293f:f37e with SMTP id 006d021491bc7-609f377804amr3832913eaf.6.1747465465220; Sat, 17 May 2025 00:04:25 -0700 (PDT) Received: from postal.iol.unh.edu (postal.iol.unh.edu. [2606:4100:3880:1234::84]) by smtp-relay.gmail.com with ESMTPS id 006d021491bc7-609f2f808b5sm149468eaf.2.2025.05.17.00.04.25 (version=TLS1_2 cipher=ECDHE-ECDSA-AES128-GCM-SHA256 bits=128/128); Sat, 17 May 2025 00:04:25 -0700 (PDT) X-Relaying-Domain: iol.unh.edu Date: Sat, 17 May 2025 00:04:25 -0700 (PDT) Message-ID: <682834f9.050a0220.1ca32.8023SMTPIN_ADDED_MISSING@mx.google.com> Received: from [172.21.0.6] (unknown [172.18.0.240]) by postal.iol.unh.edu (Postfix) with ESMTP id A56026052471; Sat, 17 May 2025 03:04:24 -0400 (EDT) Subject: |FAILURE| [GIT MASTER] 4401486b5e30d43a134f80f9802f60b5f43e74a8 From: dpdklab@iol.unh.edu To: Test Report Cc: dpdk-test-reports@iol.unh.edu, Xueming Li , Christian Ehrhardt , Kevin Traynor , Luca Boccassi Content-Type: text/plain X-BeenThere: test-report@dpdk.org X-Mailman-Version: 2.1.29 Precedence: list List-Id: automatic DPDK test reports List-Unsubscribe: , List-Archive: List-Post: List-Help: List-Subscribe: , Errors-To: test-report-bounces@dpdk.org _Testing issues_ Branch: tags/v22.11 4401486b5e30d43a134f80f9802f60b5f43e74a8 --> testing issues Upstream job id: Generic-Unit-Test-DPDK#338662 Test environment and result as below: +---------------------+----------------+ | Environment | dpdk_unit_test | +=====================+================+ | CentOS Stream 9 | FAIL | +---------------------+----------------+ | RHEL9 | FAIL | +---------------------+----------------+ | Debian 12 | FAIL | +---------------------+----------------+ | Ubuntu 24.04 | FAIL | +---------------------+----------------+ | CentOS Stream 10 | FAIL | +---------------------+----------------+ | RHEL8 | FAIL | +---------------------+----------------+ | Fedora 41 (Clang) | FAIL | +---------------------+----------------+ | Ubuntu 20.04 | PASS | +---------------------+----------------+ | Fedora 40 | FAIL | +---------------------+----------------+ | Ubuntu 22.04 | FAIL | +---------------------+----------------+ | Fedora 40 (Clang) | FAIL | +---------------------+----------------+ | Fedora 41 | FAIL | +---------------------+----------------+ | Windows Server 2022 | FAIL | +---------------------+----------------+ ==== Unit test summary for Windows Server 2022 (dpdk_unit_test): ==== Failed to get the unit test results. Displaying the unit test results is not supported for some environments, such as our aarch32 testing, where meson is not used to run the tests. Download the logs available on our CI site. ==== End log output ==== CentOS Stream 9 Kernel: Depends on container host Compiler: gcc 11.5.0 20240719 (Red Hat 11.5.0-2) RHEL9 Kernel: Depends on container host Compiler: gcc 11.5.0 20240719 (Red Hat 11.5.0-2) Debian 12 Kernel: Depends on container host Compiler: gcc (Debian 12.2.0-14) 12.2.0 Ubuntu 24.04 Kernel: Depends on container host Compiler: gcc (Ubuntu 13.3.0-6ubuntu2~24.04) 13.3.0 CentOS Stream 10 Kernel: Depends on container host Compiler: gcc 14.2.1 20241104 (Red Hat 14.2.1-6) RHEL8 Kernel: Depends on container host Compiler: gcc 8.5.0 20210514 (Red Hat 8.5.0-22) Fedora 41 (Clang) Kernel: Depends on container host Compiler: clang 19.1.5 (Fedora 19.1.5-1.fc41) Ubuntu 20.04 Kernel: Depends on container host Compiler: gcc (Ubuntu 9.4.0-1ubuntu1~20.04.2) 9.4.0 Fedora 40 Kernel: Depends on container host Compiler: gcc 14.2.1 20240912 (Red Hat 14.2.1-3) Ubuntu 22.04 Kernel: Depends on container host Compiler: gcc (Ubuntu 11.4.0-1ubuntu1~22.04) 11.4.0 Fedora 40 (Clang) Kernel: Depends on container host Compiler: clang 18.1.8 (Fedora 18.1.8-1.fc40) Fedora 41 Kernel: Depends on container host Compiler: gcc 14.2.1 20240912 (Red Hat 14.2.1-3) Windows Server 2022 Kernel: 10.0.20348.2031 Compiler: clang 15.0.7, gcc 14.1.0 (MinGW), and MSVC VS 19.39.33521 To view detailed results, visit: https://lab.dpdk.org/results/dashboard/tarballs/33565/ UNH-IOL DPDK Community Lab To manage your email subscriptions, visit: https://lab.dpdk.org/results/dashboard/preferences/subscriptions/