From mboxrd@z Thu Jan 1 00:00:00 1970 Return-Path: Received: from mails.dpdk.org (mails.dpdk.org [217.70.189.124]) by inbox.dpdk.org (Postfix) with ESMTP id 03A3B46774 for ; Sat, 17 May 2025 18:02:40 +0200 (CEST) Received: from mails.dpdk.org (localhost [127.0.0.1]) by mails.dpdk.org (Postfix) with ESMTP id E2DB240689; Sat, 17 May 2025 18:02:40 +0200 (CEST) Received: from mail-pl1-f227.google.com (mail-pl1-f227.google.com [209.85.214.227]) by mails.dpdk.org (Postfix) with ESMTP id A91E14067D for ; Sat, 17 May 2025 18:02:39 +0200 (CEST) Received: by mail-pl1-f227.google.com with SMTP id d9443c01a7336-231d4679580so16548795ad.1 for ; Sat, 17 May 2025 09:02:39 -0700 (PDT) DKIM-Signature: v=1; a=rsa-sha256; c=relaxed/relaxed; d=iol.unh.edu; s=unh-iol; t=1747497759; x=1748102559; darn=dpdk.org; h=references:in-reply-to:cc:to:from:subject:message-id:date:from:to :cc:subject:date:message-id:reply-to; bh=j1DecnPRz59Sm8FzUyBU9AE7eQFyLQ9oX59oQD8FNhI=; b=ary45/gj/VOIcskOh7Ta5ovWDVai3uOqz65/0xhyC7dFU9rMYJQCwuA2f6xEMBQjxi 5iRhqZg5zMwv2c50UW5OlJ1FTAHSNWYMCDb1D3330uOrm1XztYdy7+6Uc1wKBMlXOPf6 Kco43yeyWYr6b05K101AhuWsLQCEqXzieYWFc= X-Google-DKIM-Signature: v=1; a=rsa-sha256; c=relaxed/relaxed; d=1e100.net; s=20230601; t=1747497759; x=1748102559; h=references:in-reply-to:cc:to:from:subject:message-id:date :x-gm-message-state:from:to:cc:subject:date:message-id:reply-to; bh=j1DecnPRz59Sm8FzUyBU9AE7eQFyLQ9oX59oQD8FNhI=; b=pMpD1F4MksKqsPshWbmJz9tLLA2yHtuxGWJ+aCWBG4hJI6WkMlMQmf4yGB6xHDvV78 UqcPs9B3DfWXF8buo2iw6930NS33zmCJnk3WMrfrREITxs8t/nwpO1UXL+gNw6ltWkVH Nm9Svii0HAa66jekNZxzgQTAYG8Z4kRhCZlDNFD2GkdSMyokCxU+4uecT3wvj9Od5W8G fQRJyCseqaLWNVP7Pa7vCokdQMtVPKBIrWg1V7B5e4n1lf0WCRos+cgRqWx9xISrd/Uj 1kzNhXDsLqBxc2schKi8bIuSBei/te3PC1PvxhEjcJTTMSAb5qKAIebf7w4zEpj+Mh7L pSSA== X-Gm-Message-State: AOJu0YyzSk6AaQ17QUq6RFglofgSrYi8NVB8QdlbQyh5Xr6Cyp7XD27T kj5oqWaU4vxxhWbl4v6ocONlVhTeXBsXBoqCFAp5MThvzcf4lvIZWR9Ph+y3Hef7JBFX6nfeckL LAtJtwMBS5fQ6k6iwYTP5qt4pNRfdzFjRqjOU X-Gm-Gg: ASbGncsKMgnZa+ft5IHylBbIUrdjAgEZpbGOx1aMKrPvLaSmvrh/q8s3vko4wWgK3CB aNz9H893oNZTUerA3mI3tBMJZKoBQxdGxWldZeeqTzbPhb2VZIa/OCcqI0UZEtVw4okPMkS4Gp4 7vZdhNRGG/CoXRbWpsTL0Ji+srXZfDsv/+/x3hasfBsI9t/8kMjd6H3/tugrD4l/4JSStKlSf3F V3bwlZjTPt9udJpteDWDakQlXhwHWzB1hRkxeETzPxT/yFiL+meOZU4FRTR1ruubg8vLE5yQeJg OzQr9X+8EUvdHAfLLdmjJA5xY6GHuhqI2pA4kelr1qwYmsXA4AxSSKrkPtc= X-Google-Smtp-Source: AGHT+IFBG4G/8cltGMQlSJE+/o/DTlSzitnghIv7b1RsuweotD0qDXuc8Via+8CrZ488470ZWddfXtljkv8L X-Received: by 2002:a17:903:1b6d:b0:223:f9a4:3f99 with SMTP id d9443c01a7336-231d4541fbamr105809585ad.29.1747497758731; Sat, 17 May 2025 09:02:38 -0700 (PDT) Received: from postal.iol.unh.edu (postal.iol.unh.edu. [132.177.123.84]) by smtp-relay.gmail.com with ESMTPS id d9443c01a7336-231d4adee11sm2187375ad.56.2025.05.17.09.02.38 (version=TLS1_2 cipher=ECDHE-ECDSA-AES128-GCM-SHA256 bits=128/128); Sat, 17 May 2025 09:02:38 -0700 (PDT) X-Relaying-Domain: iol.unh.edu Date: Sat, 17 May 2025 09:02:38 -0700 (PDT) Message-ID: <6828b31e.170a0220.160ed3.d312SMTPIN_ADDED_MISSING@mx.google.com> Received: from [172.21.0.5] (unknown [172.18.0.240]) by postal.iol.unh.edu (Postfix) with ESMTP id 11C7D6052471; Sat, 17 May 2025 12:02:38 -0400 (EDT) Subject: |FAILURE| pw153504-153506 [PATCH] [RFC,v4,3/3] ethdev: introduce the From: dpdklab@iol.unh.edu To: Test Report Cc: dpdk-test-reports@iol.unh.edu, Wathsala Vithanage In-Reply-To: <20250517151736.2565461-4-wathsala.vithanage@arm.com> References: <20250517151736.2565461-4-wathsala.vithanage@arm.com> Content-Type: text/plain X-BeenThere: test-report@dpdk.org X-Mailman-Version: 2.1.29 Precedence: list List-Id: automatic DPDK test reports List-Unsubscribe: , List-Archive: List-Post: List-Help: List-Subscribe: , Errors-To: test-report-bounces@dpdk.org Test-Label: iol-compile-amd64-testing Test-Status: FAILURE http://dpdk.org/patch/153506 _Testing issues_ Submitter: Wathsala Vithanage Date: Saturday, May 17 2025 15:17:35 DPDK git baseline: Repo:dpdk Branch: master CommitID:ff05ee3e3f8fb4ce958a2ce6461e8141aea959c6 153504-153506 --> testing issues Upstream job id: Windows-Compile-DPDK-Native#28472 Test environment and result as below: +-----------------------------------+--------------------+-------------------+------------------+-------------------------+-------------------+ | Environment | dpdk_meson_compile | dpdk_compile_spdk | dpdk_compile_ovs | dpdk_llvm_clang_compile | dpdk_msvc_compile | +===================================+====================+===================+==================+=========================+===================+ | CentOS Stream 9 | PEND | PEND | SKIPPED | SKIPPED | SKIPPED | +-----------------------------------+--------------------+-------------------+------------------+-------------------------+-------------------+ | CentOS Stream 10 | PEND | SKIPPED | SKIPPED | SKIPPED | SKIPPED | +-----------------------------------+--------------------+-------------------+------------------+-------------------------+-------------------+ | openSUSE Leap 15 | PEND | SKIPPED | SKIPPED | SKIPPED | SKIPPED | +-----------------------------------+--------------------+-------------------+------------------+-------------------------+-------------------+ | Debian 12 | PEND | PEND | SKIPPED | SKIPPED | SKIPPED | +-----------------------------------+--------------------+-------------------+------------------+-------------------------+-------------------+ | Fedora 40 | PEND | PEND | SKIPPED | SKIPPED | SKIPPED | +-----------------------------------+--------------------+-------------------+------------------+-------------------------+-------------------+ | Fedora 41 | PEND | PEND | PEND | SKIPPED | SKIPPED | +-----------------------------------+--------------------+-------------------+------------------+-------------------------+-------------------+ | Fedora 41 (Clang) | PEND | PEND | PEND | SKIPPED | SKIPPED | +-----------------------------------+--------------------+-------------------+------------------+-------------------------+-------------------+ | Fedora 40 (Clang) | PEND | PEND | SKIPPED | SKIPPED | SKIPPED | +-----------------------------------+--------------------+-------------------+------------------+-------------------------+-------------------+ | RHEL8 | PEND | SKIPPED | SKIPPED | SKIPPED | SKIPPED | +-----------------------------------+--------------------+-------------------+------------------+-------------------------+-------------------+ | Ubuntu 20.04 | PASS | SKIPPED | SKIPPED | SKIPPED | SKIPPED | +-----------------------------------+--------------------+-------------------+------------------+-------------------------+-------------------+ | Ubuntu 24.04 | PEND | PEND | PEND | SKIPPED | SKIPPED | +-----------------------------------+--------------------+-------------------+------------------+-------------------------+-------------------+ | Ubuntu 22.04 | PEND | PEND | SKIPPED | SKIPPED | SKIPPED | +-----------------------------------+--------------------+-------------------+------------------+-------------------------+-------------------+ | RHEL9 | PEND | SKIPPED | SKIPPED | SKIPPED | SKIPPED | +-----------------------------------+--------------------+-------------------+------------------+-------------------------+-------------------+ | Ubuntu 24.04 32 Bit Cross Compile | PEND | SKIPPED | SKIPPED | SKIPPED | SKIPPED | +-----------------------------------+--------------------+-------------------+------------------+-------------------------+-------------------+ | Alpine | PEND | SKIPPED | SKIPPED | SKIPPED | SKIPPED | +-----------------------------------+--------------------+-------------------+------------------+-------------------------+-------------------+ | FreeBSD 13.5 | FAIL | SKIPPED | SKIPPED | SKIPPED | SKIPPED | +-----------------------------------+--------------------+-------------------+------------------+-------------------------+-------------------+ | FreeBSD 14.2 | PEND | SKIPPED | SKIPPED | SKIPPED | SKIPPED | +-----------------------------------+--------------------+-------------------+------------------+-------------------------+-------------------+ | Windows Server 2022 | SKIPPED | SKIPPED | SKIPPED | FAIL | FAIL | +-----------------------------------+--------------------+-------------------+------------------+-------------------------+-------------------+ ==== 20 line log output for Windows Server 2022 (dpdk_msvc_compile): ==== FAILED: app/dpdk-testpmd.exe.p/test-pmd_cmdline_mtr.c.obj "cl" "-Iapp\dpdk-testpmd.exe.p" "-Iapp" "-I..\app" "-Iapp\test-pmd" "-I..\app\test-pmd" "-Ilib\ethdev" "-I..\lib\ethdev" "-Ilib\eal\common" "-I..\lib\eal\common" "-I." "-I.." "-Iconfig" "-I..\config" "-Ilib\eal\include" "-I..\lib\eal\include" "-Ilib\eal\windows\include" "-I..\lib\eal\windows\include" "-Ilib\eal\x86\include" "-I..\lib\eal\x86\include" "-Ilib\eal" "-I..\lib\eal" "-Ilib\log" "-I..\lib\log" "-Ilib\kvargs" "-I..\lib\kvargs" "-Ilib\net" "-I..\lib\net" "-Ilib\mbuf" "-I..\lib\mbuf" "-I lib\mempool" "-I..\lib\mempool" "-Ilib\ring" "-I..\lib\ring" "-Ilib\metrics" "-I..\lib\metrics" "-Ilib\telemetry" "-I..\lib\telemetry" "-Ilib\meter" "-I..\lib\meter" "-Ilib\cmdline" "-I..\lib\cmdline" "-Ilib\bitratestats" "-I..\lib\bitratestats" "-Ilib\gro" "-I..\lib\gro" "-Ilib\gso" "-I..\lib\gso" "-Ilib\latencystats" "-I..\lib\latencystats" "-IC:\Program Files\Mellanox\MLNX_WinOF2_DevX_SDK\inc" "/MD" "/nologo" "/showIncludes" "/W3" "/WX" "/std:c11" "/O2" "/Gw" "/wd4244" "/wd4267" "/wd4146" " /experimental:c11atomics" "/d1experimental:typeof" "/experimental:statementExpressions" "/FI" "rte_config.h" "-D_GNU_SOURCE" "-D_WIN32_WINNT=0x0A00" "-DALLOW_EXPERIMENTAL_API" "/Fdapp\dpdk-testpmd.exe.p\test-pmd_cmdline_mtr.c.pdb" /Foapp/dpdk-testpmd.exe.p/test-pmd_cmdline_mtr.c.obj "/c" ../app/test-pmd/cmdline_mtr.c C:\Users\builder\jenkins\workspace\Windows-Compile-DPDK-VS\dpdk\lib\ethdev\rte_ethdev.h(6211): error C2061: syntax error: identifier 'off_t' C:\Users\builder\jenkins\workspace\Windows-Compile-DPDK-VS\dpdk\lib\ethdev\rte_ethdev.h(6212): error C2059: syntax error: '}' [47/360] Compiling C object app/dpdk-testpmd.exe.p/test-pmd_cmdline_flow.c.obj FAILED: app/dpdk-testpmd.exe.p/test-pmd_cmdline_flow.c.obj "cl" "-Iapp\dpdk-testpmd.exe.p" "-Iapp" "-I..\app" "-Iapp\test-pmd" "-I..\app\test-pmd" "-Ilib\ethdev" "-I..\lib\ethdev" "-Ilib\eal\common" "-I..\lib\eal\common" "-I." "-I.." "-Iconfig" "-I..\config" "-Ilib\eal\include" "-I..\lib\eal\include" "-Ilib\eal\windows\include" "-I..\lib\eal\windows\include" "-Ilib\eal\x86\include" "-I..\lib\eal\x86\include" "-Ilib\eal" "-I..\lib\eal" "-Ilib\log" "-I..\lib\log" "-Ilib\kvargs" "-I..\lib\kvargs" "-Ilib\net" "-I..\lib\net" "-Ilib\mbuf" "-I..\lib\mbuf" "-I lib\mempool" "-I..\lib\mempool" "-Ilib\ring" "-I..\lib\ring" "-Ilib\metrics" "-I..\lib\metrics" "-Ilib\telemetry" "-I..\lib\telemetry" "-Ilib\meter" "-I..\lib\meter" "-Ilib\cmdline" "-I..\lib\cmdline" "-Ilib\bitratestats" "-I..\lib\bitratestats" "-Ilib\gro" "-I..\lib\gro" "-Ilib\gso" "-I..\lib\gso" "-Ilib\latencystats" "-I..\lib\latencystats" "-IC:\Program Files\Mellanox\MLNX_WinOF2_DevX_SDK\inc" "/MD" "/nologo" "/showIncludes" "/W3" "/WX" "/std:c11" "/O2" "/Gw" "/wd4244" "/wd4267" "/wd4146" " /experimental:c11atomics" "/d1experimental:typeof" "/experimental:statementExpressions" "/FI" "rte_config.h" "-D_GNU_SOURCE" "-D_WIN32_WINNT=0x0A00" "-DALLOW_EXPERIMENTAL_API" "/Fdapp\dpdk-testpmd.exe.p\test-pmd_cmdline_flow.c.pdb" /Foapp/dpdk-testpmd.exe.p/test-pmd_cmdline_flow.c.obj "/c" ../app/test-pmd/cmdline_flow.c C:\Users\builder\jenkins\workspace\Windows-Compile-DPDK-VS\dpdk\lib\ethdev\rte_ethdev.h(6211): error C2061: syntax error: identifier 'off_t' C:\Users\builder\jenkins\workspace\Windows-Compile-DPDK-VS\dpdk\lib\ethdev\rte_ethdev.h(6212): error C2059: syntax error: '}' [48/360] Compiling C object app/dpdk-testpmd.exe.p/test-pmd_5tswap.c.obj [49/360] Compiling C object app/dpdk-testpmd.exe.p/test-pmd_cmdline.c.obj FAILED: app/dpdk-testpmd.exe.p/test-pmd_cmdline.c.obj "cl" "-Iapp\dpdk-testpmd.exe.p" "-Iapp" "-I..\app" "-Iapp\test-pmd" "-I..\app\test-pmd" "-Ilib\ethdev" "-I..\lib\ethdev" "-Ilib\eal\common" "-I..\lib\eal\common" "-I." "-I.." "-Iconfig" "-I..\config" "-Ilib\eal\include" "-I..\lib\eal\include" "-Ilib\eal\windows\include" "-I..\lib\eal\windows\include" "-Ilib\eal\x86\include" "-I..\lib\eal\x86\include" "-Ilib\eal" "-I..\lib\eal" "-Ilib\log" "-I..\lib\log" "-Ilib\kvargs" "-I..\lib\kvargs" "-Ilib\net" "-I..\lib\net" "-Ilib\mbuf" "-I..\lib\mbuf" "-I lib\mempool" "-I..\lib\mempool" "-Ilib\ring" "-I..\lib\ring" "-Ilib\metrics" "-I..\lib\metrics" "-Ilib\telemetry" "-I..\lib\telemetry" "-Ilib\meter" "-I..\lib\meter" "-Ilib\cmdline" "-I..\lib\cmdline" "-Ilib\bitratestats" "-I..\lib\bitratestats" "-Ilib\gro" "-I..\lib\gro" "-Ilib\gso" "-I..\lib\gso" "-Ilib\latencystats" "-I..\lib\latencystats" "-IC:\Program Files\Mellanox\MLNX_WinOF2_DevX_SDK\inc" "/MD" "/nologo" "/showIncludes" "/W3" "/WX" "/std:c11" "/O2" "/Gw" "/wd4244" "/wd4267" "/wd4146" " /experimental:c11atomics" "/d1experimental:typeof" "/experimental:statementExpressions" "/FI" "rte_config.h" "-D_GNU_SOURCE" "-D_WIN32_WINNT=0x0A00" "-DALLOW_EXPERIMENTAL_API" "/Fdapp\dpdk-testpmd.exe.p\test-pmd_cmdline.c.pdb" /Foapp/dpdk-testpmd.exe.p/test-pmd_cmdline.c.obj "/c" ../app/test-pmd/cmdline.c C:\Users\builder\jenkins\workspace\Windows-Compile-DPDK-VS\dpdk\lib\ethdev\rte_ethdev.h(6211): error C2061: syntax error: identifier 'off_t' C:\Users\builder\jenkins\workspace\Windows-Compile-DPDK-VS\dpdk\lib\ethdev\rte_ethdev.h(6212): error C2059: syntax error: '}' [50/360] Compiling C object lib/librte_rib.a.p/rib_rte_rib.c.obj [51/360] Compiling C object lib/librte_rib.a.p/rib_rte_rib6.c.obj [52/360] Compiling C object lib/librte_reorder.a.p/reorder_rte_reorder.c.obj ninja: build stopped: subcommand failed. ==== End log output ==== CentOS Stream 9 Kernel: Depends on container host Compiler: gcc 11.5.0 20240719 (Red Hat 11.5.0-2) CentOS Stream 10 Kernel: Depends on container host Compiler: gcc 14.2.1 20241104 (Red Hat 14.2.1-6) openSUSE Leap 15 Kernel: Depends on container host Compiler: gcc (SUSE Linux) 7.5.0 Debian 12 Kernel: Depends on container host Compiler: gcc (Debian 12.2.0-14) 12.2.0 Fedora 40 Kernel: Depends on container host Compiler: gcc 14.2.1 20240912 (Red Hat 14.2.1-3) Fedora 41 Kernel: Depends on container host Compiler: gcc 14.2.1 20240912 (Red Hat 14.2.1-3) Fedora 41 (Clang) Kernel: Depends on container host Compiler: clang 19.1.5 (Fedora 19.1.5-1.fc41) Fedora 40 (Clang) Kernel: Depends on container host Compiler: clang 18.1.8 (Fedora 18.1.8-1.fc40) RHEL8 Kernel: Depends on container host Compiler: gcc 8.5.0 20210514 (Red Hat 8.5.0-22) Ubuntu 20.04 Kernel: Depends on container host Compiler: gcc (Ubuntu 9.4.0-1ubuntu1~20.04.2) 9.4.0 Ubuntu 24.04 Kernel: Depends on container host Compiler: gcc (Ubuntu 13.3.0-6ubuntu2~24.04) 13.3.0 Ubuntu 22.04 Kernel: Depends on container host Compiler: gcc (Ubuntu 11.4.0-1ubuntu1~22.04) 11.4.0 RHEL9 Kernel: Depends on container host Compiler: gcc 11.5.0 20240719 (Red Hat 11.5.0-2) Ubuntu 24.04 32 Bit Cross Compile Kernel: Depends on container host Compiler: gcc (Ubuntu 13.3.0-6ubuntu2~24.04) 13.3.0 Alpine Kernel: Depends on container host Compiler: gcc (Alpine 14.2.0) 14.2.0 FreeBSD 13.5 Kernel: 13.5-RELEASE Compiler: clang 19.1.7 FreeBSD 14.2 Kernel: 14.2-RELEASE Compiler: clang 18.1.6 Windows Server 2022 Kernel: 10.0.20348.2031 Compiler: clang 15.0.7, gcc 14.1.0 (MinGW), and MSVC VS 19.39.33521 To view detailed results, visit: https://lab.dpdk.org/results/dashboard/patchsets/33202/ UNH-IOL DPDK Community Lab To manage your email subscriptions, visit: https://lab.dpdk.org/results/dashboard/preferences/subscriptions/