From: dpdklab@iol.unh.edu
To: Test Report <test-report@dpdk.org>
Cc: dpdk-test-reports@iol.unh.edu,
Wathsala Vithanage <wathsala.vithanage@arm.com>
Subject: |FAILURE| pw153504-153506 [PATCH] [RFC,v4,3/3] ethdev: introduce the
Date: Sat, 17 May 2025 09:05:03 -0700 (PDT) [thread overview]
Message-ID: <6828b3af.050a0220.2fcd4.c705SMTPIN_ADDED_MISSING@mx.google.com> (raw)
In-Reply-To: <20250517151736.2565461-4-wathsala.vithanage@arm.com>
Test-Label: iol-compile-amd64-testing
Test-Status: FAILURE
http://dpdk.org/patch/153506
_Testing issues_
Submitter: Wathsala Vithanage <wathsala.vithanage@arm.com>
Date: Saturday, May 17 2025 15:17:35
DPDK git baseline: Repo:dpdk
Branch: master
CommitID:ff05ee3e3f8fb4ce958a2ce6461e8141aea959c6
153504-153506 --> testing issues
Upstream job id: Generic-VM-DPDK-Compile-Meson#35531
Test environment and result as below:
+-----------------------------------+--------------------+-------------------+------------------+-------------------------+-------------------+
| Environment | dpdk_meson_compile | dpdk_compile_spdk | dpdk_compile_ovs | dpdk_llvm_clang_compile | dpdk_msvc_compile |
+===================================+====================+===================+==================+=========================+===================+
| CentOS Stream 9 | PEND | PEND | SKIPPED | SKIPPED | SKIPPED |
+-----------------------------------+--------------------+-------------------+------------------+-------------------------+-------------------+
| CentOS Stream 10 | PEND | SKIPPED | SKIPPED | SKIPPED | SKIPPED |
+-----------------------------------+--------------------+-------------------+------------------+-------------------------+-------------------+
| openSUSE Leap 15 | PEND | SKIPPED | SKIPPED | SKIPPED | SKIPPED |
+-----------------------------------+--------------------+-------------------+------------------+-------------------------+-------------------+
| Debian 12 | PEND | PEND | SKIPPED | SKIPPED | SKIPPED |
+-----------------------------------+--------------------+-------------------+------------------+-------------------------+-------------------+
| Fedora 40 | PEND | PEND | SKIPPED | SKIPPED | SKIPPED |
+-----------------------------------+--------------------+-------------------+------------------+-------------------------+-------------------+
| Fedora 41 | PEND | PEND | PEND | SKIPPED | SKIPPED |
+-----------------------------------+--------------------+-------------------+------------------+-------------------------+-------------------+
| Fedora 41 (Clang) | PEND | PEND | PEND | SKIPPED | SKIPPED |
+-----------------------------------+--------------------+-------------------+------------------+-------------------------+-------------------+
| Fedora 40 (Clang) | PEND | PEND | SKIPPED | SKIPPED | SKIPPED |
+-----------------------------------+--------------------+-------------------+------------------+-------------------------+-------------------+
| RHEL8 | PEND | SKIPPED | SKIPPED | SKIPPED | SKIPPED |
+-----------------------------------+--------------------+-------------------+------------------+-------------------------+-------------------+
| Ubuntu 20.04 | PASS | SKIPPED | SKIPPED | SKIPPED | SKIPPED |
+-----------------------------------+--------------------+-------------------+------------------+-------------------------+-------------------+
| Ubuntu 24.04 | PEND | PEND | PEND | SKIPPED | SKIPPED |
+-----------------------------------+--------------------+-------------------+------------------+-------------------------+-------------------+
| Ubuntu 22.04 | PEND | PEND | SKIPPED | SKIPPED | SKIPPED |
+-----------------------------------+--------------------+-------------------+------------------+-------------------------+-------------------+
| RHEL9 | PEND | SKIPPED | SKIPPED | SKIPPED | SKIPPED |
+-----------------------------------+--------------------+-------------------+------------------+-------------------------+-------------------+
| Ubuntu 24.04 32 Bit Cross Compile | PEND | SKIPPED | SKIPPED | SKIPPED | SKIPPED |
+-----------------------------------+--------------------+-------------------+------------------+-------------------------+-------------------+
| Alpine | PEND | SKIPPED | SKIPPED | SKIPPED | SKIPPED |
+-----------------------------------+--------------------+-------------------+------------------+-------------------------+-------------------+
| FreeBSD 13.5 | FAIL | SKIPPED | SKIPPED | SKIPPED | SKIPPED |
+-----------------------------------+--------------------+-------------------+------------------+-------------------------+-------------------+
| FreeBSD 14.2 | FAIL | SKIPPED | SKIPPED | SKIPPED | SKIPPED |
+-----------------------------------+--------------------+-------------------+------------------+-------------------------+-------------------+
| Windows Server 2022 | SKIPPED | SKIPPED | SKIPPED | FAIL | FAIL |
+-----------------------------------+--------------------+-------------------+------------------+-------------------------+-------------------+
==== 20 line log output for Windows Server 2022 (dpdk_msvc_compile): ====
\0F\0A\0I\0L\0E\0D\0:\0 \0a\0p\0p\0/\0d\0p\0d\0k\0-\0t\0e\0s\0t\0p\0m\0d\0.\0e\0x\0e\0.\0p\0/\0t\0e\0s\0t\0-\0p\0m\0d\0_\0c\0m\0d\0l\0i\0n\0e\0_\0m\0t\0r\0.\0c\0.\0o\0b\0j\0 \0
\0
\0"\0c\0l\0"\0 \0"\0-\0I\0a\0p\0p\0\\0d\0p\0d\0k\0-\0t\0e\0s\0t\0p\0m\0d\0.\0e\0x\0e\0.\0p\0"\0 \0"\0-\0I\0a\0p\0p\0"\0 \0"\0-\0I\0.\0.\0\\0a\0p\0p\0"\0 \0"\0-\0I\0a\0p\0p\0\\0t\0e\0s\0t\0-\0p\0m\0d\0"\0 \0"\0-\0I\0.\0.\0\\0a\0p\0p\0\\0t\0e\0s\0t\0-\0p\0m\0d\0"\0 \0"\0-\0I\0l\0i\0b\0\\0e\0t\0h\0d\0e\0v\0"\0 \0"\0-\0I\0.\0.\0\\0l\0i\0b\0\\0e\0t\0h\0d\0e\0v\0"\0 \0"\0-\0I\0l\0i\0b\0\\0e\0a\0l\0\\0c\0o\0m\0m\0o\0n\0"\0 \0"\0-\0I\0.\0.\0\\0l\0i\0b\0\\0e\0a\0l\0\\0c\0o\0m\0m\0o\0n\0"\0 \0"\0-\0I\0.\0"\0 \0"\0-\0I\0.\0.\0"\0 \0"\0-\0I\0c\0o\0n\0f\0i\0g\0"\0 \0"\0-\0I\0.\0.\0\\0c\0o\0n\0f\0i\0g\0"\0 \0"\0-\0I\0l\0i\0b\0\\0e\0a\0l\0\\0i\0n\0c\0l\0u\0d\0e\0"\0 \0"\0-\0I\0.\0.\0\\0l\0i\0b\0\\0e\0a\0l\0\\0i\0n\0c\0l\0u\0d\0e\0"\0 \0"\0-\0I\0l\0i\0b\0\\0e\0a\0l\0\\0w\0i\0n\0d\0o\0w\0s\0\\0i\0n\0c\0l\0u\0d\0e\0"\0 \0"\0-\0I\0.\0.\0\\0l\0i\0b\0\\0e\0a\0l\0\\0w\0i\0n\0d\0o\0w\0s\0\\0i\0n\0c\0l\0u\0d\0e\0"\0 \0"\0-\0I\0l\0i\0b\0\\0e\0a\0l\0\\0x\08\06\0\\0i\0n\0c\0l\0u\0d\0e\0"\0 \0"\0-\0I\0.\0.\0\\0l\0i\0b\0\\0e\0a\0l\0\\0x\08\06\0\\0i\0n\0c\0l\0u\0d\0e\0"\0 \0"\0-\0I\0l\0i\0b\0\\0e\0a\0l\0"\0 \0"\0-\0I\0.\0.\0\\0l\0i\0b\0\\0e\0a\0l\0"\0 \0"\0-\0I\0l\0i\0b\0\\0l\0o\0g\0"\0 \0"\0-\0I\0.\0.\0\\0l\0i\0b\0\\0l\0o\0g\0"\0 \0"\0-\0I\0l\0i\0b\0\\0k\0v\0a\0r\0g\0s\0"\0 \0"\0-\0I\0.\0.\0\\0l\0i\0b\0\\0k\0v\0a\0r\0g\0s\0"\0 \0"\0-\0I\0l\0i\0b\0\\0n\0e\0t\0"\0 \0"\0-\0I\0.\0.\0\\0l\0i\0b\0\\0n\0e\0t\0"\0 \0"\0-\0I\0l\0i\0b\0\\0m\0b\0u\0f\0"\0 \0"\0-\0I\0.\0.\0\\0l\0i\0b\0\\0m\0b\0u\0f\0"\0 \0"\0-\0I
\0l\0i\0b\0\\0m\0e\0m\0p\0o\0o\0l\0"\0 \0"\0-\0I\0.\0.\0\\0l\0i\0b\0\\0m\0e\0m\0p\0o\0o\0l\0"\0 \0"\0-\0I\0l\0i\0b\0\\0r\0i\0n\0g\0"\0 \0"\0-\0I\0.\0.\0\\0l\0i\0b\0\\0r\0i\0n\0g\0"\0 \0"\0-\0I\0l\0i\0b\0\\0m\0e\0t\0r\0i\0c\0s\0"\0 \0"\0-\0I\0.\0.\0\\0l\0i\0b\0\\0m\0e\0t\0r\0i\0c\0s\0"\0 \0"\0-\0I\0l\0i\0b\0\\0t\0e\0l\0e\0m\0e\0t\0r\0y\0"\0 \0"\0-\0I\0.\0.\0\\0l\0i\0b\0\\0t\0e\0l\0e\0m\0e\0t\0r\0y\0"\0 \0"\0-\0I\0l\0i\0b\0\\0m\0e\0t\0e\0r\0"\0 \0"\0-\0I\0.\0.\0\\0l\0i\0b\0\\0m\0e\0t\0e\0r\0"\0 \0"\0-\0I\0l\0i\0b\0\\0c\0m\0d\0l\0i\0n\0e\0"\0 \0"\0-\0I\0.\0.\0\\0l\0i\0b\0\\0c\0m\0d\0l\0i\0n\0e\0"\0 \0"\0-\0I\0l\0i\0b\0\\0b\0i\0t\0r\0a\0t\0e\0s\0t\0a\0t\0s\0"\0 \0"\0-\0I\0.\0.\0\\0l\0i\0b\0\\0b\0i\0t\0r\0a\0t\0e\0s\0t\0a\0t\0s\0"\0 \0"\0-\0I\0l\0i\0b\0\\0g\0r\0o\0"\0 \0"\0-\0I\0.\0.\0\\0l\0i\0b\0\\0g\0r\0o\0"\0 \0"\0-\0I\0l\0i\0b\0\\0g\0s\0o\0"\0 \0"\0-\0I\0.\0.\0\\0l\0i\0b\0\\0g\0s\0o\0"\0 \0"\0-\0I\0l\0i\0b\0\\0l\0a\0t\0e\0n\0c\0y\0s\0t\0a\0t\0s\0"\0 \0"\0-\0I\0.\0.\0\\0l\0i\0b\0\\0l\0a\0t\0e\0n\0c\0y\0s\0t\0a\0t\0s\0"\0 \0"\0-\0I\0C\0:\0\\0P\0r\0o\0g\0r\0a\0m\0 \0F\0i\0l\0e\0s\0\\0M\0e\0l\0l\0a\0n\0o\0x\0\\0M\0L\0N\0X\0_\0W\0i\0n\0O\0F\02\0_\0D\0e\0v\0X\0_\0S\0D\0K\0\\0i\0n\0c\0"\0 \0"\0/\0M\0D\0"\0 \0"\0/\0n\0o\0l\0o\0g\0o\0"\0 \0"\0/\0s\0h\0o\0w\0I\0n\0c\0l\0u\0d\0e\0s\0"\0 \0"\0/\0W\03\0"\0 \0"\0/\0W\0X\0"\0 \0"\0/\0s\0t\0d\0:\0c\01\01\0"\0 \0"\0/\0O\02\0"\0 \0"\0/\0G\0w\0"\0 \0"\0/\0w\0d\04\02\04\04\0"\0 \0"\0/\0w\0d\04\02\06\07\0"\0 \0"\0/\0w\0d\04\01\04\06\0"\0 \0"\0
/\0e\0x\0p\0e\0r\0i\0m\0e\0n\0t\0a\0l\0:\0c\01\01\0a\0t\0o\0m\0i\0c\0s\0"\0 \0"\0/\0d\01\0e\0x\0p\0e\0r\0i\0m\0e\0n\0t\0a\0l\0:\0t\0y\0p\0e\0o\0f\0"\0 \0"\0/\0e\0x\0p\0e\0r\0i\0m\0e\0n\0t\0a\0l\0:\0s\0t\0a\0t\0e\0m\0e\0n\0t\0E\0x\0p\0r\0e\0s\0s\0i\0o\0n\0s\0"\0 \0"\0/\0F\0I\0"\0 \0"\0r\0t\0e\0_\0c\0o\0n\0f\0i\0g\0.\0h\0"\0 \0"\0-\0D\0_\0G\0N\0U\0_\0S\0O\0U\0R\0C\0E\0"\0 \0"\0-\0D\0_\0W\0I\0N\03\02\0_\0W\0I\0N\0N\0T\0=\00\0x\00\0A\00\00\0"\0 \0"\0-\0D\0A\0L\0L\0O\0W\0_\0E\0X\0P\0E\0R\0I\0M\0E\0N\0T\0A\0L\0_\0A\0P\0I\0"\0 \0"\0/\0F\0d\0a\0p\0p\0\\0d\0p\0d\0k\0-\0t\0e\0s\0t\0p\0m\0d\0.\0e\0x\0e\0.\0p\0\\0t\0e\0s\0t\0-\0p\0m\0d\0_\0c\0m\0d\0l\0i\0n\0e\0_\0m\0t\0r\0.\0c\0.\0p\0d\0b\0"\0 \0/\0F\0o\0a\0p\0p\0/\0d\0p\0d\0k\0-\0t\0e\0s\0t\0p\0m\0d\0.\0e\0x\0e\0.\0p\0/\0t\0e\0s\0t\0-\0p\0m\0d\0_\0c\0m\0d\0l\0i\0n\0e\0_\0m\0t\0r\0.\0c\0.\0o\0b\0j\0 \0"\0/\0c\0"\0 \0.\0.\0/\0a\0p\0p\0/\0t\0e\0s\0t\0-\0p\0m\0d\0/\0c\0m\0d\0l\0i\0n\0e\0_\0m\0t\0r\0.\0c\0
\0
\0C\0:\0\\0U\0s\0e\0r\0s\0\\0b\0u\0i\0l\0d\0e\0r\0\\0j\0e\0n\0k\0i\0n\0s\0\\0w\0o\0r\0k\0s\0p\0a\0c\0e\0\\0W\0i\0n\0d\0o\0w\0s\0-\0C\0o\0m\0p\0i\0l\0e\0-\0D\0P\0D\0K\0-\0V\0S\0\\0d\0p\0d\0k\0\\0l\0i\0b\0\\0e\0t\0h\0d\0e\0v\0\\0r\0t\0e\0_\0e\0t\0h\0d\0e\0v\0.\0h\0(\06\02\01\01\0)\0:\0 \0e\0r\0r\0o\0r\0 \0C\02\00\06\01\0:\0 \0s\0y\0n\0t\0a\0x\0 \0e\0r\0r\0o\0r\0:\0 \0i\0d\0e\0n\0t\0i\0f\0i\0e\0r\0 \0'\0o\0f\0f\0_\0t\0'\0
\0
\0C\0:\0\\0U\0s\0e\0r\0s\0\\0b\0u\0i\0l\0d\0e\0r\0\\0j\0e\0n\0k\0i\0n\0s\0\\0w\0o\0r\0k\0s\0p\0a\0c\0e\0\\0W\0i\0n\0d\0o\0w\0s\0-\0C\0o\0m\0p\0i\0l\0e\0-\0D\0P\0D\0K\0-\0V\0S\0\\0d\0p\0d\0k\0\\0l\0i\0b\0\\0e\0t\0h\0d\0e\0v\0\\0r\0t\0e\0_\0e\0t\0h\0d\0e\0v\0.\0h\0(\06\02\01\02\0)\0:\0 \0e\0r\0r\0o\0r\0 \0C\02\00\05\09\0:\0 \0s\0y\0n\0t\0a\0x\0 \0e\0r\0r\0o\0r\0:\0 \0'\0}\0'\0
\0
\0[\04\07\0/\03\06\00\0]\0 \0C\0o\0m\0p\0i\0l\0i\0n\0g\0 \0C\0 \0o\0b\0j\0e\0c\0t\0 \0a\0p\0p\0/\0d\0p\0d\0k\0-\0t\0e\0s\0t\0p\0m\0d\0.\0e\0x\0e\0.\0p\0/\0t\0e\0s\0t\0-\0p\0m\0d\0_\0c\0m\0d\0l\0i\0n\0e\0_\0f\0l\0o\0w\0.\0c\0.\0o\0b\0j\0
\0
\0F\0A\0I\0L\0E\0D\0:\0 \0a\0p\0p\0/\0d\0p\0d\0k\0-\0t\0e\0s\0t\0p\0m\0d\0.\0e\0x\0e\0.\0p\0/\0t\0e\0s\0t\0-\0p\0m\0d\0_\0c\0m\0d\0l\0i\0n\0e\0_\0f\0l\0o\0w\0.\0c\0.\0o\0b\0j\0 \0
\0
\0"\0c\0l\0"\0 \0"\0-\0I\0a\0p\0p\0\\0d\0p\0d\0k\0-\0t\0e\0s\0t\0p\0m\0d\0.\0e\0x\0e\0.\0p\0"\0 \0"\0-\0I\0a\0p\0p\0"\0 \0"\0-\0I\0.\0.\0\\0a\0p\0p\0"\0 \0"\0-\0I\0a\0p\0p\0\\0t\0e\0s\0t\0-\0p\0m\0d\0"\0 \0"\0-\0I\0.\0.\0\\0a\0p\0p\0\\0t\0e\0s\0t\0-\0p\0m\0d\0"\0 \0"\0-\0I\0l\0i\0b\0\\0e\0t\0h\0d\0e\0v\0"\0 \0"\0-\0I\0.\0.\0\\0l\0i\0b\0\\0e\0t\0h\0d\0e\0v\0"\0 \0"\0-\0I\0l\0i\0b\0\\0e\0a\0l\0\\0c\0o\0m\0m\0o\0n\0"\0 \0"\0-\0I\0.\0.\0\\0l\0i\0b\0\\0e\0a\0l\0\\0c\0o\0m\0m\0o\0n\0"\0 \0"\0-\0I\0.\0"\0 \0"\0-\0I\0.\0.\0"\0 \0"\0-\0I\0c\0o\0n\0f\0i\0g\0"\0 \0"\0-\0I\0.\0.\0\\0c\0o\0n\0f\0i\0g\0"\0 \0"\0-\0I\0l\0i\0b\0\\0e\0a\0l\0\\0i\0n\0c\0l\0u\0d\0e\0"\0 \0"\0-\0I\0.\0.\0\\0l\0i\0b\0\\0e\0a\0l\0\\0i\0n\0c\0l\0u\0d\0e\0"\0 \0"\0-\0I\0l\0i\0b\0\\0e\0a\0l\0\\0w\0i\0n\0d\0o\0w\0s\0\\0i\0n\0c\0l\0u\0d\0e\0"\0 \0"\0-\0I\0.\0.\0\\0l\0i\0b\0\\0e\0a\0l\0\\0w\0i\0n\0d\0o\0w\0s\0\\0i\0n\0c\0l\0u\0d\0e\0"\0 \0"\0-\0I\0l\0i\0b\0\\0e\0a\0l\0\\0x\08\06\0\\0i\0n\0c\0l\0u\0d\0e\0"\0 \0"\0-\0I\0.\0.\0\\0l\0i\0b\0\\0e\0a\0l\0\\0x\08\06\0\\0i\0n\0c\0l\0u\0d\0e\0"\0 \0"\0-\0I\0l\0i\0b\0\\0e\0a\0l\0"\0 \0"\0-\0I\0.\0.\0\\0l\0i\0b\0\\0e\0a\0l\0"\0 \0"\0-\0I\0l\0i\0b\0\\0l\0o\0g\0"\0 \0"\0-\0I\0.\0.\0\\0l\0i\0b\0\\0l\0o\0g\0"\0 \0"\0-\0I\0l\0i\0b\0\\0k\0v\0a\0r\0g\0s\0"\0 \0"\0-\0I\0.\0.\0\\0l\0i\0b\0\\0k\0v\0a\0r\0g\0s\0"\0 \0"\0-\0I\0l\0i\0b\0\\0n\0e\0t\0"\0 \0"\0-\0I\0.\0.\0\\0l\0i\0b\0\\0n\0e\0t\0"\0 \0"\0-\0I\0l\0i\0b\0\\0m\0b\0u\0f\0"\0 \0"\0-\0I\0.\0.\0\\0l\0i\0b\0\\0m\0b\0u\0f\0"\0 \0"\0-\0I
\0l\0i\0b\0\\0m\0e\0m\0p\0o\0o\0l\0"\0 \0"\0-\0I\0.\0.\0\\0l\0i\0b\0\\0m\0e\0m\0p\0o\0o\0l\0"\0 \0"\0-\0I\0l\0i\0b\0\\0r\0i\0n\0g\0"\0 \0"\0-\0I\0.\0.\0\\0l\0i\0b\0\\0r\0i\0n\0g\0"\0 \0"\0-\0I\0l\0i\0b\0\\0m\0e\0t\0r\0i\0c\0s\0"\0 \0"\0-\0I\0.\0.\0\\0l\0i\0b\0\\0m\0e\0t\0r\0i\0c\0s\0"\0 \0"\0-\0I\0l\0i\0b\0\\0t\0e\0l\0e\0m\0e\0t\0r\0y\0"\0 \0"\0-\0I\0.\0.\0\\0l\0i\0b\0\\0t\0e\0l\0e\0m\0e\0t\0r\0y\0"\0 \0"\0-\0I\0l\0i\0b\0\\0m\0e\0t\0e\0r\0"\0 \0"\0-\0I\0.\0.\0\\0l\0i\0b\0\\0m\0e\0t\0e\0r\0"\0 \0"\0-\0I\0l\0i\0b\0\\0c\0m\0d\0l\0i\0n\0e\0"\0 \0"\0-\0I\0.\0.\0\\0l\0i\0b\0\\0c\0m\0d\0l\0i\0n\0e\0"\0 \0"\0-\0I\0l\0i\0b\0\\0b\0i\0t\0r\0a\0t\0e\0s\0t\0a\0t\0s\0"\0 \0"\0-\0I\0.\0.\0\\0l\0i\0b\0\\0b\0i\0t\0r\0a\0t\0e\0s\0t\0a\0t\0s\0"\0 \0"\0-\0I\0l\0i\0b\0\\0g\0r\0o\0"\0 \0"\0-\0I\0.\0.\0\\0l\0i\0b\0\\0g\0r\0o\0"\0 \0"\0-\0I\0l\0i\0b\0\\0g\0s\0o\0"\0 \0"\0-\0I\0.\0.\0\\0l\0i\0b\0\\0g\0s\0o\0"\0 \0"\0-\0I\0l\0i\0b\0\\0l\0a\0t\0e\0n\0c\0y\0s\0t\0a\0t\0s\0"\0 \0"\0-\0I\0.\0.\0\\0l\0i\0b\0\\0l\0a\0t\0e\0n\0c\0y\0s\0t\0a\0t\0s\0"\0 \0"\0-\0I\0C\0:\0\\0P\0r\0o\0g\0r\0a\0m\0 \0F\0i\0l\0e\0s\0\\0M\0e\0l\0l\0a\0n\0o\0x\0\\0M\0L\0N\0X\0_\0W\0i\0n\0O\0F\02\0_\0D\0e\0v\0X\0_\0S\0D\0K\0\\0i\0n\0c\0"\0 \0"\0/\0M\0D\0"\0 \0"\0/\0n\0o\0l\0o\0g\0o\0"\0 \0"\0/\0s\0h\0o\0w\0I\0n\0c\0l\0u\0d\0e\0s\0"\0 \0"\0/\0W\03\0"\0 \0"\0/\0W\0X\0"\0 \0"\0/\0s\0t\0d\0:\0c\01\01\0"\0 \0"\0/\0O\02\0"\0 \0"\0/\0G\0w\0"\0 \0"\0/\0w\0d\04\02\04\04\0"\0 \0"\0/\0w\0d\04\02\06\07\0"\0 \0"\0/\0w\0d\04\01\04\06\0"\0 \0"\0
/\0e\0x\0p\0e\0r\0i\0m\0e\0n\0t\0a\0l\0:\0c\01\01\0a\0t\0o\0m\0i\0c\0s\0"\0 \0"\0/\0d\01\0e\0x\0p\0e\0r\0i\0m\0e\0n\0t\0a\0l\0:\0t\0y\0p\0e\0o\0f\0"\0 \0"\0/\0e\0x\0p\0e\0r\0i\0m\0e\0n\0t\0a\0l\0:\0s\0t\0a\0t\0e\0m\0e\0n\0t\0E\0x\0p\0r\0e\0s\0s\0i\0o\0n\0s\0"\0 \0"\0/\0F\0I\0"\0 \0"\0r\0t\0e\0_\0c\0o\0n\0f\0i\0g\0.\0h\0"\0 \0"\0-\0D\0_\0G\0N\0U\0_\0S\0O\0U\0R\0C\0E\0"\0 \0"\0-\0D\0_\0W\0I\0N\03\02\0_\0W\0I\0N\0N\0T\0=\00\0x\00\0A\00\00\0"\0 \0"\0-\0D\0A\0L\0L\0O\0W\0_\0E\0X\0P\0E\0R\0I\0M\0E\0N\0T\0A\0L\0_\0A\0P\0I\0"\0 \0"\0/\0F\0d\0a\0p\0p\0\\0d\0p\0d\0k\0-\0t\0e\0s\0t\0p\0m\0d\0.\0e\0x\0e\0.\0p\0\\0t\0e\0s\0t\0-\0p\0m\0d\0_\0c\0m\0d\0l\0i\0n\0e\0_\0f\0l\0o\0w\0.\0c\0.\0p\0d\0b\0"\0 \0/\0F\0o\0a\0p\0p\0/\0d\0p\0d\0k\0-\0t\0e\0s\0t\0p\0m\0d\0.\0e\0x\0e\0.\0p\0/\0t\0e\0s\0t\0-\0p\0m\0d\0_\0c\0m\0d\0l\0i\0n\0e\0_\0f\0l\0o\0w\0.\0c\0.\0o\0b\0j\0 \0"\0/\0c\0"\0 \0.\0.\0/\0a\0p\0p\0/\0t\0e\0s\0t\0-\0p\0m\0d\0/\0c\0m\0d\0l\0i\0n\0e\0_\0f\0l\0o\0w\0.\0c\0
\0
\0C\0:\0\\0U\0s\0e\0r\0s\0\\0b\0u\0i\0l\0d\0e\0r\0\\0j\0e\0n\0k\0i\0n\0s\0\\0w\0o\0r\0k\0s\0p\0a\0c\0e\0\\0W\0i\0n\0d\0o\0w\0s\0-\0C\0o\0m\0p\0i\0l\0e\0-\0D\0P\0D\0K\0-\0V\0S\0\\0d\0p\0d\0k\0\\0l\0i\0b\0\\0e\0t\0h\0d\0e\0v\0\\0r\0t\0e\0_\0e\0t\0h\0d\0e\0v\0.\0h\0(\06\02\01\01\0)\0:\0 \0e\0r\0r\0o\0r\0 \0C\02\00\06\01\0:\0 \0s\0y\0n\0t\0a\0x\0 \0e\0r\0r\0o\0r\0:\0 \0i\0d\0e\0n\0t\0i\0f\0i\0e\0r\0 \0'\0o\0f\0f\0_\0t\0'\0
\0
\0C\0:\0\\0U\0s\0e\0r\0s\0\\0b\0u\0i\0l\0d\0e\0r\0\\0j\0e\0n\0k\0i\0n\0s\0\\0w\0o\0r\0k\0s\0p\0a\0c\0e\0\\0W\0i\0n\0d\0o\0w\0s\0-\0C\0o\0m\0p\0i\0l\0e\0-\0D\0P\0D\0K\0-\0V\0S\0\\0d\0p\0d\0k\0\\0l\0i\0b\0\\0e\0t\0h\0d\0e\0v\0\\0r\0t\0e\0_\0e\0t\0h\0d\0e\0v\0.\0h\0(\06\02\01\02\0)\0:\0 \0e\0r\0r\0o\0r\0 \0C\02\00\05\09\0:\0 \0s\0y\0n\0t\0a\0x\0 \0e\0r\0r\0o\0r\0:\0 \0'\0}\0'\0
\0
\0[\04\08\0/\03\06\00\0]\0 \0C\0o\0m\0p\0i\0l\0i\0n\0g\0 \0C\0 \0o\0b\0j\0e\0c\0t\0 \0a\0p\0p\0/\0d\0p\0d\0k\0-\0t\0e\0s\0t\0p\0m\0d\0.\0e\0x\0e\0.\0p\0/\0t\0e\0s\0t\0-\0p\0m\0d\0_\05\0t\0s\0w\0a\0p\0.\0c\0.\0o\0b\0j\0
\0
\0[\04\09\0/\03\06\00\0]\0 \0C\0o\0m\0p\0i\0l\0i\0n\0g\0 \0C\0 \0o\0b\0j\0e\0c\0t\0 \0a\0p\0p\0/\0d\0p\0d\0k\0-\0t\0e\0s\0t\0p\0m\0d\0.\0e\0x\0e\0.\0p\0/\0t\0e\0s\0t\0-\0p\0m\0d\0_\0c\0m\0d\0l\0i\0n\0e\0.\0c\0.\0o\0b\0j\0
\0
\0F\0A\0I\0L\0E\0D\0:\0 \0a\0p\0p\0/\0d\0p\0d\0k\0-\0t\0e\0s\0t\0p\0m\0d\0.\0e\0x\0e\0.\0p\0/\0t\0e\0s\0t\0-\0p\0m\0d\0_\0c\0m\0d\0l\0i\0n\0e\0.\0c\0.\0o\0b\0j\0 \0
\0
\0"\0c\0l\0"\0 \0"\0-\0I\0a\0p\0p\0\\0d\0p\0d\0k\0-\0t\0e\0s\0t\0p\0m\0d\0.\0e\0x\0e\0.\0p\0"\0 \0"\0-\0I\0a\0p\0p\0"\0 \0"\0-\0I\0.\0.\0\\0a\0p\0p\0"\0 \0"\0-\0I\0a\0p\0p\0\\0t\0e\0s\0t\0-\0p\0m\0d\0"\0 \0"\0-\0I\0.\0.\0\\0a\0p\0p\0\\0t\0e\0s\0t\0-\0p\0m\0d\0"\0 \0"\0-\0I\0l\0i\0b\0\\0e\0t\0h\0d\0e\0v\0"\0 \0"\0-\0I\0.\0.\0\\0l\0i\0b\0\\0e\0t\0h\0d\0e\0v\0"\0 \0"\0-\0I\0l\0i\0b\0\\0e\0a\0l\0\\0c\0o\0m\0m\0o\0n\0"\0 \0"\0-\0I\0.\0.\0\\0l\0i\0b\0\\0e\0a\0l\0\\0c\0o\0m\0m\0o\0n\0"\0 \0"\0-\0I\0.\0"\0 \0"\0-\0I\0.\0.\0"\0 \0"\0-\0I\0c\0o\0n\0f\0i\0g\0"\0 \0"\0-\0I\0.\0.\0\\0c\0o\0n\0f\0i\0g\0"\0 \0"\0-\0I\0l\0i\0b\0\\0e\0a\0l\0\\0i\0n\0c\0l\0u\0d\0e\0"\0 \0"\0-\0I\0.\0.\0\\0l\0i\0b\0\\0e\0a\0l\0\\0i\0n\0c\0l\0u\0d\0e\0"\0 \0"\0-\0I\0l\0i\0b\0\\0e\0a\0l\0\\0w\0i\0n\0d\0o\0w\0s\0\\0i\0n\0c\0l\0u\0d\0e\0"\0 \0"\0-\0I\0.\0.\0\\0l\0i\0b\0\\0e\0a\0l\0\\0w\0i\0n\0d\0o\0w\0s\0\\0i\0n\0c\0l\0u\0d\0e\0"\0 \0"\0-\0I\0l\0i\0b\0\\0e\0a\0l\0\\0x\08\06\0\\0i\0n\0c\0l\0u\0d\0e\0"\0 \0"\0-\0I\0.\0.\0\\0l\0i\0b\0\\0e\0a\0l\0\\0x\08\06\0\\0i\0n\0c\0l\0u\0d\0e\0"\0 \0"\0-\0I\0l\0i\0b\0\\0e\0a\0l\0"\0 \0"\0-\0I\0.\0.\0\\0l\0i\0b\0\\0e\0a\0l\0"\0 \0"\0-\0I\0l\0i\0b\0\\0l\0o\0g\0"\0 \0"\0-\0I\0.\0.\0\\0l\0i\0b\0\\0l\0o\0g\0"\0 \0"\0-\0I\0l\0i\0b\0\\0k\0v\0a\0r\0g\0s\0"\0 \0"\0-\0I\0.\0.\0\\0l\0i\0b\0\\0k\0v\0a\0r\0g\0s\0"\0 \0"\0-\0I\0l\0i\0b\0\\0n\0e\0t\0"\0 \0"\0-\0I\0.\0.\0\\0l\0i\0b\0\\0n\0e\0t\0"\0 \0"\0-\0I\0l\0i\0b\0\\0m\0b\0u\0f\0"\0 \0"\0-\0I\0.\0.\0\\0l\0i\0b\0\\0m\0b\0u\0f\0"\0 \0"\0-\0I
\0l\0i\0b\0\\0m\0e\0m\0p\0o\0o\0l\0"\0 \0"\0-\0I\0.\0.\0\\0l\0i\0b\0\\0m\0e\0m\0p\0o\0o\0l\0"\0 \0"\0-\0I\0l\0i\0b\0\\0r\0i\0n\0g\0"\0 \0"\0-\0I\0.\0.\0\\0l\0i\0b\0\\0r\0i\0n\0g\0"\0 \0"\0-\0I\0l\0i\0b\0\\0m\0e\0t\0r\0i\0c\0s\0"\0 \0"\0-\0I\0.\0.\0\\0l\0i\0b\0\\0m\0e\0t\0r\0i\0c\0s\0"\0 \0"\0-\0I\0l\0i\0b\0\\0t\0e\0l\0e\0m\0e\0t\0r\0y\0"\0 \0"\0-\0I\0.\0.\0\\0l\0i\0b\0\\0t\0e\0l\0e\0m\0e\0t\0r\0y\0"\0 \0"\0-\0I\0l\0i\0b\0\\0m\0e\0t\0e\0r\0"\0 \0"\0-\0I\0.\0.\0\\0l\0i\0b\0\\0m\0e\0t\0e\0r\0"\0 \0"\0-\0I\0l\0i\0b\0\\0c\0m\0d\0l\0i\0n\0e\0"\0 \0"\0-\0I\0.\0.\0\\0l\0i\0b\0\\0c\0m\0d\0l\0i\0n\0e\0"\0 \0"\0-\0I\0l\0i\0b\0\\0b\0i\0t\0r\0a\0t\0e\0s\0t\0a\0t\0s\0"\0 \0"\0-\0I\0.\0.\0\\0l\0i\0b\0\\0b\0i\0t\0r\0a\0t\0e\0s\0t\0a\0t\0s\0"\0 \0"\0-\0I\0l\0i\0b\0\\0g\0r\0o\0"\0 \0"\0-\0I\0.\0.\0\\0l\0i\0b\0\\0g\0r\0o\0"\0 \0"\0-\0I\0l\0i\0b\0\\0g\0s\0o\0"\0 \0"\0-\0I\0.\0.\0\\0l\0i\0b\0\\0g\0s\0o\0"\0 \0"\0-\0I\0l\0i\0b\0\\0l\0a\0t\0e\0n\0c\0y\0s\0t\0a\0t\0s\0"\0 \0"\0-\0I\0.\0.\0\\0l\0i\0b\0\\0l\0a\0t\0e\0n\0c\0y\0s\0t\0a\0t\0s\0"\0 \0"\0-\0I\0C\0:\0\\0P\0r\0o\0g\0r\0a\0m\0 \0F\0i\0l\0e\0s\0\\0M\0e\0l\0l\0a\0n\0o\0x\0\\0M\0L\0N\0X\0_\0W\0i\0n\0O\0F\02\0_\0D\0e\0v\0X\0_\0S\0D\0K\0\\0i\0n\0c\0"\0 \0"\0/\0M\0D\0"\0 \0"\0/\0n\0o\0l\0o\0g\0o\0"\0 \0"\0/\0s\0h\0o\0w\0I\0n\0c\0l\0u\0d\0e\0s\0"\0 \0"\0/\0W\03\0"\0 \0"\0/\0W\0X\0"\0 \0"\0/\0s\0t\0d\0:\0c\01\01\0"\0 \0"\0/\0O\02\0"\0 \0"\0/\0G\0w\0"\0 \0"\0/\0w\0d\04\02\04\04\0"\0 \0"\0/\0w\0d\04\02\06\07\0"\0 \0"\0/\0w\0d\04\01\04\06\0"\0 \0"\0
/\0e\0x\0p\0e\0r\0i\0m\0e\0n\0t\0a\0l\0:\0c\01\01\0a\0t\0o\0m\0i\0c\0s\0"\0 \0"\0/\0d\01\0e\0x\0p\0e\0r\0i\0m\0e\0n\0t\0a\0l\0:\0t\0y\0p\0e\0o\0f\0"\0 \0"\0/\0e\0x\0p\0e\0r\0i\0m\0e\0n\0t\0a\0l\0:\0s\0t\0a\0t\0e\0m\0e\0n\0t\0E\0x\0p\0r\0e\0s\0s\0i\0o\0n\0s\0"\0 \0"\0/\0F\0I\0"\0 \0"\0r\0t\0e\0_\0c\0o\0n\0f\0i\0g\0.\0h\0"\0 \0"\0-\0D\0_\0G\0N\0U\0_\0S\0O\0U\0R\0C\0E\0"\0 \0"\0-\0D\0_\0W\0I\0N\03\02\0_\0W\0I\0N\0N\0T\0=\00\0x\00\0A\00\00\0"\0 \0"\0-\0D\0A\0L\0L\0O\0W\0_\0E\0X\0P\0E\0R\0I\0M\0E\0N\0T\0A\0L\0_\0A\0P\0I\0"\0 \0"\0/\0F\0d\0a\0p\0p\0\\0d\0p\0d\0k\0-\0t\0e\0s\0t\0p\0m\0d\0.\0e\0x\0e\0.\0p\0\\0t\0e\0s\0t\0-\0p\0m\0d\0_\0c\0m\0d\0l\0i\0n\0e\0.\0c\0.\0p\0d\0b\0"\0 \0/\0F\0o\0a\0p\0p\0/\0d\0p\0d\0k\0-\0t\0e\0s\0t\0p\0m\0d\0.\0e\0x\0e\0.\0p\0/\0t\0e\0s\0t\0-\0p\0m\0d\0_\0c\0m\0d\0l\0i\0n\0e\0.\0c\0.\0o\0b\0j\0 \0"\0/\0c\0"\0 \0.\0.\0/\0a\0p\0p\0/\0t\0e\0s\0t\0-\0p\0m\0d\0/\0c\0m\0d\0l\0i\0n\0e\0.\0c\0
\0
\0C\0:\0\\0U\0s\0e\0r\0s\0\\0b\0u\0i\0l\0d\0e\0r\0\\0j\0e\0n\0k\0i\0n\0s\0\\0w\0o\0r\0k\0s\0p\0a\0c\0e\0\\0W\0i\0n\0d\0o\0w\0s\0-\0C\0o\0m\0p\0i\0l\0e\0-\0D\0P\0D\0K\0-\0V\0S\0\\0d\0p\0d\0k\0\\0l\0i\0b\0\\0e\0t\0h\0d\0e\0v\0\\0r\0t\0e\0_\0e\0t\0h\0d\0e\0v\0.\0h\0(\06\02\01\01\0)\0:\0 \0e\0r\0r\0o\0r\0 \0C\02\00\06\01\0:\0 \0s\0y\0n\0t\0a\0x\0 \0e\0r\0r\0o\0r\0:\0 \0i\0d\0e\0n\0t\0i\0f\0i\0e\0r\0 \0'\0o\0f\0f\0_\0t\0'\0
\0
\0C\0:\0\\0U\0s\0e\0r\0s\0\\0b\0u\0i\0l\0d\0e\0r\0\\0j\0e\0n\0k\0i\0n\0s\0\\0w\0o\0r\0k\0s\0p\0a\0c\0e\0\\0W\0i\0n\0d\0o\0w\0s\0-\0C\0o\0m\0p\0i\0l\0e\0-\0D\0P\0D\0K\0-\0V\0S\0\\0d\0p\0d\0k\0\\0l\0i\0b\0\\0e\0t\0h\0d\0e\0v\0\\0r\0t\0e\0_\0e\0t\0h\0d\0e\0v\0.\0h\0(\06\02\01\02\0)\0:\0 \0e\0r\0r\0o\0r\0 \0C\02\00\05\09\0:\0 \0s\0y\0n\0t\0a\0x\0 \0e\0r\0r\0o\0r\0:\0 \0'\0}\0'\0
\0
\0[\05\00\0/\03\06\00\0]\0 \0C\0o\0m\0p\0i\0l\0i\0n\0g\0 \0C\0 \0o\0b\0j\0e\0c\0t\0 \0l\0i\0b\0/\0l\0i\0b\0r\0t\0e\0_\0r\0i\0b\0.\0a\0.\0p\0/\0r\0i\0b\0_\0r\0t\0e\0_\0r\0i\0b\0.\0c\0.\0o\0b\0j\0
\0
\0[\05\01\0/\03\06\00\0]\0 \0C\0o\0m\0p\0i\0l\0i\0n\0g\0 \0C\0 \0o\0b\0j\0e\0c\0t\0 \0l\0i\0b\0/\0l\0i\0b\0r\0t\0e\0_\0r\0i\0b\0.\0a\0.\0p\0/\0r\0i\0b\0_\0r\0t\0e\0_\0r\0i\0b\06\0.\0c\0.\0o\0b\0j\0
\0
\0[\05\02\0/\03\06\00\0]\0 \0C\0o\0m\0p\0i\0l\0i\0n\0g\0 \0C\0 \0o\0b\0j\0e\0c\0t\0 \0l\0i\0b\0/\0l\0i\0b\0r\0t\0e\0_\0r\0e\0o\0r\0d\0e\0r\0.\0a\0.\0p\0/\0r\0e\0o\0r\0d\0e\0r\0_\0r\0t\0e\0_\0r\0e\0o\0r\0d\0e\0r\0.\0c\0.\0o\0b\0j\0
\0
\0n\0i\0n\0j\0a\0:\0 \0b\0u\0i\0l\0d\0 \0s\0t\0o\0p\0p\0e\0d\0:\0 \0s\0u\0b\0c\0o\0m\0m\0a\0n\0d\0 \0f\0a\0i\0l\0e\0d\0.\0
\0
\0
==== End log output ====
CentOS Stream 9
Kernel: Depends on container host
Compiler: gcc 11.5.0 20240719 (Red Hat 11.5.0-2)
CentOS Stream 10
Kernel: Depends on container host
Compiler: gcc 14.2.1 20241104 (Red Hat 14.2.1-6)
openSUSE Leap 15
Kernel: Depends on container host
Compiler: gcc (SUSE Linux) 7.5.0
Debian 12
Kernel: Depends on container host
Compiler: gcc (Debian 12.2.0-14) 12.2.0
Fedora 40
Kernel: Depends on container host
Compiler: gcc 14.2.1 20240912 (Red Hat 14.2.1-3)
Fedora 41
Kernel: Depends on container host
Compiler: gcc 14.2.1 20240912 (Red Hat 14.2.1-3)
Fedora 41 (Clang)
Kernel: Depends on container host
Compiler: clang 19.1.5 (Fedora 19.1.5-1.fc41)
Fedora 40 (Clang)
Kernel: Depends on container host
Compiler: clang 18.1.8 (Fedora 18.1.8-1.fc40)
RHEL8
Kernel: Depends on container host
Compiler: gcc 8.5.0 20210514 (Red Hat 8.5.0-22)
Ubuntu 20.04
Kernel: Depends on container host
Compiler: gcc (Ubuntu 9.4.0-1ubuntu1~20.04.2) 9.4.0
Ubuntu 24.04
Kernel: Depends on container host
Compiler: gcc (Ubuntu 13.3.0-6ubuntu2~24.04) 13.3.0
Ubuntu 22.04
Kernel: Depends on container host
Compiler: gcc (Ubuntu 11.4.0-1ubuntu1~22.04) 11.4.0
RHEL9
Kernel: Depends on container host
Compiler: gcc 11.5.0 20240719 (Red Hat 11.5.0-2)
Ubuntu 24.04 32 Bit Cross Compile
Kernel: Depends on container host
Compiler: gcc (Ubuntu 13.3.0-6ubuntu2~24.04) 13.3.0
Alpine
Kernel: Depends on container host
Compiler: gcc (Alpine 14.2.0) 14.2.0
FreeBSD 13.5
Kernel: 13.5-RELEASE
Compiler: clang 19.1.7
FreeBSD 14.2
Kernel: 14.2-RELEASE
Compiler: clang 18.1.6
Windows Server 2022
Kernel: 10.0.20348.2031
Compiler: clang 15.0.7, gcc 14.1.0 (MinGW), and MSVC VS 19.39.33521
To view detailed results, visit:
https://lab.dpdk.org/results/dashboard/patchsets/33202/
UNH-IOL DPDK Community Lab
To manage your email subscriptions, visit:
https://lab.dpdk.org/results/dashboard/preferences/subscriptions/
next prev parent reply other threads:[~2025-05-17 16:05 UTC|newest]
Thread overview: 26+ messages / expand[flat|nested] mbox.gz Atom feed top
[not found] <20250517151736.2565461-4-wathsala.vithanage@arm.com>
2025-05-17 14:43 ` |SUCCESS| pw153504-153506 [RFC PATCH v4 3/3] ethdev: introduce the cache stashing hints API qemudev
2025-05-17 14:47 ` qemudev
2025-05-17 15:18 ` |SUCCESS| pw153506 " checkpatch
2025-05-17 15:49 ` |FAILURE| pw153504-153506 [PATCH] [RFC,v4,3/3] ethdev: introduce the dpdklab
2025-05-17 15:53 ` |SUCCESS| " dpdklab
2025-05-17 15:53 ` dpdklab
2025-05-17 15:55 ` |PENDING| " dpdklab
2025-05-17 15:55 ` |SUCCESS| " dpdklab
2025-05-17 16:00 ` |PENDING| " dpdklab
2025-05-17 16:02 ` |FAILURE| " dpdklab
2025-05-17 16:03 ` |SUCCESS| " dpdklab
2025-05-17 16:04 ` |FAILURE| " dpdklab
2025-05-17 16:04 ` dpdklab
2025-05-17 16:05 ` dpdklab [this message]
2025-05-17 16:06 ` |SUCCESS| " dpdklab
2025-05-17 16:10 ` |WARNING| " dpdklab
2025-05-17 16:17 ` |SUCCESS| " dpdklab
2025-05-17 16:19 ` dpdklab
2025-05-17 16:24 ` |FAILURE| pw153506 [RFC PATCH v4 3/3] ethdev: introduce the cache stashing hints API 0-day Robot
2025-05-17 16:41 ` |SUCCESS| pw153504-153506 [PATCH] [RFC,v4,3/3] ethdev: introduce the dpdklab
2025-05-17 16:48 ` |WARNING| " dpdklab
2025-05-17 16:54 ` dpdklab
2025-05-17 16:56 ` |FAILURE| " dpdklab
2025-05-17 17:40 ` dpdklab
2025-05-17 20:15 ` |SUCCESS| " dpdklab
2025-05-17 21:45 ` dpdklab
Reply instructions:
You may reply publicly to this message via plain-text email
using any one of the following methods:
* Save the following mbox file, import it into your mail client,
and reply-to-all from there: mbox
Avoid top-posting and favor interleaved quoting:
https://en.wikipedia.org/wiki/Posting_style#Interleaved_style
* Reply using the --to, --cc, and --in-reply-to
switches of git-send-email(1):
git send-email \
--in-reply-to=6828b3af.050a0220.2fcd4.c705SMTPIN_ADDED_MISSING@mx.google.com \
--to=dpdklab@iol.unh.edu \
--cc=dpdk-test-reports@iol.unh.edu \
--cc=test-report@dpdk.org \
--cc=wathsala.vithanage@arm.com \
/path/to/YOUR_REPLY
https://kernel.org/pub/software/scm/git/docs/git-send-email.html
* If your mail client supports setting the In-Reply-To header
via mailto: links, try the mailto: link
Be sure your reply has a Subject: header at the top and a blank line
before the message body.
This is a public inbox, see mirroring instructions
for how to clone and mirror all data and code used for this inbox;
as well as URLs for NNTP newsgroup(s).