automatic DPDK test reports
 help / color / mirror / Atom feed
From: dpdklab@iol.unh.edu
To: Test Report <test-report@dpdk.org>
Cc: dpdk-test-reports@iol.unh.edu
Subject: |WARNING| pw153504-153506 [PATCH] [RFC,v4,3/3] ethdev: introduce the
Date: Sat, 17 May 2025 09:10:23 -0700 (PDT)	[thread overview]
Message-ID: <6828b4ef.050a0220.2a6bbd.b338SMTPIN_ADDED_MISSING@mx.google.com> (raw)
In-Reply-To: <20250517151736.2565461-4-wathsala.vithanage@arm.com>

Test-Label: iol-sample-apps-testing
Test-Status: WARNING
http://dpdk.org/patch/153506

_Testing issues_

Submitter: Wathsala Vithanage <wathsala.vithanage@arm.com>
Date: Saturday, May 17 2025 15:17:35 
DPDK git baseline: Repo:dpdk
  Branch: master
  CommitID:ff05ee3e3f8fb4ce958a2ce6461e8141aea959c6

153504-153506 --> testing issues

Upstream job id: ACVP-FIPS-testing#9851

Test environment and result as below:

+--------------+----------------------+
| Environment  | dpdk_fips_validation |
+==============+======================+
| Ubuntu 20.04 | WARN                 |
+--------------+----------------------+

==== 20 line log output for Ubuntu 20.04 (dpdk_fips_validation): ====
Traceback (most recent call last):
File "/dpdk-ci/tools/acvp/acvp_tool.py", line 368, in <module>
main(
File "/dpdk-ci/tools/acvp/acvp_tool.py", line 314, in main
with open(response_path, 'r') as upload_file:
FileNotFoundError: [Errno 2] No such file or directory: '/root/workspace/ACVP-FIPS-testing/out/hmac-sha-1-answers.rsp'
INFO:root:Using response file...
Traceback (most recent call last):
File "/dpdk-ci/tools/acvp/acvp_tool.py", line 368, in <module>
main(
File "/dpdk-ci/tools/acvp/acvp_tool.py", line 314, in main
with open(response_path, 'r') as upload_file:
FileNotFoundError: [Errno 2] No such file or directory: '/root/workspace/ACVP-FIPS-testing/out/acvp-tdes-cbc-answers.rsp'
INFO:root:Using response file...
Traceback (most recent call last):
File "/dpdk-ci/tools/acvp/acvp_tool.py", line 368, in <module>
main(
File "/dpdk-ci/tools/acvp/acvp_tool.py", line 314, in main
with open(response_path, 'r') as upload_file:
FileNotFoundError: [Errno 2] No such file or directory: '/root/workspace/ACVP-FIPS-testing/out/acvp-aes-ctr-answers.rsp'
==== End log output ====

Ubuntu 20.04
	Kernel: Depends on container host
	Compiler: gcc (Ubuntu 9.4.0-1ubuntu1~20.04.2) 9.4.0

To view detailed results, visit:
https://lab.dpdk.org/results/dashboard/patchsets/33202/

UNH-IOL DPDK Community Lab

To manage your email subscriptions, visit: 
https://lab.dpdk.org/results/dashboard/preferences/subscriptions/

  parent reply	other threads:[~2025-05-17 16:10 UTC|newest]

Thread overview: 26+ messages / expand[flat|nested]  mbox.gz  Atom feed  top
     [not found] <20250517151736.2565461-4-wathsala.vithanage@arm.com>
2025-05-17 14:43 ` |SUCCESS| pw153504-153506 [RFC PATCH v4 3/3] ethdev: introduce the cache stashing hints API qemudev
2025-05-17 14:47 ` qemudev
2025-05-17 15:18 ` |SUCCESS| pw153506 " checkpatch
2025-05-17 15:49 ` |FAILURE| pw153504-153506 [PATCH] [RFC,v4,3/3] ethdev: introduce the dpdklab
2025-05-17 15:53 ` |SUCCESS| " dpdklab
2025-05-17 15:53 ` dpdklab
2025-05-17 15:55 ` |PENDING| " dpdklab
2025-05-17 15:55 ` |SUCCESS| " dpdklab
2025-05-17 16:00 ` |PENDING| " dpdklab
2025-05-17 16:02 ` |FAILURE| " dpdklab
2025-05-17 16:03 ` |SUCCESS| " dpdklab
2025-05-17 16:04 ` |FAILURE| " dpdklab
2025-05-17 16:04 ` dpdklab
2025-05-17 16:05 ` dpdklab
2025-05-17 16:06 ` |SUCCESS| " dpdklab
2025-05-17 16:10 ` dpdklab [this message]
2025-05-17 16:17 ` dpdklab
2025-05-17 16:19 ` dpdklab
2025-05-17 16:24 ` |FAILURE| pw153506 [RFC PATCH v4 3/3] ethdev: introduce the cache stashing hints API 0-day Robot
2025-05-17 16:41 ` |SUCCESS| pw153504-153506 [PATCH] [RFC,v4,3/3] ethdev: introduce the dpdklab
2025-05-17 16:48 ` |WARNING| " dpdklab
2025-05-17 16:54 ` dpdklab
2025-05-17 16:56 ` |FAILURE| " dpdklab
2025-05-17 17:40 ` dpdklab
2025-05-17 20:15 ` |SUCCESS| " dpdklab
2025-05-17 21:45 ` dpdklab

Reply instructions:

You may reply publicly to this message via plain-text email
using any one of the following methods:

* Save the following mbox file, import it into your mail client,
  and reply-to-all from there: mbox

  Avoid top-posting and favor interleaved quoting:
  https://en.wikipedia.org/wiki/Posting_style#Interleaved_style

* Reply using the --to, --cc, and --in-reply-to
  switches of git-send-email(1):

  git send-email \
    --in-reply-to=6828b4ef.050a0220.2a6bbd.b338SMTPIN_ADDED_MISSING@mx.google.com \
    --to=dpdklab@iol.unh.edu \
    --cc=dpdk-test-reports@iol.unh.edu \
    --cc=test-report@dpdk.org \
    /path/to/YOUR_REPLY

  https://kernel.org/pub/software/scm/git/docs/git-send-email.html

* If your mail client supports setting the In-Reply-To header
  via mailto: links, try the mailto: link
Be sure your reply has a Subject: header at the top and a blank line before the message body.
This is a public inbox, see mirroring instructions
for how to clone and mirror all data and code used for this inbox;
as well as URLs for NNTP newsgroup(s).