From mboxrd@z Thu Jan 1 00:00:00 1970 Return-Path: Received: from mails.dpdk.org (mails.dpdk.org [217.70.189.124]) by inbox.dpdk.org (Postfix) with ESMTP id B971146774 for ; Sat, 17 May 2025 18:48:37 +0200 (CEST) Received: from mails.dpdk.org (localhost [127.0.0.1]) by mails.dpdk.org (Postfix) with ESMTP id 98E6940689; Sat, 17 May 2025 18:48:37 +0200 (CEST) Received: from mail-pj1-f100.google.com (mail-pj1-f100.google.com [209.85.216.100]) by mails.dpdk.org (Postfix) with ESMTP id D205F4067D for ; Sat, 17 May 2025 18:48:35 +0200 (CEST) Received: by mail-pj1-f100.google.com with SMTP id 98e67ed59e1d1-30e87549254so2089176a91.2 for ; Sat, 17 May 2025 09:48:35 -0700 (PDT) DKIM-Signature: v=1; a=rsa-sha256; c=relaxed/relaxed; d=iol.unh.edu; s=unh-iol; t=1747500515; x=1748105315; darn=dpdk.org; h=references:in-reply-to:cc:to:from:subject:message-id:date:from:to :cc:subject:date:message-id:reply-to; bh=yxSxMO+gNOJkr7Pc4PeucM12k6Ep/Hk7mFgbAP++uzI=; b=fi1Sb+hUeRjKs32MzRYa0fUhvWO5LGt/yqdK6bPXgESu35bdP5MLRWDMcN2ULWUA1/ 0wM6DX7SsYpe5VtFUoEKYz4tqxKpBLfTra3rDDfo+nBe3Kty6aIthq67k/q0xyJgs+f1 Ms/553ULQIgfkdf+wEYl8iuT6udcbiR9YrN3k= X-Google-DKIM-Signature: v=1; a=rsa-sha256; c=relaxed/relaxed; d=1e100.net; s=20230601; t=1747500515; x=1748105315; h=references:in-reply-to:cc:to:from:subject:message-id:date :x-gm-message-state:from:to:cc:subject:date:message-id:reply-to; bh=yxSxMO+gNOJkr7Pc4PeucM12k6Ep/Hk7mFgbAP++uzI=; b=r9gU2tgbAxea7W0B3eExzDhLVDTywdq5swdSdixp+Raakx8CdgiSjeY0+oRZJuOwwW c/yG6UGRwLERShreNdUse84Tf+fQlYTppulQjnKBPO+aph/w0Tx13jiYMDD50knTDIlf PcS8a9eANbQfiLh91+qAwVqRCMkPzOvdhTGqi1i/pyLV5bn9Xc+Hp7HC7HyevsFLLnao ZJkDzlEkZ3ZrbX85dP1FTxJHhSvjnkTDx/aJQebjGakqD0CvK9Ga735g5Q2UKQ4vKs30 XHZ7AZdD4iMuQeTwfqxUBrhUqndRV09PrpeCsuacqa+3+ZhakOR/TZesXGNfRMwpGoVv BjKA== X-Gm-Message-State: AOJu0YzNtevpA0FHMPQtmQERytNegX//AaHSla0rFb8mzKoWCmyMecJ7 +6OOA8zPjDv9c9vugGHSO9nIUkbjMwXpsK066frFUOPRSkESfTDQMmF3iRepIt2kvfEHWMAwvsS niGF6IPPx3HEQnrfLpYgErp/dFiDsOxWSNNdvgBLpaBtVe5abdbo9dgqkt+Xw X-Gm-Gg: ASbGncvoK/uuHO8WW2v6yNu6y7o/LtW4N8sqYi2aj3bwFJ4IdbVSlZyVOSmvVcxLMxx geRzJDifQLv8c7MFtly80eobUYe0xv64qXUWC18ku8PnVMSX9IMCgEw2H/GzaFiZa8l95A0Py27 mQ7doRhD1RO8iH8OS5jKVisFH9l3luWki8zaUYzvTlkk87hS88LxDXQSTLwg6YahS9zEZYEbbeP K+IL0JWQg5UM4QEaLeEW8mfs4N6cCs3uCYE4qy2SP1fvWZYuVIvBEQyTTElwGx4dxQzCDPFWry8 ITW4iopNISQs3Regbih3eoz7VQ9HvaAAVx+j X-Google-Smtp-Source: AGHT+IHK++xChUbAKy2NZVJm7bFnHe9wSjJUBWuuUbcHft9VQQL7YWSA5IEgwfdkhcU8XUjjmh1Q157J35rl X-Received: by 2002:a17:90b:3905:b0:2ee:5bc9:75c3 with SMTP id 98e67ed59e1d1-30e7d501dd0mr9641040a91.5.1747500514669; Sat, 17 May 2025 09:48:34 -0700 (PDT) Received: from postal.iol.unh.edu (postal.iol.unh.edu. [2606:4100:3880:1234::84]) by smtp-relay.gmail.com with ESMTPS id 98e67ed59e1d1-30e7d49441fsm444354a91.5.2025.05.17.09.48.34 (version=TLS1_2 cipher=ECDHE-ECDSA-AES128-GCM-SHA256 bits=128/128); Sat, 17 May 2025 09:48:34 -0700 (PDT) X-Relaying-Domain: iol.unh.edu Date: Sat, 17 May 2025 09:48:34 -0700 (PDT) Message-ID: <6828bde2.170a0220.2175a0.8ee5SMTPIN_ADDED_MISSING@mx.google.com> Received: from [172.21.0.6] (unknown [172.18.0.240]) by postal.iol.unh.edu (Postfix) with ESMTP id CBDEB6052471; Sat, 17 May 2025 12:48:33 -0400 (EDT) Subject: |WARNING| pw153504-153506 [PATCH] [RFC,v4,3/3] ethdev: introduce the From: dpdklab@iol.unh.edu To: Test Report Cc: dpdk-test-reports@iol.unh.edu In-Reply-To: <20250517151736.2565461-4-wathsala.vithanage@arm.com> References: <20250517151736.2565461-4-wathsala.vithanage@arm.com> Content-Type: text/plain X-BeenThere: test-report@dpdk.org X-Mailman-Version: 2.1.29 Precedence: list List-Id: automatic DPDK test reports List-Unsubscribe: , List-Archive: List-Post: List-Help: List-Subscribe: , Errors-To: test-report-bounces@dpdk.org Test-Label: iol-abi-testing Test-Status: WARNING http://dpdk.org/patch/153506 _Testing issues_ Submitter: Wathsala Vithanage Date: Saturday, May 17 2025 15:17:35 DPDK git baseline: Repo:dpdk Branch: master CommitID:ff05ee3e3f8fb4ce958a2ce6461e8141aea959c6 153504-153506 --> testing issues Upstream job id: Generic-DPDK-Compile-ABI#126815 Test environment and result as below: +-------------------+----------+ | Environment | abi_test | +===================+==========+ | CentOS Stream 9 | FAIL | +-------------------+----------+ | CentOS Stream 10 | FAIL | +-------------------+----------+ | Debian 12 | FAIL | +-------------------+----------+ | Fedora 41 | FAIL | +-------------------+----------+ | Fedora 40 (Clang) | FAIL | +-------------------+----------+ | Fedora 41 (Clang) | FAIL | +-------------------+----------+ | openSUSE Leap 15 | FAIL | +-------------------+----------+ | Fedora 40 | FAIL | +-------------------+----------+ | RHEL8 | FAIL | +-------------------+----------+ | Ubuntu 22.04 | FAIL | +-------------------+----------+ | RHEL9 | FAIL | +-------------------+----------+ | Ubuntu 24.04 | FAIL | +-------------------+----------+ ==== 20 line log output for Ubuntu 24.04 (abi_test): ==== Variables changes summary: 0 Removed, 0 Changed, 0 Added variable Functions changes summary: 0 Removed, 0 Changed (5 filtered out), 0 Added functions Variables changes summary: 0 Removed, 0 Changed, 0 Added variable Functions changes summary: 0 Removed, 0 Changed (2 filtered out), 0 Added functions Variables changes summary: 0 Removed, 0 Changed, 0 Added variable Functions changes summary: 0 Removed, 0 Changed (24 filtered out), 0 Added functions Variables changes summary: 0 Removed, 0 Changed (2 filtered out), 0 Added variables Functions changes summary: 0 Removed, 0 Changed (7 filtered out), 0 Added functions Variables changes summary: 0 Removed, 0 Changed, 0 Added variable Functions changes summary: 0 Removed, 0 Changed (4 filtered out), 0 Added (1 filtered out) functions Variables changes summary: 0 Removed, 0 Changed (1 filtered out), 0 Added variable Functions changes summary: 0 Removed, 0 Changed (215 filtered out), 0 Added (2 filtered out) functions Variables changes summary: 0 Removed, 0 Changed, 0 Added variable ==== End log output ==== CentOS Stream 9 Kernel: Depends on container host Compiler: gcc 11.5.0 20240719 (Red Hat 11.5.0-2) CentOS Stream 10 Kernel: Depends on container host Compiler: gcc 14.2.1 20241104 (Red Hat 14.2.1-6) Debian 12 Kernel: Depends on container host Compiler: gcc (Debian 12.2.0-14) 12.2.0 Fedora 41 Kernel: Depends on container host Compiler: gcc 14.2.1 20240912 (Red Hat 14.2.1-3) Fedora 40 (Clang) Kernel: Depends on container host Compiler: clang 18.1.8 (Fedora 18.1.8-1.fc40) Fedora 41 (Clang) Kernel: Depends on container host Compiler: clang 19.1.5 (Fedora 19.1.5-1.fc41) openSUSE Leap 15 Kernel: Depends on container host Compiler: gcc (SUSE Linux) 7.5.0 Fedora 40 Kernel: Depends on container host Compiler: gcc 14.2.1 20240912 (Red Hat 14.2.1-3) RHEL8 Kernel: Depends on container host Compiler: gcc 8.5.0 20210514 (Red Hat 8.5.0-22) Ubuntu 22.04 Kernel: Depends on container host Compiler: gcc (Ubuntu 11.4.0-1ubuntu1~22.04) 11.4.0 RHEL9 Kernel: Depends on container host Compiler: gcc 11.5.0 20240719 (Red Hat 11.5.0-2) Ubuntu 24.04 Kernel: Depends on container host Compiler: gcc (Ubuntu 13.3.0-6ubuntu2~24.04) 13.3.0 To view detailed results, visit: https://lab.dpdk.org/results/dashboard/patchsets/33202/ UNH-IOL DPDK Community Lab To manage your email subscriptions, visit: https://lab.dpdk.org/results/dashboard/preferences/subscriptions/