From mboxrd@z Thu Jan 1 00:00:00 1970 Return-Path: Received: from mails.dpdk.org (mails.dpdk.org [217.70.189.124]) by inbox.dpdk.org (Postfix) with ESMTP id 655BA46776 for ; Sat, 17 May 2025 18:56:24 +0200 (CEST) Received: from mails.dpdk.org (localhost [127.0.0.1]) by mails.dpdk.org (Postfix) with ESMTP id 5EBAB40689; Sat, 17 May 2025 18:56:24 +0200 (CEST) Received: from mail-qt1-f226.google.com (mail-qt1-f226.google.com [209.85.160.226]) by mails.dpdk.org (Postfix) with ESMTP id 582354067D for ; Sat, 17 May 2025 18:56:23 +0200 (CEST) Received: by mail-qt1-f226.google.com with SMTP id d75a77b69052e-4766cb762b6so36030931cf.0 for ; Sat, 17 May 2025 09:56:23 -0700 (PDT) DKIM-Signature: v=1; a=rsa-sha256; c=relaxed/relaxed; d=iol.unh.edu; s=unh-iol; t=1747500982; x=1748105782; darn=dpdk.org; h=references:in-reply-to:cc:to:from:subject:message-id:date:from:to :cc:subject:date:message-id:reply-to; bh=Rt9pN80pqV/ZP8MZ/IExqI3G/IJcLeXFmHft3SK27sg=; b=YzJY4R0fvzlPnaGJDTYJfz6/W9gsstVrvV8zjd9N2AQqrLCViindwe5sbvKdVAFdna zS09Gkh1RQmutk/3Mi6EUkemVZWam+be0dcSbLdjlWfcrDlb65IojZUgCWpPQq6KuPhv gK9WnWdCCypqUE8GaEyY40fX5o4kfJsBvoir8= X-Google-DKIM-Signature: v=1; a=rsa-sha256; c=relaxed/relaxed; d=1e100.net; s=20230601; t=1747500982; x=1748105782; h=references:in-reply-to:cc:to:from:subject:message-id:date :x-gm-message-state:from:to:cc:subject:date:message-id:reply-to; bh=Rt9pN80pqV/ZP8MZ/IExqI3G/IJcLeXFmHft3SK27sg=; b=WiWRVotZ8ZmvOtP3SOswzKK+pCuenLkGC+j7YrDsfUGMQm/fIgbjyt6Ev8wcGh/Hh6 SnX32/Obir9y5iJXeFq6k0Eh6XRNHDjLBs+1I3m0rqa3ohTQRO86ivNWV15vgxQVBjiD rHy7mlUn++jsvKxe6wbIH7U2Ix6zRgInC2nRHnXvwQiQmGnMIlXFMTBcbYLa0V1mSI0J 7g3H/yXtBjuKmP6PiTDqY4ZDSSEsMXr5Ke0WNvyc07XDOLp+XcTsn6fGIKAFB3MW9vM6 To1e8hHOs91Vzszw+og9QfctqFCSt34vd/GRTnQ4AlGuabEtTVDR3rNiV+lDSQLW0KPY Tn4A== X-Gm-Message-State: AOJu0YxNlO4zaPmHCkeVIIyTWUSz7DFhND4UwKywyVfyeJ1bQHzPEuzH QtdqFBc5FddkFevxirWcGAe5c5FAG7RlzbLTOkaX/WNQdTLWAHK09j5FV5zRmL9I2vbZ9f7+JNO fr1Uw2AqjzWAIIEnWyNX5TzbLQIr6qJ1VZZi+ X-Gm-Gg: ASbGncs4i5eulljzn/mBDE9tgW2hf56nPFxp13oQyj8fVJUSt7W8gMy7iCBz6PQDaDP Z1FtTY39YcRSIawK/c6b3wjXsPdpiT9t8oV8p9+izJ97fjwOF9Ez3UK3Uofi93FujMPOc4x/4lC Q+iDw5Iw6War6OuluAtJ1gWjifxOKbZCi+XUxTyjxGSnTzATTi+j1ZX73x6ky8KhpqrsfjP4F+3 6xcSJyGvemmIucAHs2RUxJX2Dm2YFeux54rRQL0dmAwG7Gz+maL2ZK5qsSegJgE4tpoOYu9Hhn2 fidURD0pP3h64PAlh7t2QD0OluKPpH+Rm6nNElTDSMK/TNtStAd8bnxkRyA= X-Google-Smtp-Source: AGHT+IEpNACnVGCYBf+Cme+RdLzOdsvbiSzphKu6JjrAZ0jxJH2/3ekgbbUs7bOm6cYmG0B6JItP8nfcXfE3 X-Received: by 2002:a05:622a:594:b0:494:772e:6a4c with SMTP id d75a77b69052e-494a0a7255bmr204102661cf.0.1747500982608; Sat, 17 May 2025 09:56:22 -0700 (PDT) Received: from postal.iol.unh.edu (postal.iol.unh.edu. [132.177.123.84]) by smtp-relay.gmail.com with ESMTPS id d75a77b69052e-494ae42c837sm1923971cf.13.2025.05.17.09.56.22 (version=TLS1_2 cipher=ECDHE-ECDSA-AES128-GCM-SHA256 bits=128/128); Sat, 17 May 2025 09:56:22 -0700 (PDT) X-Relaying-Domain: iol.unh.edu Date: Sat, 17 May 2025 09:56:22 -0700 (PDT) Message-ID: <6828bfb6.c80a0220.d652b.b4e1SMTPIN_ADDED_MISSING@mx.google.com> Received: from [172.21.0.5] (unknown [172.18.0.240]) by postal.iol.unh.edu (Postfix) with ESMTP id 4B5396052471; Sat, 17 May 2025 12:56:22 -0400 (EDT) Subject: |FAILURE| pw153504-153506 [PATCH] [RFC,v4,3/3] ethdev: introduce the From: dpdklab@iol.unh.edu To: Test Report Cc: dpdk-test-reports@iol.unh.edu, Wathsala Vithanage In-Reply-To: <20250517151736.2565461-4-wathsala.vithanage@arm.com> References: <20250517151736.2565461-4-wathsala.vithanage@arm.com> Content-Type: text/plain X-BeenThere: test-report@dpdk.org X-Mailman-Version: 2.1.29 Precedence: list List-Id: automatic DPDK test reports List-Unsubscribe: , List-Archive: List-Post: List-Help: List-Subscribe: , Errors-To: test-report-bounces@dpdk.org Test-Label: iol-unit-amd64-testing Test-Status: FAILURE http://dpdk.org/patch/153506 _Testing issues_ Submitter: Wathsala Vithanage Date: Saturday, May 17 2025 15:17:35 DPDK git baseline: Repo:dpdk Branch: master CommitID:ff05ee3e3f8fb4ce958a2ce6461e8141aea959c6 153504-153506 --> testing issues Upstream job id: Generic-Unit-Test-DPDK#338814 Test environment and result as below: +---------------------+----------------+ | Environment | dpdk_unit_test | +=====================+================+ | CentOS Stream 10 | PASS | +---------------------+----------------+ | Debian 12 | PASS | +---------------------+----------------+ | CentOS Stream 9 | PASS | +---------------------+----------------+ | Ubuntu 20.04 | PASS | +---------------------+----------------+ | Fedora 40 (Clang) | PASS | +---------------------+----------------+ | RHEL9 | PASS | +---------------------+----------------+ | Fedora 41 (Clang) | PASS | +---------------------+----------------+ | Fedora 40 | PASS | +---------------------+----------------+ | Fedora 41 | PASS | +---------------------+----------------+ | Ubuntu 22.04 | PASS | +---------------------+----------------+ | Ubuntu 24.04 | PASS | +---------------------+----------------+ | RHEL8 | PASS | +---------------------+----------------+ | Windows Server 2022 | FAIL | +---------------------+----------------+ ==== Unit test summary for Windows Server 2022 (dpdk_unit_test): ==== Failed to get the unit test results. Displaying the unit test results is not supported for some environments, such as our aarch32 testing, where meson is not used to run the tests. Download the logs available on our CI site. ==== End log output ==== CentOS Stream 10 Kernel: Depends on container host Compiler: gcc 14.2.1 20241104 (Red Hat 14.2.1-6) Debian 12 Kernel: Depends on container host Compiler: gcc (Debian 12.2.0-14) 12.2.0 CentOS Stream 9 Kernel: Depends on container host Compiler: gcc 11.5.0 20240719 (Red Hat 11.5.0-2) Ubuntu 20.04 Kernel: Depends on container host Compiler: gcc (Ubuntu 9.4.0-1ubuntu1~20.04.2) 9.4.0 Fedora 40 (Clang) Kernel: Depends on container host Compiler: clang 18.1.8 (Fedora 18.1.8-1.fc40) RHEL9 Kernel: Depends on container host Compiler: gcc 11.5.0 20240719 (Red Hat 11.5.0-2) Fedora 41 (Clang) Kernel: Depends on container host Compiler: clang 19.1.5 (Fedora 19.1.5-1.fc41) Fedora 40 Kernel: Depends on container host Compiler: gcc 14.2.1 20240912 (Red Hat 14.2.1-3) Fedora 41 Kernel: Depends on container host Compiler: gcc 14.2.1 20240912 (Red Hat 14.2.1-3) Ubuntu 22.04 Kernel: Depends on container host Compiler: gcc (Ubuntu 11.4.0-1ubuntu1~22.04) 11.4.0 Ubuntu 24.04 Kernel: Depends on container host Compiler: gcc (Ubuntu 13.3.0-6ubuntu2~24.04) 13.3.0 RHEL8 Kernel: Depends on container host Compiler: gcc 8.5.0 20210514 (Red Hat 8.5.0-22) Windows Server 2022 Kernel: 10.0.20348.2031 Compiler: clang 15.0.7, gcc 14.1.0 (MinGW), and MSVC VS 19.39.33521 To view detailed results, visit: https://lab.dpdk.org/results/dashboard/patchsets/33202/ UNH-IOL DPDK Community Lab To manage your email subscriptions, visit: https://lab.dpdk.org/results/dashboard/preferences/subscriptions/