From mboxrd@z Thu Jan 1 00:00:00 1970 Return-Path: Received: from mails.dpdk.org (mails.dpdk.org [217.70.189.124]) by inbox.dpdk.org (Postfix) with ESMTP id 1E8EB4677A for ; Sun, 18 May 2025 07:04:03 +0200 (CEST) Received: from mails.dpdk.org (localhost [127.0.0.1]) by mails.dpdk.org (Postfix) with ESMTP id EB97F4027D; Sun, 18 May 2025 07:04:02 +0200 (CEST) Received: from mail-il1-f228.google.com (mail-il1-f228.google.com [209.85.166.228]) by mails.dpdk.org (Postfix) with ESMTP id C496F400D6 for ; Sun, 18 May 2025 07:04:01 +0200 (CEST) Received: by mail-il1-f228.google.com with SMTP id e9e14a558f8ab-3da73df6c4eso30044825ab.0 for ; Sat, 17 May 2025 22:04:01 -0700 (PDT) DKIM-Signature: v=1; a=rsa-sha256; c=relaxed/relaxed; d=iol.unh.edu; s=unh-iol; t=1747544641; x=1748149441; darn=dpdk.org; h=cc:to:from:subject:message-id:date:from:to:cc:subject:date :message-id:reply-to; bh=tn9FTZHEjJavurbLI5wXJpXLpAn4wEIJUU1cib0it34=; b=iCcTCcVmBZD06JdnvcI8lwu+i2oIGaGn0B3IKUNjtu5/V4olBliBRZxF6O3FVliC1y tc5hqKxUP4KYAeWIZ6b+s+ptVs/AFw0d7G5/9hfAYYHIIccw/w/hw7Cvw1waK7FNc4w6 8DptN2KoBdyGy8+jg1Dm55b2HBaFwo333+v9k= X-Google-DKIM-Signature: v=1; a=rsa-sha256; c=relaxed/relaxed; d=1e100.net; s=20230601; t=1747544641; x=1748149441; h=cc:to:from:subject:message-id:date:x-gm-message-state:from:to:cc :subject:date:message-id:reply-to; bh=tn9FTZHEjJavurbLI5wXJpXLpAn4wEIJUU1cib0it34=; b=IjstA15ew3qM28+dXJHM4ILV11rjk84Nk4MmVPf3QstXWNTT7Si5BLfi7vJBiWlso6 mxeMw64kjuEFvBdWqu0JTdKtff0+lD5wQ51GO5lkbGCwHY7TUzob8dzQgnGxV+eeeWLk GC+hkF0ps4G5DBu8X+p5VAse3BYIoiXeI9hekvgDwZyBok49kPxaGVP3i+QLFv0CsOeL PVl+pr1TUILv67H/sHeJ5DNSMrRqAxDlmyZnHKLduafPqaxe0KBnMN470Sl4f3BMC+pE QRLM3oR4oFsffYthC8UZn+V0IkJy4F8kiasVp+FGF8N/LhZi6LxXLFanI2+BF4DOpgYU Aidg== X-Gm-Message-State: AOJu0YyCvH+bJ13uATX9g+EYyEgGYQoC8ltZRwJi87Bhkz5WRHETyF8F LGtA4OLC3oJofFrYUOYQALFAQZI9YAXBNJ25QPtTCpCWuST19VMC4ykZoGWwEGU0sC8wowJ7cgc l+3g1qK63MKRvspQebdv39wW97chimAqDXxLJ X-Gm-Gg: ASbGnctikjYf89PxtqwP7g9FeJrA/QAQVO5f6AQdUkibrEOGCWWXvlpKFENcvcUAFL0 EljX/C8X3c/6ypq/cpL/ukKmQXrv/kORtTrQwiX6TMzpofISsYfNGKJkBKXRj4Z6qVowo4UC8MJ jxwZztSN607BlG3XRc8rlYCDVTc0wYfbP9uguLurmGwBY9dbHcMupK7PXbhLBB14ICK94GhQfuY 1d+2XVIyMhWLYGiBfM3GT11GAOihbdfprBbQZVrqMjcrIcys9waHDbVAxAZyndaH/bHcI1EF4Nw sWZf4EQcG4EhZ0oeAqXuwy7yyKtclRx6rbVY0zmj7T4oxXbm5dmYJaZZUuM= X-Google-Smtp-Source: AGHT+IE7mZ4ii6+MxMUraibpR3kDIEAQnZUCEZwcPLlv6FU/6Y65lv/0hJVyzTv8+9M8MHuotL8SKwWGA4K/ X-Received: by 2002:a05:6e02:3784:b0:3d9:6cb5:3be4 with SMTP id e9e14a558f8ab-3db84322dfamr99818855ab.15.1747544641024; Sat, 17 May 2025 22:04:01 -0700 (PDT) Received: from postal.iol.unh.edu (postal.iol.unh.edu. [132.177.123.84]) by smtp-relay.gmail.com with ESMTPS id e9e14a558f8ab-3db84360071sm2108735ab.0.2025.05.17.22.04.00 (version=TLS1_2 cipher=ECDHE-ECDSA-AES128-GCM-SHA256 bits=128/128); Sat, 17 May 2025 22:04:01 -0700 (PDT) X-Relaying-Domain: iol.unh.edu Date: Sat, 17 May 2025 22:04:01 -0700 (PDT) Message-ID: <68296a41.050a0220.d50c9.ca62SMTPIN_ADDED_MISSING@mx.google.com> Received: from [172.21.0.6] (unknown [172.18.0.240]) by postal.iol.unh.edu (Postfix) with ESMTP id 831816052471; Sun, 18 May 2025 01:04:00 -0400 (EDT) Subject: |WARNING| [GIT MASTER] 4401486b5e30d43a134f80f9802f60b5f43e74a8 From: dpdklab@iol.unh.edu To: Test Report Cc: dpdk-test-reports@iol.unh.edu, Xueming Li , Christian Ehrhardt , Kevin Traynor , Luca Boccassi Content-Type: text/plain X-BeenThere: test-report@dpdk.org X-Mailman-Version: 2.1.29 Precedence: list List-Id: automatic DPDK test reports List-Unsubscribe: , List-Archive: List-Post: List-Help: List-Subscribe: , Errors-To: test-report-bounces@dpdk.org _Testing issues_ Branch: tags/v22.11 4401486b5e30d43a134f80f9802f60b5f43e74a8 --> testing issues Upstream job id: Generic-VM-DPDK-Compile-Meson#35538 Test environment and result as below: +---------------------+--------------------+-------------------------+ | Environment | dpdk_meson_compile | dpdk_llvm_clang_compile | +=====================+====================+=========================+ | CentOS Stream 9 | PEND | SKIPPED | +---------------------+--------------------+-------------------------+ | CentOS Stream 10 | PEND | SKIPPED | +---------------------+--------------------+-------------------------+ | Debian 12 | PEND | SKIPPED | +---------------------+--------------------+-------------------------+ | Fedora 41 (Clang) | PEND | SKIPPED | +---------------------+--------------------+-------------------------+ | Fedora 40 | PEND | SKIPPED | +---------------------+--------------------+-------------------------+ | Fedora 40 (Clang) | PEND | SKIPPED | +---------------------+--------------------+-------------------------+ | RHEL9 | PEND | SKIPPED | +---------------------+--------------------+-------------------------+ | RHEL8 | PEND | SKIPPED | +---------------------+--------------------+-------------------------+ | Fedora 41 | PEND | SKIPPED | +---------------------+--------------------+-------------------------+ | openSUSE Leap 15 | PEND | SKIPPED | +---------------------+--------------------+-------------------------+ | Ubuntu 22.04 | PEND | SKIPPED | +---------------------+--------------------+-------------------------+ | Ubuntu 20.04 | PASS | SKIPPED | +---------------------+--------------------+-------------------------+ | Ubuntu 24.04 | PEND | SKIPPED | +---------------------+--------------------+-------------------------+ | FreeBSD 13.5 | PASS | SKIPPED | +---------------------+--------------------+-------------------------+ | FreeBSD 14.2 | PEND | SKIPPED | +---------------------+--------------------+-------------------------+ | Windows Server 2022 | SKIPPED | FAIL | +---------------------+--------------------+-------------------------+ ==== 20 line log output for Windows Server 2022 (dpdk_llvm_clang_compile): ==== ..\lib\eal\include/rte_common.h:850:32: note: expanded from macro 'RTE_FMT_TAIL' #define RTE_FMT_TAIL(fmt, ...) __VA_ARGS__ ^~~~~~~~~~~ ..\lib\eal\include/rte_common.h:848:39: note: expanded from macro 'RTE_FMT' #define RTE_FMT(fmt, ...) fmt "%.0s", __VA_ARGS__ "" ^~~~~~~~~~~ ../drivers/crypto/mlx5/mlx5_crypto.c:463:18: note: forward declaration of 'struct mlx5_err_cqe' volatile struct mlx5_err_cqe *cqe = (volatile struct mlx5_err_cqe *) ^ 3 errors generated. [620/788] Compiling C object drivers/libtmp_rte_crypto_mlx5.a.p/crypto_mlx5_mlx5_crypto_dek.c.obj [621/788] Linking static target drivers/libtmp_rte_net_vmxnet3.a [622/788] Compiling C object app/dpdk-testpmd.exe.p/test-pmd_cmdline_tm.c.obj [623/788] Generating rte_net_octeon_ep.pmd.c with a custom command (wrapped by meson to set PATH) [624/788] Compiling C object app/dpdk-testpmd.exe.p/test-pmd_cmdline_mtr.c.obj [625/788] Compiling C object app/dpdk-testpmd.exe.p/test-pmd_cmdline.c.obj [626/788] Compiling C object drivers/libtmp_rte_net_mlx5.a.p/net_mlx5_mlx5_tx_empw.c.obj [627/788] Compiling C object drivers/libtmp_rte_net_mlx5.a.p/net_mlx5_mlx5_tx_nompw.c.obj [628/788] Compiling C object drivers/libtmp_rte_net_mlx5.a.p/net_mlx5_mlx5_tx_txpp.c.obj ninja: build stopped: subcommand failed. ==== End log output ==== CentOS Stream 9 Kernel: Depends on container host Compiler: gcc 11.5.0 20240719 (Red Hat 11.5.0-2) CentOS Stream 10 Kernel: Depends on container host Compiler: gcc 14.2.1 20241104 (Red Hat 14.2.1-6) Debian 12 Kernel: Depends on container host Compiler: gcc (Debian 12.2.0-14) 12.2.0 Fedora 41 (Clang) Kernel: Depends on container host Compiler: clang 19.1.5 (Fedora 19.1.5-1.fc41) Fedora 40 Kernel: Depends on container host Compiler: gcc 14.2.1 20240912 (Red Hat 14.2.1-3) Fedora 40 (Clang) Kernel: Depends on container host Compiler: clang 18.1.8 (Fedora 18.1.8-1.fc40) RHEL9 Kernel: Depends on container host Compiler: gcc 11.5.0 20240719 (Red Hat 11.5.0-2) RHEL8 Kernel: Depends on container host Compiler: gcc 8.5.0 20210514 (Red Hat 8.5.0-22) Fedora 41 Kernel: Depends on container host Compiler: gcc 14.2.1 20240912 (Red Hat 14.2.1-3) openSUSE Leap 15 Kernel: Depends on container host Compiler: gcc (SUSE Linux) 7.5.0 Ubuntu 22.04 Kernel: Depends on container host Compiler: gcc (Ubuntu 11.4.0-1ubuntu1~22.04) 11.4.0 Ubuntu 20.04 Kernel: Depends on container host Compiler: gcc (Ubuntu 9.4.0-1ubuntu1~20.04.2) 9.4.0 Ubuntu 24.04 Kernel: Depends on container host Compiler: gcc (Ubuntu 13.3.0-6ubuntu2~24.04) 13.3.0 FreeBSD 13.5 Kernel: 13.5-RELEASE Compiler: clang 19.1.7 FreeBSD 14.2 Kernel: 14.2-RELEASE Compiler: clang 18.1.6 Windows Server 2022 Kernel: 10.0.20348.2031 Compiler: clang 15.0.7, gcc 14.1.0 (MinGW), and MSVC VS 19.39.33521 To view detailed results, visit: https://lab.dpdk.org/results/dashboard/tarballs/33574/ UNH-IOL DPDK Community Lab To manage your email subscriptions, visit: https://lab.dpdk.org/results/dashboard/preferences/subscriptions/