From mboxrd@z Thu Jan 1 00:00:00 1970 Return-Path: Received: from mails.dpdk.org (mails.dpdk.org [217.70.189.124]) by inbox.dpdk.org (Postfix) with ESMTP id 8ACF846778 for ; Sun, 18 May 2025 07:29:43 +0200 (CEST) Received: from mails.dpdk.org (localhost [127.0.0.1]) by mails.dpdk.org (Postfix) with ESMTP id 864A54027D; Sun, 18 May 2025 07:29:43 +0200 (CEST) Received: from mail-pl1-f228.google.com (mail-pl1-f228.google.com [209.85.214.228]) by mails.dpdk.org (Postfix) with ESMTP id 9E490400D6 for ; Sun, 18 May 2025 07:29:42 +0200 (CEST) Received: by mail-pl1-f228.google.com with SMTP id d9443c01a7336-231f6af929eso16612105ad.2 for ; Sat, 17 May 2025 22:29:42 -0700 (PDT) DKIM-Signature: v=1; a=rsa-sha256; c=relaxed/relaxed; d=iol.unh.edu; s=unh-iol; t=1747546182; x=1748150982; darn=dpdk.org; h=cc:to:from:subject:message-id:date:from:to:cc:subject:date :message-id:reply-to; bh=3LUoDIE+m0E5K15MYcOzCgB5c9Tu2MaWdE2/1avUUHQ=; b=HRsKBu/9F+tlk5+jRgrWLZeWRhnNYyuSp37o5MUwTzFJlrunDtuDFXMrdTkOj2e5Sf xlBZR9HnysJmeIt8zHI4USvXcSpEmP0aeM/MNA/ROL+rwyomFuELCkYST68sMysT1UVC 5R3QPMpq/GLr7gAcPx18AIJL9W5D3/K/7CqT4= X-Google-DKIM-Signature: v=1; a=rsa-sha256; c=relaxed/relaxed; d=1e100.net; s=20230601; t=1747546182; x=1748150982; h=cc:to:from:subject:message-id:date:x-gm-message-state:from:to:cc :subject:date:message-id:reply-to; bh=3LUoDIE+m0E5K15MYcOzCgB5c9Tu2MaWdE2/1avUUHQ=; b=icfCELZ+jXNE9DWsoO4+Qg0y4epP5U/fWfsBieJXqJYNIsom1KtOXrkRN//cB3+7Iy PMuB7zG1g2NUDxYtMfGzD0ZVkciVLvTNcBsAGCx2g556HXN4Q+hlwVA7h/zFlmdFBKqt 9WSwGcQGf3NIhovgAgsqMLjaNg0VZk0gcE91ohCCQr5oS/SYJh6LBR6/mC5clkAqK91M Mh1x8eIsfFN8uLaaA2CyQbAanKK2eWGDNXrv0vVIZxr6kZcx+3yn9z1lXoRYlsHRZTla MecyJTorvgpi0NgaVfHJC0rgakoWyUwc2JXu6w6RsE0pBVAm6MLJD1zn0/pHbLxQ6TeF imLw== X-Gm-Message-State: AOJu0Yxep5KwjNF3gLG5zwaPzA682dOcuBpmMSGqNDz9tu2hl+mpTb88 hfrykTXBV+W9MZYHnaUfauFZ/VHluh9E60sODK/cgPATkP/5/UUJbIpUTKF87pAqplzIn1wg1aw FUOiwtNlPCEMtzPGY4eSLPH309PxVIRQkMKII X-Gm-Gg: ASbGnctKPETq/blcACz0NM3cLBkWRDlYENKjLl/UT6d2d3m4amHswFTcK8J0mk8sHr+ +H2lU9iJDu4Fm0pVv3o5YEL4SQHYYejmap54TpyOflt1RSB/qFdVP1UZIcRAmPL7xVMmBsYVLK7 9Rrnm6RXO6W6oSAUZ9Gx6LsvmPylxpb9OGhJlqZR68atbkBPFsj/FjQzegUrL+BtW1rXn4O7n57 DWOfNRruhY0l1BEX+yD72zXqucN5kr3XbcX6INyqBkLjAtZJDXhaKJEC9MCrZLj4P7O70KsHsWE YBsWuqRg72O8tkp677SxCJ7GsWTAapeXpx1jdT1MLBKBd6tyyJ03f5EjWp4= X-Google-Smtp-Source: AGHT+IFko62JfXU9GYajvI8hNJQGwQSaUcRDB51ZuQvNXJ3xSnxCE7W4B2P0tKjNgOWRJu0F7RgFiEVn17vy X-Received: by 2002:a17:903:fa4:b0:22f:f747:8fbe with SMTP id d9443c01a7336-231d458284bmr123608925ad.53.1747546181731; Sat, 17 May 2025 22:29:41 -0700 (PDT) Received: from postal.iol.unh.edu (postal.iol.unh.edu. [132.177.123.84]) by smtp-relay.gmail.com with ESMTPS id d9443c01a7336-231d4b0215esm2749705ad.69.2025.05.17.22.29.41 (version=TLS1_2 cipher=ECDHE-ECDSA-AES128-GCM-SHA256 bits=128/128); Sat, 17 May 2025 22:29:41 -0700 (PDT) X-Relaying-Domain: iol.unh.edu Date: Sat, 17 May 2025 22:29:41 -0700 (PDT) Message-ID: <68297045.170a0220.231756.f088SMTPIN_ADDED_MISSING@mx.google.com> Received: from [172.21.0.6] (unknown [172.18.0.240]) by postal.iol.unh.edu (Postfix) with ESMTP id 26CC86052471; Sun, 18 May 2025 01:29:41 -0400 (EDT) Subject: |WARNING| [GIT MASTER] 4401486b5e30d43a134f80f9802f60b5f43e74a8 From: dpdklab@iol.unh.edu To: Test Report Cc: dpdk-test-reports@iol.unh.edu, Xueming Li , Christian Ehrhardt , Kevin Traynor , Luca Boccassi Content-Type: text/plain X-BeenThere: test-report@dpdk.org X-Mailman-Version: 2.1.29 Precedence: list List-Id: automatic DPDK test reports List-Unsubscribe: , List-Archive: List-Post: List-Help: List-Subscribe: , Errors-To: test-report-bounces@dpdk.org _Testing issues_ Branch: tags/v22.11 4401486b5e30d43a134f80f9802f60b5f43e74a8 --> testing issues Upstream job id: Generic-DPDK-Compile-ABI#126878 Test environment and result as below: +-------------------+----------+ | Environment | abi_test | +===================+==========+ | CentOS Stream 9 | PEND | +-------------------+----------+ | Debian 12 | PASS | +-------------------+----------+ | Fedora 40 (Clang) | PEND | +-------------------+----------+ | Fedora 40 | PEND | +-------------------+----------+ | Fedora 41 | FAIL | +-------------------+----------+ | openSUSE Leap 15 | PEND | +-------------------+----------+ | Fedora 41 (Clang) | PEND | +-------------------+----------+ | RHEL8 | PEND | +-------------------+----------+ | Ubuntu 22.04 | PEND | +-------------------+----------+ | RHEL9 | FAIL | +-------------------+----------+ | Ubuntu 24.04 | PEND | +-------------------+----------+ | CentOS Stream 10 | PEND | +-------------------+----------+ ==== 20 line log output for RHEL9 (abi_test): ==== Installing /root/workspace/Generic-DPDK-Compile-ABI@4/dpdk/drivers/net/vhost/rte_eth_vhost.h to /root/workspace/Generic-DPDK-Compile-ABI@4/build_install/usr/local/include Installing /root/workspace/Generic-DPDK-Compile-ABI@4/dpdk/drivers/raw/cnxk_bphy/rte_pmd_bphy.h to /root/workspace/Generic-DPDK-Compile-ABI@4/build_install/usr/local/include Installing /root/workspace/Generic-DPDK-Compile-ABI@4/dpdk/drivers/raw/cnxk_gpio/rte_pmd_cnxk_gpio.h to /root/workspace/Generic-DPDK-Compile-ABI@4/build_install/usr/local/include Installing /root/workspace/Generic-DPDK-Compile-ABI@4/dpdk/drivers/raw/dpaa2_cmdif/rte_pmd_dpaa2_cmdif.h to /root/workspace/Generic-DPDK-Compile-ABI@4/build_install/usr/local/include Installing /root/workspace/Generic-DPDK-Compile-ABI@4/dpdk/drivers/raw/ntb/rte_pmd_ntb.h to /root/workspace/Generic-DPDK-Compile-ABI@4/build_install/usr/local/include Installing /root/workspace/Generic-DPDK-Compile-ABI@4/dpdk/drivers/crypto/scheduler/rte_cryptodev_scheduler.h to /root/workspace/Generic-DPDK-Compile-ABI@4/build_install/usr/local/include Installing /root/workspace/Generic-DPDK-Compile-ABI@4/dpdk/drivers/crypto/scheduler/rte_cryptodev_scheduler_operations.h to /root/workspace/Generic-DPDK-Compile-ABI@4/build_install/usr/local/include Installing /root/workspace/Generic-DPDK-Compile-ABI@4/dpdk/drivers/event/dlb2/rte_pmd_dlb2.h to /root/workspace/Generic-DPDK-Compile-ABI@4/build_install/usr/local/include Installing /root/workspace/Generic-DPDK-Compile-ABI@4/dpdk/drivers/baseband/acc/rte_acc_cfg.h to /root/workspace/Generic-DPDK-Compile-ABI@4/build_install/usr/local/include Installing /root/workspace/Generic-DPDK-Compile-ABI@4/dpdk/drivers/baseband/fpga_5gnr_fec/rte_pmd_fpga_5gnr_fec.h to /root/workspace/Generic-DPDK-Compile-ABI@4/build_install/usr/local/include Installing /root/workspace/Generic-DPDK-Compile-ABI@4/dpdk/usertools/dpdk-devbind.py to /root/workspace/Generic-DPDK-Compile-ABI@4/build_install/usr/local/bin Installing /root/workspace/Generic-DPDK-Compile-ABI@4/dpdk/usertools/dpdk-pmdinfo.py to /root/workspace/Generic-DPDK-Compile-ABI@4/build_install/usr/local/bin Installing /root/workspace/Generic-DPDK-Compile-ABI@4/dpdk/usertools/dpdk-telemetry.py to /root/workspace/Generic-DPDK-Compile-ABI@4/build_install/usr/local/bin Installing /root/workspace/Generic-DPDK-Compile-ABI@4/dpdk/usertools/dpdk-hugepages.py to /root/workspace/Generic-DPDK-Compile-ABI@4/build_install/usr/local/bin Installing /root/workspace/Generic-DPDK-Compile-ABI@4/dpdk/build/rte_build_config.h to /root/workspace/Generic-DPDK-Compile-ABI@4/build_install/usr/local/include Installing /root/workspace/Generic-DPDK-Compile-ABI@4/dpdk/build/meson-private/libdpdk-libs.pc to /root/workspace/Generic-DPDK-Compile-ABI@4/build_install/usr/local/lib64/pkgconfig Installing /root/workspace/Generic-DPDK-Compile-ABI@4/dpdk/build/meson-private/libdpdk.pc to /root/workspace/Generic-DPDK-Compile-ABI@4/build_install/usr/local/lib64/pkgconfig Running custom install script '/bin/sh /root/workspace/Generic-DPDK-Compile-ABI@4/dpdk/config/../buildtools/symlink-drivers-solibs.sh lib64 dpdk/pmds-23.0' ==== Compiled DPDK with debugoptimized bash: /scripts/generate_abi.sh: No such file or directory ==== End log output ==== CentOS Stream 9 Kernel: Depends on container host Compiler: gcc 11.5.0 20240719 (Red Hat 11.5.0-2) Debian 12 Kernel: Depends on container host Compiler: gcc (Debian 12.2.0-14) 12.2.0 Fedora 40 (Clang) Kernel: Depends on container host Compiler: clang 18.1.8 (Fedora 18.1.8-1.fc40) Fedora 40 Kernel: Depends on container host Compiler: gcc 14.2.1 20240912 (Red Hat 14.2.1-3) Fedora 41 Kernel: Depends on container host Compiler: gcc 14.2.1 20240912 (Red Hat 14.2.1-3) openSUSE Leap 15 Kernel: Depends on container host Compiler: gcc (SUSE Linux) 7.5.0 Fedora 41 (Clang) Kernel: Depends on container host Compiler: clang 19.1.5 (Fedora 19.1.5-1.fc41) RHEL8 Kernel: Depends on container host Compiler: gcc 8.5.0 20210514 (Red Hat 8.5.0-22) Ubuntu 22.04 Kernel: Depends on container host Compiler: gcc (Ubuntu 11.4.0-1ubuntu1~22.04) 11.4.0 RHEL9 Kernel: Depends on container host Compiler: gcc 11.5.0 20240719 (Red Hat 11.5.0-2) Ubuntu 24.04 Kernel: Depends on container host Compiler: gcc (Ubuntu 13.3.0-6ubuntu2~24.04) 13.3.0 CentOS Stream 10 Kernel: Depends on container host Compiler: gcc 14.2.1 20241104 (Red Hat 14.2.1-6) To view detailed results, visit: https://lab.dpdk.org/results/dashboard/tarballs/33574/ UNH-IOL DPDK Community Lab To manage your email subscriptions, visit: https://lab.dpdk.org/results/dashboard/preferences/subscriptions/