From mboxrd@z Thu Jan 1 00:00:00 1970 Return-Path: Received: from mails.dpdk.org (mails.dpdk.org [217.70.189.124]) by inbox.dpdk.org (Postfix) with ESMTP id ACEA74677A for ; Sun, 18 May 2025 07:42:55 +0200 (CEST) Received: from mails.dpdk.org (localhost [127.0.0.1]) by mails.dpdk.org (Postfix) with ESMTP id A85934027D; Sun, 18 May 2025 07:42:55 +0200 (CEST) Received: from mail-qv1-f100.google.com (mail-qv1-f100.google.com [209.85.219.100]) by mails.dpdk.org (Postfix) with ESMTP id D0F19400D6 for ; Sun, 18 May 2025 07:42:54 +0200 (CEST) Received: by mail-qv1-f100.google.com with SMTP id 6a1803df08f44-6f8b81fda4aso17778386d6.1 for ; Sat, 17 May 2025 22:42:54 -0700 (PDT) DKIM-Signature: v=1; a=rsa-sha256; c=relaxed/relaxed; d=iol.unh.edu; s=unh-iol; t=1747546974; x=1748151774; darn=dpdk.org; h=cc:to:from:subject:message-id:date:from:to:cc:subject:date :message-id:reply-to; bh=S/IT8SaPp3XSC2uMkmTxOM12jzocJh+FGTOYlHHTv+g=; b=HTqzV9wL22ekdlMBHR2w9xSQj9gL+XY91r71JLOu06o6+aH+CxR0VLfew9VcZeV3Jp aZZTQM6qsAbTc5VvfO4hOTtm0ZlNX5/wM832k23j0nJm9NqSu45ZnvStb1VMac3Deugr Ih7ARgMqSOKiuLGrE2Gzv1vqCUM/k//4d8V2Q= X-Google-DKIM-Signature: v=1; a=rsa-sha256; c=relaxed/relaxed; d=1e100.net; s=20230601; t=1747546974; x=1748151774; h=cc:to:from:subject:message-id:date:x-gm-message-state:from:to:cc :subject:date:message-id:reply-to; bh=S/IT8SaPp3XSC2uMkmTxOM12jzocJh+FGTOYlHHTv+g=; b=vc2hAh9oXQ/WBMczE92lo66p0OcTA8QJb0c8ZEi7D2Ccsscs0IBmPLkBXh5mQQkw89 ccG/rxb6aB9wR5A2ILb/5pPPSuYqJGk1WzU8s5OZrD3TkwGuXTynfzovYb8DeMXUeYj+ RKAixRA3dTlREH6npY+6b2CvnjjUI62UaFt1UuehLtAOkowmbHvhMtZTl6fbgLHJn9Wb IJycLoSrQgTu055mUqaanNNBpDHV4r+Pdqf4roepV4GMNpJcK3Ij8Jgw5XnPa+uUCDw2 GHvlUFWsQbKRJNvJOYrjA/oWs7mL1DOVTKu+sQ0iORJw5T2+yub7GpXAoy86rJajoxDF Ml4g== X-Gm-Message-State: AOJu0Yx7NRVxD8IXijiVC7A/omUDuBd/BugyQIgZmU83g0jaxZYlo+gv FpbeRsnmvyLc0nTB1829PpFAc6lZkGz9e46uLYtNSRV5vGglGSHBeip3nGBL0E1JNt/SdgUoAPy AOAhslE1ifvzMQXyAenHglfnFI8jBPIxthQLU X-Gm-Gg: ASbGncs2hNfhu3T+fIGR4FMEzp7ZtJNHhui+JdGBiSKZPYsu45slEqdwxFrZ1ZuBLxb uzZfn0wKiP0qH1AmXmlEkFsL4jkdFPg/62vRDU3W5AdQnT293HokujdbFCD5siZhM9Qme9IEBtF RYJKmV3Mr6r3ad+h7di129B0dOuXvAGZZq9PGjjRWAJrAD1/gVhRmPqhuQXEILsv5IRDouLwwLU IgLumokg2zEF+2fSgWTaQF6Mox1qhAoFY9RYHuY8swS4v+5Fct1KG/gBn6gFa07Y1Q5yFsxyQdl UCk7HJgFQo3xJVmPabssT0IVQmROj16cpUjmVaQd466UE9JnhJLaE8UWbaM= X-Google-Smtp-Source: AGHT+IFaEmSt6psSQNEQhViikz+OE7zFdmiNZBqKNC/fKJ3iP9grAzYiORhNtYOp/O6VJa1a1e5AS8yDzY+k X-Received: by 2002:a05:6214:1303:b0:6e8:f1b6:a122 with SMTP id 6a1803df08f44-6f8b08ab97emr140659226d6.29.1747546974108; Sat, 17 May 2025 22:42:54 -0700 (PDT) Received: from postal.iol.unh.edu (postal.iol.unh.edu. [132.177.123.84]) by smtp-relay.gmail.com with ESMTPS id 6a1803df08f44-6f8b08c7979sm1728726d6.34.2025.05.17.22.42.54 (version=TLS1_2 cipher=ECDHE-ECDSA-AES128-GCM-SHA256 bits=128/128); Sat, 17 May 2025 22:42:54 -0700 (PDT) X-Relaying-Domain: iol.unh.edu Date: Sat, 17 May 2025 22:42:54 -0700 (PDT) Message-ID: <6829735e.050a0220.50afc.8818SMTPIN_ADDED_MISSING@mx.google.com> Received: from [172.21.0.7] (unknown [172.18.0.240]) by postal.iol.unh.edu (Postfix) with ESMTP id 946726052471; Sun, 18 May 2025 01:42:53 -0400 (EDT) Subject: |FAILURE| [GIT MASTER] 4401486b5e30d43a134f80f9802f60b5f43e74a8 From: dpdklab@iol.unh.edu To: Test Report Cc: dpdk-test-reports@iol.unh.edu, Xueming Li , Christian Ehrhardt , Kevin Traynor , Luca Boccassi Content-Type: text/plain X-BeenThere: test-report@dpdk.org X-Mailman-Version: 2.1.29 Precedence: list List-Id: automatic DPDK test reports List-Unsubscribe: , List-Archive: List-Post: List-Help: List-Subscribe: , Errors-To: test-report-bounces@dpdk.org _Testing issues_ Branch: tags/v22.11 4401486b5e30d43a134f80f9802f60b5f43e74a8 --> testing issues Upstream job id: Generic-VM-Unit-Test-DPDK#28606 Test environment and result as below: +---------------------+----------------+ | Environment | dpdk_unit_test | +=====================+================+ | CentOS Stream 10 | FAIL | +---------------------+----------------+ | Fedora 40 | FAIL | +---------------------+----------------+ | Fedora 41 | PEND | +---------------------+----------------+ | Fedora 40 (Clang) | FAIL | +---------------------+----------------+ | Debian 12 | FAIL | +---------------------+----------------+ | CentOS Stream 9 | PEND | +---------------------+----------------+ | Fedora 41 (Clang) | PEND | +---------------------+----------------+ | Ubuntu 24.04 | PEND | +---------------------+----------------+ | RHEL9 | PEND | +---------------------+----------------+ | Ubuntu 20.04 | PASS | +---------------------+----------------+ | RHEL8 | PEND | +---------------------+----------------+ | Ubuntu 22.04 | PEND | +---------------------+----------------+ | Windows Server 2022 | FAIL | +---------------------+----------------+ ==== Unit test summary for Windows Server 2022 (dpdk_unit_test): ==== Failed to get the unit test results. Displaying the unit test results is not supported for some environments, such as our aarch32 testing, where meson is not used to run the tests. Download the logs available on our CI site. ==== End log output ==== CentOS Stream 10 Kernel: Depends on container host Compiler: gcc 14.2.1 20241104 (Red Hat 14.2.1-6) Fedora 40 Kernel: Depends on container host Compiler: gcc 14.2.1 20240912 (Red Hat 14.2.1-3) Fedora 41 Kernel: Depends on container host Compiler: gcc 14.2.1 20240912 (Red Hat 14.2.1-3) Fedora 40 (Clang) Kernel: Depends on container host Compiler: clang 18.1.8 (Fedora 18.1.8-1.fc40) Debian 12 Kernel: Depends on container host Compiler: gcc (Debian 12.2.0-14) 12.2.0 CentOS Stream 9 Kernel: Depends on container host Compiler: gcc 11.5.0 20240719 (Red Hat 11.5.0-2) Fedora 41 (Clang) Kernel: Depends on container host Compiler: clang 19.1.5 (Fedora 19.1.5-1.fc41) Ubuntu 24.04 Kernel: Depends on container host Compiler: gcc (Ubuntu 13.3.0-6ubuntu2~24.04) 13.3.0 RHEL9 Kernel: Depends on container host Compiler: gcc 11.5.0 20240719 (Red Hat 11.5.0-2) Ubuntu 20.04 Kernel: Depends on container host Compiler: gcc (Ubuntu 9.4.0-1ubuntu1~20.04.2) 9.4.0 RHEL8 Kernel: Depends on container host Compiler: gcc 8.5.0 20210514 (Red Hat 8.5.0-22) Ubuntu 22.04 Kernel: Depends on container host Compiler: gcc (Ubuntu 11.4.0-1ubuntu1~22.04) 11.4.0 Windows Server 2022 Kernel: 10.0.20348.2031 Compiler: clang 15.0.7, gcc 14.1.0 (MinGW), and MSVC VS 19.39.33521 To view detailed results, visit: https://lab.dpdk.org/results/dashboard/tarballs/33574/ UNH-IOL DPDK Community Lab To manage your email subscriptions, visit: https://lab.dpdk.org/results/dashboard/preferences/subscriptions/