From mboxrd@z Thu Jan 1 00:00:00 1970 Return-Path: Received: from mails.dpdk.org (mails.dpdk.org [217.70.189.124]) by inbox.dpdk.org (Postfix) with ESMTP id CB0B14677A for ; Sun, 18 May 2025 07:44:03 +0200 (CEST) Received: from mails.dpdk.org (localhost [127.0.0.1]) by mails.dpdk.org (Postfix) with ESMTP id C58094027D; Sun, 18 May 2025 07:44:03 +0200 (CEST) Received: from mail-il1-f227.google.com (mail-il1-f227.google.com [209.85.166.227]) by mails.dpdk.org (Postfix) with ESMTP id 95B22400D6 for ; Sun, 18 May 2025 07:44:02 +0200 (CEST) Received: by mail-il1-f227.google.com with SMTP id e9e14a558f8ab-3d940c7ea71so14154245ab.0 for ; Sat, 17 May 2025 22:44:02 -0700 (PDT) DKIM-Signature: v=1; a=rsa-sha256; c=relaxed/relaxed; d=iol.unh.edu; s=unh-iol; t=1747547042; x=1748151842; darn=dpdk.org; h=cc:to:from:subject:message-id:date:from:to:cc:subject:date :message-id:reply-to; bh=PO0SnPNf9GRk85ofeb69GGMrcCpPh9OG7rJoZk7c/ww=; b=GGx05Plmxfr9SeUvg39Q1d+4WPYn+rQ79Nsf5FWYuXfr6eoV8pWoHYdhBKC3zr6+UC AVEdXJw8rDudVnNM94O3SzYxKexwY5dENn/ZxG1JxT1zDNQtbES/Hda3qTvHWVh2NCLW xAAavTTm0ktQnJznjE6/85BPE3U9ZwNQzYOz8= X-Google-DKIM-Signature: v=1; a=rsa-sha256; c=relaxed/relaxed; d=1e100.net; s=20230601; t=1747547042; x=1748151842; h=cc:to:from:subject:message-id:date:x-gm-message-state:from:to:cc :subject:date:message-id:reply-to; bh=PO0SnPNf9GRk85ofeb69GGMrcCpPh9OG7rJoZk7c/ww=; b=ApesVAxKUMQcLF2yLyMPD6z3qtzGXwhExmkFgD9SDBg/DiRQdCUIYg6y8kFSHZ1ccn vcQX8JYuBxuhjukyt3F/MuIA/RbJ+HRymob2UPRSKqE57ZPd52PsEsktmAUqck1KErKo 2KkgtD06nf2rB+f7bXpgzHmtAmjbGCixu8QFnyyuIo2RoE7F36VbHKE9U0UUVkJzr4Dp w8fymRZ55MqMSRVhoFVCL4rZVYbSQMhFRGe7hewYPBCuuxB+6uOrLwbhw/XuLA+q4uWY u2GvovA5pwfvhBFQHZlxChDKf6IIfugUDcrkw8HMog3ngUFbUWO0qKsevRJnS5nt3ciL RmBg== X-Gm-Message-State: AOJu0Yx4NLoeQRrZB4j3Qr9ZckFVNeWxvnrbfZwGVXURz3+G9Q746tGu 0CRpo2NqFNjvdLAeCddk5T6VXv98AC7TL5U4mKEnd7VHtZnXo/+S3Th2hPknp0v9xoOQEV7RjVd Fh6Wye0bE3nkh2yNg7UsuAvhafnLyG0sXnT4B X-Gm-Gg: ASbGncu0ARfCdVkcu9BcqhoWjyI/PJOzN+LqcELopA4f1igygAsGPDK7eAXULTK3+87 Ta9rz7f/zpS5ZdxcU7XhhApnFWLr403XSUiKOou0BIQEmdViUqayC+Ng+QuPml53SQuEYqVTyMt HgIVSlHno7yfJscgtVVwuABoO11TjRfPiE8xXIHU5sg5mT4Ex+68k0H60mJXLzUlMLsyOKxIOYM 3aws4hOZsDPJioS9ZA0g7C/4lnzpq37zBxpnW7BbrT0BeQbySwkWeuPu+vIck3QqqrJCZkxGohV YfKwVD3b79tdJCyWtPdxqZu9C6IACE94msbk1xVSkZXkVnBmqEvr60lM9YM= X-Google-Smtp-Source: AGHT+IHh6b+TFQgy4J4o/1vofY0caAQFzMR8gmbBqbOjuwEWGCGufhsyw3CoBjrYV1BjpQhtvKj+7sRc6gTT X-Received: by 2002:a05:6e02:330c:b0:3d9:24d8:8d41 with SMTP id e9e14a558f8ab-3db85792a88mr75357225ab.16.1747547041870; Sat, 17 May 2025 22:44:01 -0700 (PDT) Received: from postal.iol.unh.edu (postal.iol.unh.edu. [132.177.123.84]) by smtp-relay.gmail.com with ESMTPS id e9e14a558f8ab-3db8441e28fsm2093565ab.25.2025.05.17.22.44.01 (version=TLS1_2 cipher=ECDHE-ECDSA-AES128-GCM-SHA256 bits=128/128); Sat, 17 May 2025 22:44:01 -0700 (PDT) X-Relaying-Domain: iol.unh.edu Date: Sat, 17 May 2025 22:44:01 -0700 (PDT) Message-ID: <682973a1.920a0220.1802b9.b1e5SMTPIN_ADDED_MISSING@mx.google.com> Received: from [172.21.0.6] (unknown [172.18.0.240]) by postal.iol.unh.edu (Postfix) with ESMTP id 29BD36052471; Sun, 18 May 2025 01:44:01 -0400 (EDT) Subject: |FAILURE| [GIT MASTER] 4401486b5e30d43a134f80f9802f60b5f43e74a8 From: dpdklab@iol.unh.edu To: Test Report Cc: dpdk-test-reports@iol.unh.edu, Xueming Li , Christian Ehrhardt , Kevin Traynor , Luca Boccassi Content-Type: text/plain X-BeenThere: test-report@dpdk.org X-Mailman-Version: 2.1.29 Precedence: list List-Id: automatic DPDK test reports List-Unsubscribe: , List-Archive: List-Post: List-Help: List-Subscribe: , Errors-To: test-report-bounces@dpdk.org _Testing issues_ Branch: tags/v22.11 4401486b5e30d43a134f80f9802f60b5f43e74a8 --> testing issues Upstream job id: Generic-Unit-Test-DPDK#338881 Test environment and result as below: +---------------------+----------------+ | Environment | dpdk_unit_test | +=====================+================+ | CentOS Stream 10 | FAIL | +---------------------+----------------+ | Fedora 40 | FAIL | +---------------------+----------------+ | Fedora 41 | FAIL | +---------------------+----------------+ | Fedora 40 (Clang) | FAIL | +---------------------+----------------+ | Debian 12 | FAIL | +---------------------+----------------+ | CentOS Stream 9 | PEND | +---------------------+----------------+ | Fedora 41 (Clang) | PEND | +---------------------+----------------+ | Ubuntu 24.04 | PEND | +---------------------+----------------+ | RHEL9 | PEND | +---------------------+----------------+ | Ubuntu 20.04 | PASS | +---------------------+----------------+ | RHEL8 | PEND | +---------------------+----------------+ | Ubuntu 22.04 | PEND | +---------------------+----------------+ | Windows Server 2022 | FAIL | +---------------------+----------------+ ==== Unit test summary for Windows Server 2022 (dpdk_unit_test): ==== Failed to get the unit test results. Displaying the unit test results is not supported for some environments, such as our aarch32 testing, where meson is not used to run the tests. Download the logs available on our CI site. ==== End log output ==== CentOS Stream 10 Kernel: Depends on container host Compiler: gcc 14.2.1 20241104 (Red Hat 14.2.1-6) Fedora 40 Kernel: Depends on container host Compiler: gcc 14.2.1 20240912 (Red Hat 14.2.1-3) Fedora 41 Kernel: Depends on container host Compiler: gcc 14.2.1 20240912 (Red Hat 14.2.1-3) Fedora 40 (Clang) Kernel: Depends on container host Compiler: clang 18.1.8 (Fedora 18.1.8-1.fc40) Debian 12 Kernel: Depends on container host Compiler: gcc (Debian 12.2.0-14) 12.2.0 CentOS Stream 9 Kernel: Depends on container host Compiler: gcc 11.5.0 20240719 (Red Hat 11.5.0-2) Fedora 41 (Clang) Kernel: Depends on container host Compiler: clang 19.1.5 (Fedora 19.1.5-1.fc41) Ubuntu 24.04 Kernel: Depends on container host Compiler: gcc (Ubuntu 13.3.0-6ubuntu2~24.04) 13.3.0 RHEL9 Kernel: Depends on container host Compiler: gcc 11.5.0 20240719 (Red Hat 11.5.0-2) Ubuntu 20.04 Kernel: Depends on container host Compiler: gcc (Ubuntu 9.4.0-1ubuntu1~20.04.2) 9.4.0 RHEL8 Kernel: Depends on container host Compiler: gcc 8.5.0 20210514 (Red Hat 8.5.0-22) Ubuntu 22.04 Kernel: Depends on container host Compiler: gcc (Ubuntu 11.4.0-1ubuntu1~22.04) 11.4.0 Windows Server 2022 Kernel: 10.0.20348.2031 Compiler: clang 15.0.7, gcc 14.1.0 (MinGW), and MSVC VS 19.39.33521 To view detailed results, visit: https://lab.dpdk.org/results/dashboard/tarballs/33574/ UNH-IOL DPDK Community Lab To manage your email subscriptions, visit: https://lab.dpdk.org/results/dashboard/preferences/subscriptions/