From mboxrd@z Thu Jan 1 00:00:00 1970 Return-Path: Received: from mails.dpdk.org (mails.dpdk.org [217.70.189.124]) by inbox.dpdk.org (Postfix) with ESMTP id 3F1854677A for ; Sun, 18 May 2025 07:47:03 +0200 (CEST) Received: from mails.dpdk.org (localhost [127.0.0.1]) by mails.dpdk.org (Postfix) with ESMTP id 13FD74027D; Sun, 18 May 2025 07:47:03 +0200 (CEST) Received: from mail-pf1-f228.google.com (mail-pf1-f228.google.com [209.85.210.228]) by mails.dpdk.org (Postfix) with ESMTP id 7844E400D6 for ; Sun, 18 May 2025 07:47:01 +0200 (CEST) Received: by mail-pf1-f228.google.com with SMTP id d2e1a72fcca58-7398d65476eso2724819b3a.1 for ; Sat, 17 May 2025 22:47:01 -0700 (PDT) DKIM-Signature: v=1; a=rsa-sha256; c=relaxed/relaxed; d=iol.unh.edu; s=unh-iol; t=1747547220; x=1748152020; darn=dpdk.org; h=cc:to:from:subject:message-id:date:from:to:cc:subject:date :message-id:reply-to; bh=5oR+EOvnaxDgn41bt8MWwggK41FNPOcCXcahQ0jutsk=; b=IC8/hlANeGS8wzAgpVE8uc3HykvFzBxmHCh2rq6Y/nG6kps6jDOdcnBSkGq/nj3orS aP8SKitJAO0NInYjUltIuyTv+AACZu5xkxiVzEvCtSNf82IgwrXtutFd5HfuK/uYLfPM 66NnhLexU9NXe/MSIieUvscgHwlKI+pNRDwR8= X-Google-DKIM-Signature: v=1; a=rsa-sha256; c=relaxed/relaxed; d=1e100.net; s=20230601; t=1747547220; x=1748152020; h=cc:to:from:subject:message-id:date:x-gm-message-state:from:to:cc :subject:date:message-id:reply-to; bh=5oR+EOvnaxDgn41bt8MWwggK41FNPOcCXcahQ0jutsk=; b=TfBKof5yNi+vXHLUqAP2bacdrqa/INTX1TH4KHoBa3Cm2AAtrdtdpVrpvyo0Vb0+DN tUcGbCj8RhOl4TOExznxLDoJdlu1qQM9mPjsJC5kVraPAc1FXHLaapLBYkI+K/VHBokY lpxgGWLLIXPnxTZblA8BShoydjhaWDvy+vV1fRpP+lAGHxRc/gtXSxf2cU1FpEn77Rag vW8c7X7r/v+oS8aW5L1S9tdyKVvndZP8qAcZjrD8Zm1FYI3dQjGCJxnu2+ZFuj3WVUqa r30ZomdZ5B0Jd/DIguLvRT1+JV6hYYp87eQws6kQBJUi/oXgkCdU688mBeE2eJwC6DXy nkqQ== X-Gm-Message-State: AOJu0Yw5Tfj63NKJXd9Qtqm634DHT2zpPH8r4BlnU9nbPWeKu0AMuxSN xt9pxtlJtIgW4U9E5FPHaxxKT83XEZwhhuat7cDr74A+W6Iko+YkLnIHM0PxLTz0E94RkKFtoXJ OG1mCY0lu45JETLsDYvAceskdf/STRKWzyYUE X-Gm-Gg: ASbGncvdl//rZDMq+uLqbEsGwm4MZB+tPvYVXmdIsXTSYKBouwFU/8Q15Hv/hgIg1az Qx2wkOe+D2/txT+9ukYDCY5olWvh3jdzcmXItLmT/JLxQ924a+Vz+O7bMf0znyBJ++/iB9389CC VQaCND0wOC6sZWriodJj4hXf8pbr8lte++IlKo3levQA8jcwoxYItVxkOrv/QCU4IKK2mjulLSX ZcQhyCQiFKwkPjVCmwnPYi+DvPxn28wCKUz6lvD8pGczQcw7yZJugI76Gkv5UrrC/riKxvIYBSS 859WFJyToWG3GyO+ZgMg9T9ImEEpTF42rFV96eCi/O8qHELUegx05PEvC4Q= X-Google-Smtp-Source: AGHT+IHdgCKwNZ1Iwp8R0qGtArFHjNaK3JaT6q478l2NYXWXxg5Bp2rYMFctq1KKLP4Tgxdc/NQ/CojTeIb2 X-Received: by 2002:a05:6a00:845:b0:742:b928:59cb with SMTP id d2e1a72fcca58-742b9285c81mr5759964b3a.7.1747547220486; Sat, 17 May 2025 22:47:00 -0700 (PDT) Received: from postal.iol.unh.edu (postal.iol.unh.edu. [132.177.123.84]) by smtp-relay.gmail.com with ESMTPS id d2e1a72fcca58-742a970d892sm319524b3a.3.2025.05.17.22.47.00 (version=TLS1_2 cipher=ECDHE-ECDSA-AES128-GCM-SHA256 bits=128/128); Sat, 17 May 2025 22:47:00 -0700 (PDT) X-Relaying-Domain: iol.unh.edu Date: Sat, 17 May 2025 22:47:00 -0700 (PDT) Message-ID: <68297454.050a0220.13a065.1309SMTPIN_ADDED_MISSING@mx.google.com> Received: from [172.21.0.6] (unknown [172.18.0.240]) by postal.iol.unh.edu (Postfix) with ESMTP id 5CDBD6052471; Sun, 18 May 2025 01:46:59 -0400 (EDT) Subject: |FAILURE| [GIT MASTER] 4401486b5e30d43a134f80f9802f60b5f43e74a8 From: dpdklab@iol.unh.edu To: Test Report Cc: dpdk-test-reports@iol.unh.edu, Xueming Li , Christian Ehrhardt , Kevin Traynor , Luca Boccassi Content-Type: text/plain X-BeenThere: test-report@dpdk.org X-Mailman-Version: 2.1.29 Precedence: list List-Id: automatic DPDK test reports List-Unsubscribe: , List-Archive: List-Post: List-Help: List-Subscribe: , Errors-To: test-report-bounces@dpdk.org _Testing issues_ Branch: tags/v22.11 4401486b5e30d43a134f80f9802f60b5f43e74a8 --> testing issues Upstream job id: Generic-Unit-Test-DPDK#338885 Test environment and result as below: +---------------------+----------------+ | Environment | dpdk_unit_test | +=====================+================+ | CentOS Stream 10 | FAIL | +---------------------+----------------+ | Fedora 40 | FAIL | +---------------------+----------------+ | Fedora 41 | FAIL | +---------------------+----------------+ | Fedora 40 (Clang) | FAIL | +---------------------+----------------+ | Debian 12 | FAIL | +---------------------+----------------+ | CentOS Stream 9 | PEND | +---------------------+----------------+ | Fedora 41 (Clang) | PEND | +---------------------+----------------+ | Ubuntu 24.04 | PEND | +---------------------+----------------+ | RHEL9 | PEND | +---------------------+----------------+ | Ubuntu 20.04 | PASS | +---------------------+----------------+ | RHEL8 | PEND | +---------------------+----------------+ | Ubuntu 22.04 | PEND | +---------------------+----------------+ | Windows Server 2022 | FAIL | +---------------------+----------------+ ==== Unit test summary for Windows Server 2022 (dpdk_unit_test): ==== Failed to get the unit test results. Displaying the unit test results is not supported for some environments, such as our aarch32 testing, where meson is not used to run the tests. Download the logs available on our CI site. ==== End log output ==== CentOS Stream 10 Kernel: Depends on container host Compiler: gcc 14.2.1 20241104 (Red Hat 14.2.1-6) Fedora 40 Kernel: Depends on container host Compiler: gcc 14.2.1 20240912 (Red Hat 14.2.1-3) Fedora 41 Kernel: Depends on container host Compiler: gcc 14.2.1 20240912 (Red Hat 14.2.1-3) Fedora 40 (Clang) Kernel: Depends on container host Compiler: clang 18.1.8 (Fedora 18.1.8-1.fc40) Debian 12 Kernel: Depends on container host Compiler: gcc (Debian 12.2.0-14) 12.2.0 CentOS Stream 9 Kernel: Depends on container host Compiler: gcc 11.5.0 20240719 (Red Hat 11.5.0-2) Fedora 41 (Clang) Kernel: Depends on container host Compiler: clang 19.1.5 (Fedora 19.1.5-1.fc41) Ubuntu 24.04 Kernel: Depends on container host Compiler: gcc (Ubuntu 13.3.0-6ubuntu2~24.04) 13.3.0 RHEL9 Kernel: Depends on container host Compiler: gcc 11.5.0 20240719 (Red Hat 11.5.0-2) Ubuntu 20.04 Kernel: Depends on container host Compiler: gcc (Ubuntu 9.4.0-1ubuntu1~20.04.2) 9.4.0 RHEL8 Kernel: Depends on container host Compiler: gcc 8.5.0 20210514 (Red Hat 8.5.0-22) Ubuntu 22.04 Kernel: Depends on container host Compiler: gcc (Ubuntu 11.4.0-1ubuntu1~22.04) 11.4.0 Windows Server 2022 Kernel: 10.0.20348.2031 Compiler: clang 15.0.7, gcc 14.1.0 (MinGW), and MSVC VS 19.39.33521 To view detailed results, visit: https://lab.dpdk.org/results/dashboard/tarballs/33574/ UNH-IOL DPDK Community Lab To manage your email subscriptions, visit: https://lab.dpdk.org/results/dashboard/preferences/subscriptions/