From mboxrd@z Thu Jan 1 00:00:00 1970 Return-Path: Received: from mails.dpdk.org (mails.dpdk.org [217.70.189.124]) by inbox.dpdk.org (Postfix) with ESMTP id 49B234677A for ; Sun, 18 May 2025 07:58:39 +0200 (CEST) Received: from mails.dpdk.org (localhost [127.0.0.1]) by mails.dpdk.org (Postfix) with ESMTP id 459854027D; Sun, 18 May 2025 07:58:39 +0200 (CEST) Received: from mail-il1-f226.google.com (mail-il1-f226.google.com [209.85.166.226]) by mails.dpdk.org (Postfix) with ESMTP id 57FCD400D6 for ; Sun, 18 May 2025 07:58:37 +0200 (CEST) Received: by mail-il1-f226.google.com with SMTP id e9e14a558f8ab-3dc6b2a8647so455505ab.2 for ; Sat, 17 May 2025 22:58:37 -0700 (PDT) DKIM-Signature: v=1; a=rsa-sha256; c=relaxed/relaxed; d=iol.unh.edu; s=unh-iol; t=1747547916; x=1748152716; darn=dpdk.org; h=cc:to:from:subject:message-id:date:from:to:cc:subject:date :message-id:reply-to; bh=bT1V4Mp+FK/dl9VT/P0ozKUNK2bTPIkOuDTQEDv/ogA=; b=O/fktiwvjEP9DcdBjxprvJal4rEtNrnr3+qz2KsFKFB4IsMCiC8BZhwym4NRDPf/Q0 mJ+08QFSIvCNe/JG2fcsh/RqxQBVSjk3Ti2+iCtCWXhqNpQaC1O3pGnqTe31VucaRZob W9Bc7OjMxMjfiCT72gbZH1khSjkVqBTwyCkXo= X-Google-DKIM-Signature: v=1; a=rsa-sha256; c=relaxed/relaxed; d=1e100.net; s=20230601; t=1747547916; x=1748152716; h=cc:to:from:subject:message-id:date:x-gm-message-state:from:to:cc :subject:date:message-id:reply-to; bh=bT1V4Mp+FK/dl9VT/P0ozKUNK2bTPIkOuDTQEDv/ogA=; b=Hpf7pOiQrb5gDFxJ362cvZ8zwhnkWr8Nc0l9MUiZA5N+UMggwN5fnTlHUinsVDk92D Ma7ChGujv/ibspX2jw33w9bAgWMGpFlZmd063JbWjFfldiJlz7S74xhBrKm2Zyj5CRrD U/RFH3M6aVtNWSmGiSwlwGcQzNu0VjGbgZLSWcwfN08IkRkyDA/ZYuhtR+GdF/Q7+Hzf LJY0cwLXGnSqQU7ENmSfRqzezKLHMq7wXQdElhP87/4wlv9pgf4f3/GuJI0XZ791aDmz cElNPe1ErignfFlTbyEmaUoSrNC40qhKmWpYI61CifSA0TEk/Vf/Ve5N9XPO7pOvsOAx b8qQ== X-Gm-Message-State: AOJu0YxmDpSLKuuhYbAOpRsdORoKcDT3khoTq8DqJGATE9CYsefRiqrO P3+2Hxnc75bG+gSHwUv65Ehr2l9aGc1DWaTeaXi0YQGgco7LhPBXTSQWHhEILyq3wCn5Glzk8Rj I07Zi8HTCqyTTnZson9jfvO1kvy48I88N5jIp X-Gm-Gg: ASbGnct7y/PbtyoW7aBySLp484KqP6dAkR9/aXCucYWtIndaxfqM9E7yeq80NChYtVl pTlh9lxmtYO+/MiSz9ofOlXtw92A5mG1Da3bA6gQl0mnRLLvg1eCUaOzdo4p5QkV5Ts0klr/MpL 3Lp7kzL3CXJo54/DCxmjhFC+N4GlPEYWCN4EEmj9/VJukpTMscx5SEcRn8UjZZgp50ZIlWzqRRA ++5t89ahMVCjXNRkTsElTAhfHflecAKxbMoUnGf5vy999Fs1JNUNTBaY5NQgcEEr8YTyBWCBfHX +RbcUdY4HgUvmKUgaQUow4ETy/pBKEPOBgjfwuaXORQkO/sfYeTC9wRYdBo= X-Google-Smtp-Source: AGHT+IH7yPbH3f1VUrqxhcVrX+MM9fzicnk97C1KmE8HnfyZyZwoGO2r0q4n5idSW8pwE1NFpocoJXvd15AC X-Received: by 2002:a05:6e02:b2e:b0:3db:839d:7b29 with SMTP id e9e14a558f8ab-3db857b657fmr77827355ab.20.1747547916566; Sat, 17 May 2025 22:58:36 -0700 (PDT) Received: from postal.iol.unh.edu (postal.iol.unh.edu. [132.177.123.84]) by smtp-relay.gmail.com with ESMTPS id 8926c6da1cb9f-4fbcc48b052sm247508173.48.2025.05.17.22.58.36 (version=TLS1_2 cipher=ECDHE-ECDSA-AES128-GCM-SHA256 bits=128/128); Sat, 17 May 2025 22:58:36 -0700 (PDT) X-Relaying-Domain: iol.unh.edu Date: Sat, 17 May 2025 22:58:36 -0700 (PDT) Message-ID: <6829770c.050a0220.a7707.d331SMTPIN_ADDED_MISSING@mx.google.com> Received: from [172.21.0.6] (unknown [172.18.0.240]) by postal.iol.unh.edu (Postfix) with ESMTP id 107CF6052471; Sun, 18 May 2025 01:58:36 -0400 (EDT) Subject: |FAILURE| [GIT MASTER] 4401486b5e30d43a134f80f9802f60b5f43e74a8 From: dpdklab@iol.unh.edu To: Test Report Cc: dpdk-test-reports@iol.unh.edu, Xueming Li , Christian Ehrhardt , Kevin Traynor , Luca Boccassi Content-Type: text/plain X-BeenThere: test-report@dpdk.org X-Mailman-Version: 2.1.29 Precedence: list List-Id: automatic DPDK test reports List-Unsubscribe: , List-Archive: List-Post: List-Help: List-Subscribe: , Errors-To: test-report-bounces@dpdk.org _Testing issues_ Branch: tags/v22.11 4401486b5e30d43a134f80f9802f60b5f43e74a8 --> testing issues Upstream job id: Generic-Unit-Test-DPDK#338887 Test environment and result as below: +---------------------+----------------+ | Environment | dpdk_unit_test | +=====================+================+ | CentOS Stream 10 | FAIL | +---------------------+----------------+ | Fedora 40 | FAIL | +---------------------+----------------+ | Fedora 41 | FAIL | +---------------------+----------------+ | Fedora 40 (Clang) | FAIL | +---------------------+----------------+ | Debian 12 | FAIL | +---------------------+----------------+ | CentOS Stream 9 | FAIL | +---------------------+----------------+ | Fedora 41 (Clang) | PEND | +---------------------+----------------+ | Ubuntu 24.04 | FAIL | +---------------------+----------------+ | RHEL9 | PEND | +---------------------+----------------+ | Ubuntu 20.04 | PASS | +---------------------+----------------+ | RHEL8 | PEND | +---------------------+----------------+ | Ubuntu 22.04 | PEND | +---------------------+----------------+ | Windows Server 2022 | FAIL | +---------------------+----------------+ ==== Unit test summary for Windows Server 2022 (dpdk_unit_test): ==== Failed to get the unit test results. Displaying the unit test results is not supported for some environments, such as our aarch32 testing, where meson is not used to run the tests. Download the logs available on our CI site. ==== End log output ==== CentOS Stream 10 Kernel: Depends on container host Compiler: gcc 14.2.1 20241104 (Red Hat 14.2.1-6) Fedora 40 Kernel: Depends on container host Compiler: gcc 14.2.1 20240912 (Red Hat 14.2.1-3) Fedora 41 Kernel: Depends on container host Compiler: gcc 14.2.1 20240912 (Red Hat 14.2.1-3) Fedora 40 (Clang) Kernel: Depends on container host Compiler: clang 18.1.8 (Fedora 18.1.8-1.fc40) Debian 12 Kernel: Depends on container host Compiler: gcc (Debian 12.2.0-14) 12.2.0 CentOS Stream 9 Kernel: Depends on container host Compiler: gcc 11.5.0 20240719 (Red Hat 11.5.0-2) Fedora 41 (Clang) Kernel: Depends on container host Compiler: clang 19.1.5 (Fedora 19.1.5-1.fc41) Ubuntu 24.04 Kernel: Depends on container host Compiler: gcc (Ubuntu 13.3.0-6ubuntu2~24.04) 13.3.0 RHEL9 Kernel: Depends on container host Compiler: gcc 11.5.0 20240719 (Red Hat 11.5.0-2) Ubuntu 20.04 Kernel: Depends on container host Compiler: gcc (Ubuntu 9.4.0-1ubuntu1~20.04.2) 9.4.0 RHEL8 Kernel: Depends on container host Compiler: gcc 8.5.0 20210514 (Red Hat 8.5.0-22) Ubuntu 22.04 Kernel: Depends on container host Compiler: gcc (Ubuntu 11.4.0-1ubuntu1~22.04) 11.4.0 Windows Server 2022 Kernel: 10.0.20348.2031 Compiler: clang 15.0.7, gcc 14.1.0 (MinGW), and MSVC VS 19.39.33521 To view detailed results, visit: https://lab.dpdk.org/results/dashboard/tarballs/33574/ UNH-IOL DPDK Community Lab To manage your email subscriptions, visit: https://lab.dpdk.org/results/dashboard/preferences/subscriptions/