From mboxrd@z Thu Jan 1 00:00:00 1970 Return-Path: Received: from mails.dpdk.org (mails.dpdk.org [217.70.189.124]) by inbox.dpdk.org (Postfix) with ESMTP id A86664677B for ; Sun, 18 May 2025 08:02:29 +0200 (CEST) Received: from mails.dpdk.org (localhost [127.0.0.1]) by mails.dpdk.org (Postfix) with ESMTP id A39854027D; Sun, 18 May 2025 08:02:29 +0200 (CEST) Received: from mail-yb1-f225.google.com (mail-yb1-f225.google.com [209.85.219.225]) by mails.dpdk.org (Postfix) with ESMTP id 71F11400D6 for ; Sun, 18 May 2025 08:02:27 +0200 (CEST) Received: by mail-yb1-f225.google.com with SMTP id 3f1490d57ef6-e7b4ba530feso2924604276.1 for ; Sat, 17 May 2025 23:02:27 -0700 (PDT) DKIM-Signature: v=1; a=rsa-sha256; c=relaxed/relaxed; d=iol.unh.edu; s=unh-iol; t=1747548147; x=1748152947; darn=dpdk.org; h=cc:to:from:subject:message-id:date:from:to:cc:subject:date :message-id:reply-to; bh=WqoQIyl4X+nAcTQamHZPbgHUln+N99lO+e8zu6uXRhg=; b=JE1uoxVMWQ5s3NXXfhHu6Kn0pzrbSMDQf8OawmbT3IbRPUhPUa/dvzdybs6VRseI8z JEj4D9UoGO8NhU19z6okbenIpnypOwVmzw46brB2CVj1VRENzL+1goa8RLk2zj1TsKul Ar/vFXBMEeVQZIZ+8Pt0XB0IycHnp3FtQ/g6U= X-Google-DKIM-Signature: v=1; a=rsa-sha256; c=relaxed/relaxed; d=1e100.net; s=20230601; t=1747548147; x=1748152947; h=cc:to:from:subject:message-id:date:x-gm-message-state:from:to:cc :subject:date:message-id:reply-to; bh=WqoQIyl4X+nAcTQamHZPbgHUln+N99lO+e8zu6uXRhg=; b=rIF5NEBskdG9D3U8fEptR5chB1yGs506IV4HwHOpE7y49cLdFP7LDYoBzh3tY63iyi bdvNGjTltnvyHHs7ZsE8vht0qh8NvqsTShvVVoHyMhbWHVHmgwCrFCNlgCG9JPfIRNf8 UGL5IZbSBQFBifUvK+bVJhF+MRK0vmG/uU+Uwg6Spr3UJHjn8CNfl655pJtLkIP9mP+3 8bHjH3zwl9kMGzA7wc1aDLSCteoIXz+jjD6tHzXrmjSa5/4fHVN7oi4QFmqk6QP3WHE7 kcUOGn0p1WrN3Fk1CxSK6tYfXeTLWZXJ7iq/dN7BXQQDrpJzgvH9gNCGaOe+rgInmOFn OlFg== X-Gm-Message-State: AOJu0YxfwlGgWv2xbDC0JAQKv00EmjGD3Zrye5Vq39tsTTEAFjPY1ZuZ Cpe7WzbTLdHWl8pcgNtf33s4oPmRmDepZpsBJyclo2tsJNNufvOBKLM9D3wLs1deq46I4HkV4N0 kGNaXKA7KL+qD0m+9Lc4Fdt2Hulh+ttOPgvv44/LzmYl8MCKIz50K X-Gm-Gg: ASbGnctsdHuRPgTbNGkpT9evcqyOY7vXgCDdxRgnW5f4i23zuFgjpgOqtGPY3kHm8Tt 312gBr1CsD3qAsEkE+F9huSpPL/5M158a8MPn45fS5AW0aEgsOPbWtHsmurpE4NmeRsPrre6iXs BV9iVLF757MH0agM/IqspuiAvUeYH1f/awZ3X088QVl+jGR5ktwcSIRUuScakdQXpUYUf1aohbb d4jj3wqLqgypMNtN5pfsKR7++MRJJAB3Ch+XnzVeCrtGgSXhyyIE/4EFoFRKZjZDPYYn63JusCQ eSlOp8KxdGEKyfjAr19dG8rrQ27QLYqoEcYC X-Google-Smtp-Source: AGHT+IHdoaPBB8AdPY8KtsOFawLviKmthjhmpNBcG7sBxd2pEOp+y+KbYAdjU5R95EB1VCsVLdFST/aS6liT X-Received: by 2002:a05:6902:1614:b0:e7b:969a:8cbc with SMTP id 3f1490d57ef6-e7b969a8ddamr1929791276.15.1747548146812; Sat, 17 May 2025 23:02:26 -0700 (PDT) Received: from postal.iol.unh.edu (postal.iol.unh.edu. [2606:4100:3880:1234::84]) by smtp-relay.gmail.com with ESMTPS id 3f1490d57ef6-e7b6ae7a0bdsm101308276.31.2025.05.17.23.02.26 (version=TLS1_2 cipher=ECDHE-ECDSA-AES128-GCM-SHA256 bits=128/128); Sat, 17 May 2025 23:02:26 -0700 (PDT) X-Relaying-Domain: iol.unh.edu Date: Sat, 17 May 2025 23:02:26 -0700 (PDT) Message-ID: <682977f2.250a0220.2dc973.5c7aSMTPIN_ADDED_MISSING@mx.google.com> Received: from [172.21.0.6] (unknown [172.18.0.240]) by postal.iol.unh.edu (Postfix) with ESMTP id 71FC06052471; Sun, 18 May 2025 02:02:26 -0400 (EDT) Subject: |FAILURE| [GIT MASTER] 4401486b5e30d43a134f80f9802f60b5f43e74a8 From: dpdklab@iol.unh.edu To: Test Report Cc: dpdk-test-reports@iol.unh.edu, Xueming Li , Christian Ehrhardt , Kevin Traynor , Luca Boccassi Content-Type: text/plain X-BeenThere: test-report@dpdk.org X-Mailman-Version: 2.1.29 Precedence: list List-Id: automatic DPDK test reports List-Unsubscribe: , List-Archive: List-Post: List-Help: List-Subscribe: , Errors-To: test-report-bounces@dpdk.org _Testing issues_ Branch: tags/v22.11 4401486b5e30d43a134f80f9802f60b5f43e74a8 --> testing issues Upstream job id: Generic-Unit-Test-DPDK#338883 Test environment and result as below: +---------------------+----------------+ | Environment | dpdk_unit_test | +=====================+================+ | CentOS Stream 10 | FAIL | +---------------------+----------------+ | Fedora 40 | FAIL | +---------------------+----------------+ | Fedora 41 | FAIL | +---------------------+----------------+ | Fedora 40 (Clang) | FAIL | +---------------------+----------------+ | Debian 12 | FAIL | +---------------------+----------------+ | CentOS Stream 9 | FAIL | +---------------------+----------------+ | Fedora 41 (Clang) | PEND | +---------------------+----------------+ | Ubuntu 24.04 | FAIL | +---------------------+----------------+ | RHEL9 | PEND | +---------------------+----------------+ | Ubuntu 20.04 | PASS | +---------------------+----------------+ | RHEL8 | FAIL | +---------------------+----------------+ | Ubuntu 22.04 | PEND | +---------------------+----------------+ | Windows Server 2022 | FAIL | +---------------------+----------------+ ==== Unit test summary for Windows Server 2022 (dpdk_unit_test): ==== Failed to get the unit test results. Displaying the unit test results is not supported for some environments, such as our aarch32 testing, where meson is not used to run the tests. Download the logs available on our CI site. ==== End log output ==== CentOS Stream 10 Kernel: Depends on container host Compiler: gcc 14.2.1 20241104 (Red Hat 14.2.1-6) Fedora 40 Kernel: Depends on container host Compiler: gcc 14.2.1 20240912 (Red Hat 14.2.1-3) Fedora 41 Kernel: Depends on container host Compiler: gcc 14.2.1 20240912 (Red Hat 14.2.1-3) Fedora 40 (Clang) Kernel: Depends on container host Compiler: clang 18.1.8 (Fedora 18.1.8-1.fc40) Debian 12 Kernel: Depends on container host Compiler: gcc (Debian 12.2.0-14) 12.2.0 CentOS Stream 9 Kernel: Depends on container host Compiler: gcc 11.5.0 20240719 (Red Hat 11.5.0-2) Fedora 41 (Clang) Kernel: Depends on container host Compiler: clang 19.1.5 (Fedora 19.1.5-1.fc41) Ubuntu 24.04 Kernel: Depends on container host Compiler: gcc (Ubuntu 13.3.0-6ubuntu2~24.04) 13.3.0 RHEL9 Kernel: Depends on container host Compiler: gcc 11.5.0 20240719 (Red Hat 11.5.0-2) Ubuntu 20.04 Kernel: Depends on container host Compiler: gcc (Ubuntu 9.4.0-1ubuntu1~20.04.2) 9.4.0 RHEL8 Kernel: Depends on container host Compiler: gcc 8.5.0 20210514 (Red Hat 8.5.0-22) Ubuntu 22.04 Kernel: Depends on container host Compiler: gcc (Ubuntu 11.4.0-1ubuntu1~22.04) 11.4.0 Windows Server 2022 Kernel: 10.0.20348.2031 Compiler: clang 15.0.7, gcc 14.1.0 (MinGW), and MSVC VS 19.39.33521 To view detailed results, visit: https://lab.dpdk.org/results/dashboard/tarballs/33574/ UNH-IOL DPDK Community Lab To manage your email subscriptions, visit: https://lab.dpdk.org/results/dashboard/preferences/subscriptions/