From mboxrd@z Thu Jan 1 00:00:00 1970 Return-Path: Received: from mails.dpdk.org (mails.dpdk.org [217.70.189.124]) by inbox.dpdk.org (Postfix) with ESMTP id 4B7C24677E for ; Sun, 18 May 2025 08:08:00 +0200 (CEST) Received: from mails.dpdk.org (localhost [127.0.0.1]) by mails.dpdk.org (Postfix) with ESMTP id 476374027D; Sun, 18 May 2025 08:08:00 +0200 (CEST) Received: from mail-pf1-f226.google.com (mail-pf1-f226.google.com [209.85.210.226]) by mails.dpdk.org (Postfix) with ESMTP id 71C4B400D6 for ; Sun, 18 May 2025 08:07:59 +0200 (CEST) Received: by mail-pf1-f226.google.com with SMTP id d2e1a72fcca58-74019695377so2660014b3a.3 for ; Sat, 17 May 2025 23:07:59 -0700 (PDT) DKIM-Signature: v=1; a=rsa-sha256; c=relaxed/relaxed; d=iol.unh.edu; s=unh-iol; t=1747548478; x=1748153278; darn=dpdk.org; h=cc:to:from:subject:message-id:date:from:to:cc:subject:date :message-id:reply-to; bh=XN4V6wTED/IMdEX7V7pCpew4SwAauvo+wfVrfaZD+VA=; b=C3yqnbcqZQ8+zzm54TCg6iXPG/gMDx6bsCFtnQZZvG/a042N/Tl+1a5+sFhxLhB7B+ ctsSjUNz1g3ElJf/9SEEfDoOG/ChBd8xUJynHUdUa4OIajuwcfaU51CvCIk9NzHECGVv unemQUl8KGUetDnVxFRaSbJWON4pAcLspFAlE= X-Google-DKIM-Signature: v=1; a=rsa-sha256; c=relaxed/relaxed; d=1e100.net; s=20230601; t=1747548478; x=1748153278; h=cc:to:from:subject:message-id:date:x-gm-message-state:from:to:cc :subject:date:message-id:reply-to; bh=XN4V6wTED/IMdEX7V7pCpew4SwAauvo+wfVrfaZD+VA=; b=LKWX1yTyfDkhZaK7ETdaVcMjx3eiXi1uIkEIPrMwE8JSVIpFSZiRs+2YJjw2zmiJM5 VedhWH+fsuB+vTGd4nmaEf/7Mbe4yKUmy6dJFZZAmUrMQ91TPGyQ5ziTy8KS7d2q+5wa GqausZB4ZJ/LB516lu3C1ofZMwu4VJZuHnKCR0aIU/rNxyktVAEMqojXP/k1qjsaO7Ro kC8wwkpgMK/voC6P6V2ZU9/0F6sxamYycpWk8cQNhjcEhf7CHkFgQNrT/OTcb+A0ui9Y jqIr7Ib8Tzb52v6vqeOUQxPvrLM4q4xWCItqGooo2fHGL71H8HjMySVrKb4nbqTO50AP BNLA== X-Gm-Message-State: AOJu0Yx194BxaT5cmgRM0ZtoJfdo2Vu2sP4l9xH/LyII/NzRlHbFJBsv 9LCyGrsmX/BptqFNT6omfM1i0IF917mDhVS1WIH1tjvP9yqpe5Z+hy2voYX4znRboD/ykMns1Em 9oEHhpZw5mbDb9+bcJ2lRC7ioFgo2EzsgqB5+ X-Gm-Gg: ASbGncuSDBkkASGQWGjihSQXYPsusIWDy41i3HoIvSgo473a6YdstvcNjIgY9rhXvkW EK9pu1Jmkfq4ixySGVs03Lbc1Lm90jhNBlJeOsOnwWF+G4rSh+K3dQN0L7K8V6xHvkntesQX1AO iHGbT7i7bsNfDdO0ypZI4nDKh2Gc7wGFl4MwKl91QQ4KSVitPVuUXQFE33wt1094j5d8mNHhUbx 380gs4E3xLFVMUHyZfPoKP9iAP092Sk+1U+jeEkNfXRaOmTlGXn4Rl1NinEqv0fsWa4J6G1pOIT rg6N9/ReZMmYIP5UrVtOruejos8QWyPUhOj8oF073pDfg2+zYSAv60Q4BxA= X-Google-Smtp-Source: AGHT+IF2DunU+c10eGOY+uhkVzY4LS0Wyo2lkI99phLWp9HeergLseY3fbQTb1AN5V1i1PifRli2E6w63ANB X-Received: by 2002:a05:6a00:b84:b0:73f:f816:dd7f with SMTP id d2e1a72fcca58-742a989a1b2mr10677474b3a.15.1747548478591; Sat, 17 May 2025 23:07:58 -0700 (PDT) Received: from postal.iol.unh.edu (postal.iol.unh.edu. [132.177.123.84]) by smtp-relay.gmail.com with ESMTPS id d2e1a72fcca58-742a9769639sm295531b3a.13.2025.05.17.23.07.58 (version=TLS1_2 cipher=ECDHE-ECDSA-AES128-GCM-SHA256 bits=128/128); Sat, 17 May 2025 23:07:58 -0700 (PDT) X-Relaying-Domain: iol.unh.edu Date: Sat, 17 May 2025 23:07:58 -0700 (PDT) Message-ID: <6829793e.050a0220.22bbdc.f4f0SMTPIN_ADDED_MISSING@mx.google.com> Received: from [172.21.0.5] (unknown [172.18.0.240]) by postal.iol.unh.edu (Postfix) with ESMTP id C31586052471; Sun, 18 May 2025 02:07:57 -0400 (EDT) Subject: |WARNING| [GIT MASTER] 4401486b5e30d43a134f80f9802f60b5f43e74a8 From: dpdklab@iol.unh.edu To: Test Report Cc: dpdk-test-reports@iol.unh.edu, Xueming Li , Christian Ehrhardt , Kevin Traynor , Luca Boccassi Content-Type: text/plain X-BeenThere: test-report@dpdk.org X-Mailman-Version: 2.1.29 Precedence: list List-Id: automatic DPDK test reports List-Unsubscribe: , List-Archive: List-Post: List-Help: List-Subscribe: , Errors-To: test-report-bounces@dpdk.org _Testing issues_ Branch: tags/v22.11 4401486b5e30d43a134f80f9802f60b5f43e74a8 --> testing issues Upstream job id: Generic-DPDK-Compile-ABI#126883 Test environment and result as below: +-------------------+----------+ | Environment | abi_test | +===================+==========+ | CentOS Stream 9 | PASS | +-------------------+----------+ | Debian 12 | PASS | +-------------------+----------+ | Fedora 40 (Clang) | PASS | +-------------------+----------+ | Fedora 40 | PASS | +-------------------+----------+ | Fedora 41 | FAIL | +-------------------+----------+ | openSUSE Leap 15 | PASS | +-------------------+----------+ | Fedora 41 (Clang) | FAIL | +-------------------+----------+ | RHEL8 | FAIL | +-------------------+----------+ | Ubuntu 22.04 | FAIL | +-------------------+----------+ | RHEL9 | FAIL | +-------------------+----------+ | Ubuntu 24.04 | PASS | +-------------------+----------+ | CentOS Stream 10 | PASS | +-------------------+----------+ ==== 20 line log output for RHEL9 (abi_test): ==== Installing /root/workspace/Generic-DPDK-Compile-ABI@4/dpdk/drivers/net/vhost/rte_eth_vhost.h to /root/workspace/Generic-DPDK-Compile-ABI@4/build_install/usr/local/include Installing /root/workspace/Generic-DPDK-Compile-ABI@4/dpdk/drivers/raw/cnxk_bphy/rte_pmd_bphy.h to /root/workspace/Generic-DPDK-Compile-ABI@4/build_install/usr/local/include Installing /root/workspace/Generic-DPDK-Compile-ABI@4/dpdk/drivers/raw/cnxk_gpio/rte_pmd_cnxk_gpio.h to /root/workspace/Generic-DPDK-Compile-ABI@4/build_install/usr/local/include Installing /root/workspace/Generic-DPDK-Compile-ABI@4/dpdk/drivers/raw/dpaa2_cmdif/rte_pmd_dpaa2_cmdif.h to /root/workspace/Generic-DPDK-Compile-ABI@4/build_install/usr/local/include Installing /root/workspace/Generic-DPDK-Compile-ABI@4/dpdk/drivers/raw/ntb/rte_pmd_ntb.h to /root/workspace/Generic-DPDK-Compile-ABI@4/build_install/usr/local/include Installing /root/workspace/Generic-DPDK-Compile-ABI@4/dpdk/drivers/crypto/scheduler/rte_cryptodev_scheduler.h to /root/workspace/Generic-DPDK-Compile-ABI@4/build_install/usr/local/include Installing /root/workspace/Generic-DPDK-Compile-ABI@4/dpdk/drivers/crypto/scheduler/rte_cryptodev_scheduler_operations.h to /root/workspace/Generic-DPDK-Compile-ABI@4/build_install/usr/local/include Installing /root/workspace/Generic-DPDK-Compile-ABI@4/dpdk/drivers/event/dlb2/rte_pmd_dlb2.h to /root/workspace/Generic-DPDK-Compile-ABI@4/build_install/usr/local/include Installing /root/workspace/Generic-DPDK-Compile-ABI@4/dpdk/drivers/baseband/acc/rte_acc_cfg.h to /root/workspace/Generic-DPDK-Compile-ABI@4/build_install/usr/local/include Installing /root/workspace/Generic-DPDK-Compile-ABI@4/dpdk/drivers/baseband/fpga_5gnr_fec/rte_pmd_fpga_5gnr_fec.h to /root/workspace/Generic-DPDK-Compile-ABI@4/build_install/usr/local/include Installing /root/workspace/Generic-DPDK-Compile-ABI@4/dpdk/usertools/dpdk-devbind.py to /root/workspace/Generic-DPDK-Compile-ABI@4/build_install/usr/local/bin Installing /root/workspace/Generic-DPDK-Compile-ABI@4/dpdk/usertools/dpdk-pmdinfo.py to /root/workspace/Generic-DPDK-Compile-ABI@4/build_install/usr/local/bin Installing /root/workspace/Generic-DPDK-Compile-ABI@4/dpdk/usertools/dpdk-telemetry.py to /root/workspace/Generic-DPDK-Compile-ABI@4/build_install/usr/local/bin Installing /root/workspace/Generic-DPDK-Compile-ABI@4/dpdk/usertools/dpdk-hugepages.py to /root/workspace/Generic-DPDK-Compile-ABI@4/build_install/usr/local/bin Installing /root/workspace/Generic-DPDK-Compile-ABI@4/dpdk/build/rte_build_config.h to /root/workspace/Generic-DPDK-Compile-ABI@4/build_install/usr/local/include Installing /root/workspace/Generic-DPDK-Compile-ABI@4/dpdk/build/meson-private/libdpdk-libs.pc to /root/workspace/Generic-DPDK-Compile-ABI@4/build_install/usr/local/lib64/pkgconfig Installing /root/workspace/Generic-DPDK-Compile-ABI@4/dpdk/build/meson-private/libdpdk.pc to /root/workspace/Generic-DPDK-Compile-ABI@4/build_install/usr/local/lib64/pkgconfig Running custom install script '/bin/sh /root/workspace/Generic-DPDK-Compile-ABI@4/dpdk/config/../buildtools/symlink-drivers-solibs.sh lib64 dpdk/pmds-23.0' ==== Compiled DPDK with debugoptimized bash: /scripts/generate_abi.sh: No such file or directory ==== End log output ==== CentOS Stream 9 Kernel: Depends on container host Compiler: gcc 11.5.0 20240719 (Red Hat 11.5.0-2) Debian 12 Kernel: Depends on container host Compiler: gcc (Debian 12.2.0-14) 12.2.0 Fedora 40 (Clang) Kernel: Depends on container host Compiler: clang 18.1.8 (Fedora 18.1.8-1.fc40) Fedora 40 Kernel: Depends on container host Compiler: gcc 14.2.1 20240912 (Red Hat 14.2.1-3) Fedora 41 Kernel: Depends on container host Compiler: gcc 14.2.1 20240912 (Red Hat 14.2.1-3) openSUSE Leap 15 Kernel: Depends on container host Compiler: gcc (SUSE Linux) 7.5.0 Fedora 41 (Clang) Kernel: Depends on container host Compiler: clang 19.1.5 (Fedora 19.1.5-1.fc41) RHEL8 Kernel: Depends on container host Compiler: gcc 8.5.0 20210514 (Red Hat 8.5.0-22) Ubuntu 22.04 Kernel: Depends on container host Compiler: gcc (Ubuntu 11.4.0-1ubuntu1~22.04) 11.4.0 RHEL9 Kernel: Depends on container host Compiler: gcc 11.5.0 20240719 (Red Hat 11.5.0-2) Ubuntu 24.04 Kernel: Depends on container host Compiler: gcc (Ubuntu 13.3.0-6ubuntu2~24.04) 13.3.0 CentOS Stream 10 Kernel: Depends on container host Compiler: gcc 14.2.1 20241104 (Red Hat 14.2.1-6) To view detailed results, visit: https://lab.dpdk.org/results/dashboard/tarballs/33574/ UNH-IOL DPDK Community Lab To manage your email subscriptions, visit: https://lab.dpdk.org/results/dashboard/preferences/subscriptions/