From mboxrd@z Thu Jan 1 00:00:00 1970 Return-Path: Received: from mails.dpdk.org (mails.dpdk.org [217.70.189.124]) by inbox.dpdk.org (Postfix) with ESMTP id 923224677E for ; Sun, 18 May 2025 08:10:05 +0200 (CEST) Received: from mails.dpdk.org (localhost [127.0.0.1]) by mails.dpdk.org (Postfix) with ESMTP id 869A24027D; Sun, 18 May 2025 08:10:05 +0200 (CEST) Received: from mail-oi1-f226.google.com (mail-oi1-f226.google.com [209.85.167.226]) by mails.dpdk.org (Postfix) with ESMTP id EDB37400D6 for ; Sun, 18 May 2025 08:10:04 +0200 (CEST) Received: by mail-oi1-f226.google.com with SMTP id 5614622812f47-4033c70577fso2384410b6e.0 for ; Sat, 17 May 2025 23:10:04 -0700 (PDT) DKIM-Signature: v=1; a=rsa-sha256; c=relaxed/relaxed; d=iol.unh.edu; s=unh-iol; t=1747548604; x=1748153404; darn=dpdk.org; h=cc:to:from:subject:message-id:date:from:to:cc:subject:date :message-id:reply-to; bh=hXdoe8I5IUJVj2qJ5yG/tGk52Eh3pHrpX3ByozwFnKw=; b=Y14InwG1MIp4tIhlzhBWtxFKCakCWnwUGBOjggXZHl08zf//aSP9bNiCvQjGr59x5P /DWLHam9ST4pQX3UoD3pNlIjDkrdEJOw3J8i5ipGlkLaFNB+67LDL+kyb2s3Cf0lr4F3 SBi+JuMLUlkR9Sgg647ccm6VVv0CXVKUheQio= X-Google-DKIM-Signature: v=1; a=rsa-sha256; c=relaxed/relaxed; d=1e100.net; s=20230601; t=1747548604; x=1748153404; h=cc:to:from:subject:message-id:date:x-gm-message-state:from:to:cc :subject:date:message-id:reply-to; bh=hXdoe8I5IUJVj2qJ5yG/tGk52Eh3pHrpX3ByozwFnKw=; b=tqTtmOpYNUQiYmkoVkEQNV7iRjmiTyYhIMQREBehvoSV6H8x69k5XZe46TUBcBFkHL dcxUkG8KLcGcc3gloq2PStfMHiy9eEtlyehGse5rBkLAx4DUz6fKtpG5tvBg3/Po8Jbr 6ysBChnmXPc5It8DgZvwBKrBZPFMrB96+VyqWE/6j4hssOhtQc00wgIFLQuPO06PeSGN RVbtkydSRqWv8zZCzS0r+Qbz6hBg1Jmau21bAbuBNAS/sV3BvMD8zmrMqSAjKojX7qyk GlbkhPHotBOvOF2JWWQN27x508V4Cmt7SzE7/j/ayvbmaT0TV0nCXNylWfkEoya97hJe gYyQ== X-Gm-Message-State: AOJu0YxEK7jaJ+jTV8WBz5uJtLsXkDVUJH9mWaNpQb3+ZFU8oMWI2KpL w5ehR3iH3N5kzJTdnBHTpecR/ILiTG2BWC/+MzyUfISjX2xtL4v85Vk1WVLuwKoaLGPMveHNwHZ 6aE75ajcUhzaWv7DAUqGUyPOv1LVeY924rv9rhTin/lIeE1H/DspL X-Gm-Gg: ASbGnctOuI121Oq6RTNs5/r2n/mm+UctcXwDJgUu46SHiqBF+BxNKw5PCbyS8oQcrNA jdKl7ZD2brV5BpwCVkdOh9kRAip5NpEuGI92Vwp2FDmyPiEd7rldoToJ71CPYCbsmwjTGQX+roD 69c4sI/CvktjfZHWQDi8KEETqLUiKCSFYPn8n3V3Q44z6b44WdrYzy3uerf3XcmcJe1E7LUDTjW CR9EYXqKcn3cmfV1ieKgOvBTdmVTL6d/0/2A16hawI8MXBWsmtyw46cRCyvRkvFndwUqHE6GU3e B0pOsqzSYuqhcOyMg6NCu2Pv4vybNxwtQZIy X-Google-Smtp-Source: AGHT+IEISm1TTzmt0bzhKrfBAt6bntFqsUlE39sic8klCT0h6PbcoUcadTY806zyUk6uDVsPH+KlkLFxLQ1C X-Received: by 2002:a05:6808:2f11:b0:3fe:aecb:5c49 with SMTP id 5614622812f47-404d8763b82mr6587720b6e.21.1747548604146; Sat, 17 May 2025 23:10:04 -0700 (PDT) Received: from postal.iol.unh.edu (postal.iol.unh.edu. [2606:4100:3880:1234::84]) by smtp-relay.gmail.com with ESMTPS id 586e51a60fabf-2e3c0c96abasm271557fac.35.2025.05.17.23.10.04 (version=TLS1_2 cipher=ECDHE-ECDSA-AES128-GCM-SHA256 bits=128/128); Sat, 17 May 2025 23:10:04 -0700 (PDT) X-Relaying-Domain: iol.unh.edu Date: Sat, 17 May 2025 23:10:04 -0700 (PDT) Message-ID: <682979bc.050a0220.2d28ff.e28dSMTPIN_ADDED_MISSING@mx.google.com> Received: from [172.21.0.5] (unknown [172.18.0.240]) by postal.iol.unh.edu (Postfix) with ESMTP id 98DBB6052471; Sun, 18 May 2025 02:10:03 -0400 (EDT) Subject: |FAILURE| [GIT MASTER] 4401486b5e30d43a134f80f9802f60b5f43e74a8 From: dpdklab@iol.unh.edu To: Test Report Cc: dpdk-test-reports@iol.unh.edu, Xueming Li , Christian Ehrhardt , Kevin Traynor , Luca Boccassi Content-Type: text/plain X-BeenThere: test-report@dpdk.org X-Mailman-Version: 2.1.29 Precedence: list List-Id: automatic DPDK test reports List-Unsubscribe: , List-Archive: List-Post: List-Help: List-Subscribe: , Errors-To: test-report-bounces@dpdk.org _Testing issues_ Branch: tags/v22.11 4401486b5e30d43a134f80f9802f60b5f43e74a8 --> testing issues Upstream job id: Generic-Unit-Test-DPDK#338886 Test environment and result as below: +---------------------+----------------+ | Environment | dpdk_unit_test | +=====================+================+ | CentOS Stream 10 | FAIL | +---------------------+----------------+ | Fedora 40 | FAIL | +---------------------+----------------+ | Fedora 41 | FAIL | +---------------------+----------------+ | Fedora 40 (Clang) | FAIL | +---------------------+----------------+ | Debian 12 | FAIL | +---------------------+----------------+ | CentOS Stream 9 | FAIL | +---------------------+----------------+ | Fedora 41 (Clang) | FAIL | +---------------------+----------------+ | Ubuntu 24.04 | FAIL | +---------------------+----------------+ | RHEL9 | PEND | +---------------------+----------------+ | Ubuntu 20.04 | PASS | +---------------------+----------------+ | RHEL8 | FAIL | +---------------------+----------------+ | Ubuntu 22.04 | FAIL | +---------------------+----------------+ | Windows Server 2022 | FAIL | +---------------------+----------------+ ==== Unit test summary for Windows Server 2022 (dpdk_unit_test): ==== Failed to get the unit test results. Displaying the unit test results is not supported for some environments, such as our aarch32 testing, where meson is not used to run the tests. Download the logs available on our CI site. ==== End log output ==== CentOS Stream 10 Kernel: Depends on container host Compiler: gcc 14.2.1 20241104 (Red Hat 14.2.1-6) Fedora 40 Kernel: Depends on container host Compiler: gcc 14.2.1 20240912 (Red Hat 14.2.1-3) Fedora 41 Kernel: Depends on container host Compiler: gcc 14.2.1 20240912 (Red Hat 14.2.1-3) Fedora 40 (Clang) Kernel: Depends on container host Compiler: clang 18.1.8 (Fedora 18.1.8-1.fc40) Debian 12 Kernel: Depends on container host Compiler: gcc (Debian 12.2.0-14) 12.2.0 CentOS Stream 9 Kernel: Depends on container host Compiler: gcc 11.5.0 20240719 (Red Hat 11.5.0-2) Fedora 41 (Clang) Kernel: Depends on container host Compiler: clang 19.1.5 (Fedora 19.1.5-1.fc41) Ubuntu 24.04 Kernel: Depends on container host Compiler: gcc (Ubuntu 13.3.0-6ubuntu2~24.04) 13.3.0 RHEL9 Kernel: Depends on container host Compiler: gcc 11.5.0 20240719 (Red Hat 11.5.0-2) Ubuntu 20.04 Kernel: Depends on container host Compiler: gcc (Ubuntu 9.4.0-1ubuntu1~20.04.2) 9.4.0 RHEL8 Kernel: Depends on container host Compiler: gcc 8.5.0 20210514 (Red Hat 8.5.0-22) Ubuntu 22.04 Kernel: Depends on container host Compiler: gcc (Ubuntu 11.4.0-1ubuntu1~22.04) 11.4.0 Windows Server 2022 Kernel: 10.0.20348.2031 Compiler: clang 15.0.7, gcc 14.1.0 (MinGW), and MSVC VS 19.39.33521 To view detailed results, visit: https://lab.dpdk.org/results/dashboard/tarballs/33574/ UNH-IOL DPDK Community Lab To manage your email subscriptions, visit: https://lab.dpdk.org/results/dashboard/preferences/subscriptions/