From mboxrd@z Thu Jan 1 00:00:00 1970 Return-Path: Received: from mails.dpdk.org (mails.dpdk.org [217.70.189.124]) by inbox.dpdk.org (Postfix) with ESMTP id 98C464677E for ; Sun, 18 May 2025 08:20:24 +0200 (CEST) Received: from mails.dpdk.org (localhost [127.0.0.1]) by mails.dpdk.org (Postfix) with ESMTP id 611524027D; Sun, 18 May 2025 08:20:24 +0200 (CEST) Received: from mail-oa1-f100.google.com (mail-oa1-f100.google.com [209.85.160.100]) by mails.dpdk.org (Postfix) with ESMTP id 582EE400D6 for ; Sun, 18 May 2025 08:20:23 +0200 (CEST) Received: by mail-oa1-f100.google.com with SMTP id 586e51a60fabf-2dfe2913a4bso468389fac.1 for ; Sat, 17 May 2025 23:20:23 -0700 (PDT) DKIM-Signature: v=1; a=rsa-sha256; c=relaxed/relaxed; d=iol.unh.edu; s=unh-iol; t=1747549222; x=1748154022; darn=dpdk.org; h=cc:to:from:subject:message-id:date:from:to:cc:subject:date :message-id:reply-to; bh=ub8dKaPI5zxV5t/cHpPf7FOU9NLV5lcTGvFy025YX3M=; b=YSM/sPY/A3Nyz+HXjj8E0yfFIMwP4ndAHW5e0/Z+byWGdiBAir1VFiRir6sQ0mOn3h QsHYOBcNOWt+rhUUY9VjKpwKRf9F8fqdSAxDx6AY0/QnG/kDY38xXRbzcwK/aykWW2rG 5HC6hdDkwUL8UYLVv/L4SfRZfcI4Q75HURWl8= X-Google-DKIM-Signature: v=1; a=rsa-sha256; c=relaxed/relaxed; d=1e100.net; s=20230601; t=1747549222; x=1748154022; h=cc:to:from:subject:message-id:date:x-gm-message-state:from:to:cc :subject:date:message-id:reply-to; bh=ub8dKaPI5zxV5t/cHpPf7FOU9NLV5lcTGvFy025YX3M=; b=VKh48O0DHBCi5yqQJhrrctMCkLYwkC51aJWdswaPGKFAeedhR20OhejYGZdGx/iYkq gNp7oW501VhuKXWt1oKtwpzHgXwe1xHDmW+80mp5iC//dDpzVcJOELuQz8M/xRkLGe2d C+U6EQiCf+oc/7z2ACALlEODbvp9E70Cq45lKAe7txZHRJuqsvMmCwncWG5Kn4ASA12L gkcfhbexND7jJr9uJHxaNjoQJGeOkr5TYH9aRyKLviesRInlQ4lvUcc3XyFl+E1FgZxx LhGgn7uvlsMrtPbnr6zgv6x9tKm7OYNqV3vIZIudoEzAr2d8gE5Ke5ZSmFO9i2USmxtG fl7Q== X-Gm-Message-State: AOJu0Yyk9HcZmkCIGhXamaeqQHIab/PWzhNZsFa5agsY9g6e+z8mVc1w vU25EzF/vpXfOld2eaDHnoWBJWtetHwQs8SB/JIszk3FJIlu6Sq84eYL7rO2K3oJf54e/iQnvw3 84eIBXh6nY3pJT0h8ULCpEID2XdTtNyisWtiq X-Gm-Gg: ASbGncuwPZDPxiLo2bJIHTfBAxunceq9fQf0DbTU8v1DpL4HpNsuqfoRZMvzcc02fPL 2EdfToVRBn8gP2/b+kpX5mGJ1fqDbZB5Q44C+1FHgAV+UVQ9y9uFTQgB/Bcc2U3M/sjexIF9qY/ pfhCVEHvuhHGjDsd5MjXG9oLRLqqE07n5rVuLKyCtNWZgsjZQ6TA9EZdiz7JH5p8nk5C/747Pp0 Ch1zatfsgk4yzIjDB5Kj1Cn63b7ScQmVM3nAyYj641Fn4f6cwLRTvAPQBL6IjL7sOEMpjdKUJ/M iBRB4obzXt95XdYOuAbekSVa0S3GaUG0EEsieQjPrAd2FLrcKBko2MtMmhY= X-Google-Smtp-Source: AGHT+IGa3h8BfdIe+JDmwLqIKd9ZW2YloZIeYI9+Fv5Zi+CUpW3EdHdZuxWagheopI3ssd8Lmh/cygGFUIP0 X-Received: by 2002:a05:6808:3a06:b0:403:529d:fd81 with SMTP id 5614622812f47-404da76942amr5250724b6e.17.1747549221863; Sat, 17 May 2025 23:20:21 -0700 (PDT) Received: from postal.iol.unh.edu (postal.iol.unh.edu. [132.177.123.84]) by smtp-relay.gmail.com with ESMTPS id 006d021491bc7-609f2f80658sm214582eaf.1.2025.05.17.23.20.21 (version=TLS1_2 cipher=ECDHE-ECDSA-AES128-GCM-SHA256 bits=128/128); Sat, 17 May 2025 23:20:21 -0700 (PDT) X-Relaying-Domain: iol.unh.edu Date: Sat, 17 May 2025 23:20:21 -0700 (PDT) Message-ID: <68297c25.050a0220.1f9e59.be9eSMTPIN_ADDED_MISSING@mx.google.com> Received: from [172.21.0.5] (unknown [172.18.0.240]) by postal.iol.unh.edu (Postfix) with ESMTP id 4C3016052471; Sun, 18 May 2025 02:20:21 -0400 (EDT) Subject: |FAILURE| [GIT MASTER] 4401486b5e30d43a134f80f9802f60b5f43e74a8 From: dpdklab@iol.unh.edu To: Test Report Cc: dpdk-test-reports@iol.unh.edu, Xueming Li , Christian Ehrhardt , Kevin Traynor , Luca Boccassi Content-Type: text/plain X-BeenThere: test-report@dpdk.org X-Mailman-Version: 2.1.29 Precedence: list List-Id: automatic DPDK test reports List-Unsubscribe: , List-Archive: List-Post: List-Help: List-Subscribe: , Errors-To: test-report-bounces@dpdk.org _Testing issues_ Branch: tags/v22.11 4401486b5e30d43a134f80f9802f60b5f43e74a8 --> testing issues Upstream job id: Generic-Unit-Test-DPDK#338884 Test environment and result as below: +---------------------+----------------+ | Environment | dpdk_unit_test | +=====================+================+ | CentOS Stream 10 | FAIL | +---------------------+----------------+ | Fedora 40 | FAIL | +---------------------+----------------+ | Fedora 41 | FAIL | +---------------------+----------------+ | Fedora 40 (Clang) | FAIL | +---------------------+----------------+ | Debian 12 | FAIL | +---------------------+----------------+ | CentOS Stream 9 | FAIL | +---------------------+----------------+ | Fedora 41 (Clang) | FAIL | +---------------------+----------------+ | Ubuntu 24.04 | FAIL | +---------------------+----------------+ | RHEL9 | FAIL | +---------------------+----------------+ | Ubuntu 20.04 | PASS | +---------------------+----------------+ | RHEL8 | FAIL | +---------------------+----------------+ | Ubuntu 22.04 | FAIL | +---------------------+----------------+ | Windows Server 2022 | FAIL | +---------------------+----------------+ ==== Unit test summary for Windows Server 2022 (dpdk_unit_test): ==== Failed to get the unit test results. Displaying the unit test results is not supported for some environments, such as our aarch32 testing, where meson is not used to run the tests. Download the logs available on our CI site. ==== End log output ==== CentOS Stream 10 Kernel: Depends on container host Compiler: gcc 14.2.1 20241104 (Red Hat 14.2.1-6) Fedora 40 Kernel: Depends on container host Compiler: gcc 14.2.1 20240912 (Red Hat 14.2.1-3) Fedora 41 Kernel: Depends on container host Compiler: gcc 14.2.1 20240912 (Red Hat 14.2.1-3) Fedora 40 (Clang) Kernel: Depends on container host Compiler: clang 18.1.8 (Fedora 18.1.8-1.fc40) Debian 12 Kernel: Depends on container host Compiler: gcc (Debian 12.2.0-14) 12.2.0 CentOS Stream 9 Kernel: Depends on container host Compiler: gcc 11.5.0 20240719 (Red Hat 11.5.0-2) Fedora 41 (Clang) Kernel: Depends on container host Compiler: clang 19.1.5 (Fedora 19.1.5-1.fc41) Ubuntu 24.04 Kernel: Depends on container host Compiler: gcc (Ubuntu 13.3.0-6ubuntu2~24.04) 13.3.0 RHEL9 Kernel: Depends on container host Compiler: gcc 11.5.0 20240719 (Red Hat 11.5.0-2) Ubuntu 20.04 Kernel: Depends on container host Compiler: gcc (Ubuntu 9.4.0-1ubuntu1~20.04.2) 9.4.0 RHEL8 Kernel: Depends on container host Compiler: gcc 8.5.0 20210514 (Red Hat 8.5.0-22) Ubuntu 22.04 Kernel: Depends on container host Compiler: gcc (Ubuntu 11.4.0-1ubuntu1~22.04) 11.4.0 Windows Server 2022 Kernel: 10.0.20348.2031 Compiler: clang 15.0.7, gcc 14.1.0 (MinGW), and MSVC VS 19.39.33521 To view detailed results, visit: https://lab.dpdk.org/results/dashboard/tarballs/33574/ UNH-IOL DPDK Community Lab To manage your email subscriptions, visit: https://lab.dpdk.org/results/dashboard/preferences/subscriptions/