From mboxrd@z Thu Jan 1 00:00:00 1970 Return-Path: Received: from mails.dpdk.org (mails.dpdk.org [217.70.189.124]) by inbox.dpdk.org (Postfix) with ESMTP id 41C124677E for ; Sun, 18 May 2025 09:03:38 +0200 (CEST) Received: from mails.dpdk.org (localhost [127.0.0.1]) by mails.dpdk.org (Postfix) with ESMTP id 1B9434027D; Sun, 18 May 2025 09:03:38 +0200 (CEST) Received: from mail-pg1-f227.google.com (mail-pg1-f227.google.com [209.85.215.227]) by mails.dpdk.org (Postfix) with ESMTP id 6EEF6400D6 for ; Sun, 18 May 2025 09:03:36 +0200 (CEST) Received: by mail-pg1-f227.google.com with SMTP id 41be03b00d2f7-b26f5cd984cso1642520a12.3 for ; Sun, 18 May 2025 00:03:36 -0700 (PDT) DKIM-Signature: v=1; a=rsa-sha256; c=relaxed/relaxed; d=iol.unh.edu; s=unh-iol; t=1747551815; x=1748156615; darn=dpdk.org; h=cc:to:from:subject:message-id:date:from:to:cc:subject:date :message-id:reply-to; bh=D3gUS70SAl6KvoVbn8KrjiuPolD8YbYVIChdb3zKdJE=; b=UbaMBFfGt3O1zOQOED8pJrXYvBOUJzek7oPCF74pK6T2HqQYBPAiXw/V1MNzcPt3hl +xX3/mj1tpHfoFhesXUo6RHbY3HhhW7UHHhcm5YxjRnYIw1AVvZJnOWDv6mUMuHOTz3e 1WX9UruEwWxq0ovN89o8y21CdWuSGjZ3ampNM= X-Google-DKIM-Signature: v=1; a=rsa-sha256; c=relaxed/relaxed; d=1e100.net; s=20230601; t=1747551815; x=1748156615; h=cc:to:from:subject:message-id:date:x-gm-message-state:from:to:cc :subject:date:message-id:reply-to; bh=D3gUS70SAl6KvoVbn8KrjiuPolD8YbYVIChdb3zKdJE=; b=BiGe+xGEE7orZYnxOgrq0PDHRdhFWZoFO8hTROWqPdSLh81GZpydKPEXFSAnbm5Ado yi2IyZNKZZbpTa9NxoeQPOm3ce6jktAsPJEbMpZ4AzLKcEBAm5KinrS+u98l6FIa+O+h UC/sJqRI221nWzdL+gaWAUQkfXWg2VD3qQ6eY4KmIYjB72zh99BtKgis2Aakcfe+ptRF xhcZRpmPxMIbS3gIjw5/ij2TqTUZmJIIbXmjxH+YZiWOtSPPS6FxT6HUYhxSn6cGJVc6 BuKR/tF8dTAFR6yT1nxxd2mQV9KwOHzSFExT6WJ8Gj6kAWf/KS7l5WPKrnlJmXEO5jSF 2MEQ== X-Gm-Message-State: AOJu0YyosqjVzIeyVcAWI+sT2K294FfyT+8hvndqxWviCNzXMaIS0e4u R3fxFVbzL+ISgl6k76S/vqyrsdvuBqG5NYf5xbEM4Fp7c1Ai43pB6DqQrooiG5Sr1+dyRwr9Da0 F2fd2X1O1hpFQnesrjiKIPYeiNln+kzFVIAHt X-Gm-Gg: ASbGncsMcvBof9C08b7ks9wsQdmCb/FI/VYDmI/mIqgY3NU81iy9BbvgZo3c/FrLsiQ q1aSNeMmqj/UCJZ8ZB9LAsd6rWdp1XRWV/XwkvfPbUv90x7XtRKq43fX5fUcMGR43aCDkcFn7ZT YXmTBEEIwfW72wfsho6yNhgHf8lArMuT1+7qfzGAmZukQbyAuKk4rS7wDlo49sl0I8TPTZRdBo6 S2lUyGEnoyp8zc58SfQ7hQJUP3YawOkjkP4u8HWiHscPdy9r0MlJA+iftF0+mt2X2IQaXzv7Qu6 VaY80sZZRd/LzrXOOuHhEH6v+CTYngJRWw2D8Gcxr0b3LmF96umNrAEO8+c= X-Google-Smtp-Source: AGHT+IF2ockwI/h4vubn1y5sZYyWHN45g3cP4o2x4XRG4/Sgh7IHl2Gb0rAwH0eERRrRcRcSE5D8iBsM+xqO X-Received: by 2002:a17:903:2f47:b0:224:376:7a21 with SMTP id d9443c01a7336-231d452d0bamr119844155ad.42.1747551815498; Sun, 18 May 2025 00:03:35 -0700 (PDT) Received: from postal.iol.unh.edu (postal.iol.unh.edu. [132.177.123.84]) by smtp-relay.gmail.com with ESMTPS id d9443c01a7336-231d4aba571sm2794095ad.27.2025.05.18.00.03.35 (version=TLS1_2 cipher=ECDHE-ECDSA-AES128-GCM-SHA256 bits=128/128); Sun, 18 May 2025 00:03:35 -0700 (PDT) X-Relaying-Domain: iol.unh.edu Date: Sun, 18 May 2025 00:03:35 -0700 (PDT) Message-ID: <68298647.170a0220.f7bab.fc8eSMTPIN_ADDED_MISSING@mx.google.com> Received: from [172.21.0.5] (unknown [172.18.0.240]) by postal.iol.unh.edu (Postfix) with ESMTP id 46CB96052471; Sun, 18 May 2025 03:03:34 -0400 (EDT) Subject: |WARNING| [GIT MASTER] 4401486b5e30d43a134f80f9802f60b5f43e74a8 From: dpdklab@iol.unh.edu To: Test Report Cc: dpdk-test-reports@iol.unh.edu, Xueming Li , Christian Ehrhardt , Kevin Traynor , Luca Boccassi Content-Type: text/plain X-BeenThere: test-report@dpdk.org X-Mailman-Version: 2.1.29 Precedence: list List-Id: automatic DPDK test reports List-Unsubscribe: , List-Archive: List-Post: List-Help: List-Subscribe: , Errors-To: test-report-bounces@dpdk.org _Testing issues_ Branch: tags/v22.11 4401486b5e30d43a134f80f9802f60b5f43e74a8 --> testing issues Upstream job id: Generic-DPDK-Compile-Meson#389219 Test environment and result as below: +---------------------+--------------------+-------------------------+----------------------+ | Environment | dpdk_meson_compile | dpdk_llvm_clang_compile | dpdk_mingw64_compile | +=====================+====================+=========================+======================+ | CentOS Stream 9 | PASS | SKIPPED | SKIPPED | +---------------------+--------------------+-------------------------+----------------------+ | CentOS Stream 10 | PASS | SKIPPED | SKIPPED | +---------------------+--------------------+-------------------------+----------------------+ | Debian 12 | PASS | SKIPPED | SKIPPED | +---------------------+--------------------+-------------------------+----------------------+ | Fedora 41 (Clang) | PASS | SKIPPED | SKIPPED | +---------------------+--------------------+-------------------------+----------------------+ | Fedora 40 | PASS | SKIPPED | SKIPPED | +---------------------+--------------------+-------------------------+----------------------+ | Fedora 40 (Clang) | PASS | SKIPPED | SKIPPED | +---------------------+--------------------+-------------------------+----------------------+ | RHEL9 | PASS | SKIPPED | SKIPPED | +---------------------+--------------------+-------------------------+----------------------+ | RHEL8 | PASS | SKIPPED | SKIPPED | +---------------------+--------------------+-------------------------+----------------------+ | Fedora 41 | PASS | SKIPPED | SKIPPED | +---------------------+--------------------+-------------------------+----------------------+ | openSUSE Leap 15 | PASS | SKIPPED | SKIPPED | +---------------------+--------------------+-------------------------+----------------------+ | Ubuntu 22.04 | PASS | SKIPPED | SKIPPED | +---------------------+--------------------+-------------------------+----------------------+ | Ubuntu 20.04 | PASS | SKIPPED | SKIPPED | +---------------------+--------------------+-------------------------+----------------------+ | Ubuntu 24.04 | PASS | SKIPPED | SKIPPED | +---------------------+--------------------+-------------------------+----------------------+ | FreeBSD 13.5 | PASS | SKIPPED | SKIPPED | +---------------------+--------------------+-------------------------+----------------------+ | FreeBSD 14.2 | PASS | SKIPPED | SKIPPED | +---------------------+--------------------+-------------------------+----------------------+ | Windows Server 2022 | SKIPPED | FAIL | PASS | +---------------------+--------------------+-------------------------+----------------------+ ==== 20 line log output for Windows Server 2022 (dpdk_llvm_clang_compile): ==== ..\lib\eal\include/rte_common.h:850:32: note: expanded from macro 'RTE_FMT_TAIL' #define RTE_FMT_TAIL(fmt, ...) __VA_ARGS__ ^~~~~~~~~~~ ..\lib\eal\include/rte_common.h:848:39: note: expanded from macro 'RTE_FMT' #define RTE_FMT(fmt, ...) fmt "%.0s", __VA_ARGS__ "" ^~~~~~~~~~~ ../drivers/crypto/mlx5/mlx5_crypto.c:463:18: note: forward declaration of 'struct mlx5_err_cqe' volatile struct mlx5_err_cqe *cqe = (volatile struct mlx5_err_cqe *) ^ 3 errors generated. [620/788] Compiling C object drivers/libtmp_rte_crypto_mlx5.a.p/crypto_mlx5_mlx5_crypto_dek.c.obj [621/788] Linking static target drivers/libtmp_rte_net_vmxnet3.a [622/788] Compiling C object app/dpdk-testpmd.exe.p/test-pmd_cmdline_tm.c.obj [623/788] Generating rte_net_octeon_ep.pmd.c with a custom command (wrapped by meson to set PATH) [624/788] Compiling C object app/dpdk-testpmd.exe.p/test-pmd_cmdline_mtr.c.obj [625/788] Compiling C object app/dpdk-testpmd.exe.p/test-pmd_cmdline.c.obj [626/788] Compiling C object drivers/libtmp_rte_net_mlx5.a.p/net_mlx5_mlx5_tx_empw.c.obj [627/788] Compiling C object drivers/libtmp_rte_net_mlx5.a.p/net_mlx5_mlx5_tx_nompw.c.obj [628/788] Compiling C object drivers/libtmp_rte_net_mlx5.a.p/net_mlx5_mlx5_tx_txpp.c.obj ninja: build stopped: subcommand failed. ==== End log output ==== CentOS Stream 9 Kernel: Depends on container host Compiler: gcc 11.5.0 20240719 (Red Hat 11.5.0-2) CentOS Stream 10 Kernel: Depends on container host Compiler: gcc 14.2.1 20241104 (Red Hat 14.2.1-6) Debian 12 Kernel: Depends on container host Compiler: gcc (Debian 12.2.0-14) 12.2.0 Fedora 41 (Clang) Kernel: Depends on container host Compiler: clang 19.1.5 (Fedora 19.1.5-1.fc41) Fedora 40 Kernel: Depends on container host Compiler: gcc 14.2.1 20240912 (Red Hat 14.2.1-3) Fedora 40 (Clang) Kernel: Depends on container host Compiler: clang 18.1.8 (Fedora 18.1.8-1.fc40) RHEL9 Kernel: Depends on container host Compiler: gcc 11.5.0 20240719 (Red Hat 11.5.0-2) RHEL8 Kernel: Depends on container host Compiler: gcc 8.5.0 20210514 (Red Hat 8.5.0-22) Fedora 41 Kernel: Depends on container host Compiler: gcc 14.2.1 20240912 (Red Hat 14.2.1-3) openSUSE Leap 15 Kernel: Depends on container host Compiler: gcc (SUSE Linux) 7.5.0 Ubuntu 22.04 Kernel: Depends on container host Compiler: gcc (Ubuntu 11.4.0-1ubuntu1~22.04) 11.4.0 Ubuntu 20.04 Kernel: Depends on container host Compiler: gcc (Ubuntu 9.4.0-1ubuntu1~20.04.2) 9.4.0 Ubuntu 24.04 Kernel: Depends on container host Compiler: gcc (Ubuntu 13.3.0-6ubuntu2~24.04) 13.3.0 FreeBSD 13.5 Kernel: 13.5-RELEASE Compiler: clang 19.1.7 FreeBSD 14.2 Kernel: 14.2-RELEASE Compiler: clang 18.1.6 Windows Server 2022 Kernel: 10.0.20348.2031 Compiler: clang 15.0.7, gcc 14.1.0 (MinGW), and MSVC VS 19.39.33521 To view detailed results, visit: https://lab.dpdk.org/results/dashboard/tarballs/33574/ UNH-IOL DPDK Community Lab To manage your email subscriptions, visit: https://lab.dpdk.org/results/dashboard/preferences/subscriptions/