From: dpdklab@iol.unh.edu
To: Test Report <test-report@dpdk.org>
Cc: dpdk-test-reports@iol.unh.edu, Xueming Li <xuemingl@nvidia.com>,
Christian Ehrhardt <christian.ehrhardt@canonical.com>,
Kevin Traynor <ktraynor@redhat.com>,
Luca Boccassi <bluca@debian.org>
Subject: |FAILURE| [GIT MASTER] 4401486b5e30d43a134f80f9802f60b5f43e74a8
Date: Sun, 18 May 2025 22:16:20 -0700 (PDT) [thread overview]
Message-ID: <682abea4.920a0220.1ed371.f009SMTPIN_ADDED_MISSING@mx.google.com> (raw)
_Testing issues_
Branch: tags/v22.11
4401486b5e30d43a134f80f9802f60b5f43e74a8 --> testing issues
Upstream job id: Generic-Unit-Test-DPDK#338980
Test environment and result as below:
+-------------------+----------------+
| Environment | dpdk_unit_test |
+===================+================+
| CentOS Stream 10 | FAIL |
+-------------------+----------------+
| CentOS Stream 9 | FAIL |
+-------------------+----------------+
| Debian 12 | FAIL |
+-------------------+----------------+
| Fedora 41 | FAIL |
+-------------------+----------------+
| Fedora 41 (Clang) | FAIL |
+-------------------+----------------+
| Fedora 40 | FAIL |
+-------------------+----------------+
| RHEL8 | FAIL |
+-------------------+----------------+
| RHEL9 | FAIL |
+-------------------+----------------+
| Ubuntu 22.04 | FAIL |
+-------------------+----------------+
| Fedora 40 (Clang) | FAIL |
+-------------------+----------------+
| Ubuntu 20.04 | FAIL |
+-------------------+----------------+
| Ubuntu 24.04 | FAIL |
+-------------------+----------------+
==== Unit test summary for Ubuntu 24.04 (dpdk_unit_test): ====
ninja: Entering directory `/root/workspace/Generic-Unit-Test-DPDK/dpdk/build'
ninja: no work to do.
1/105 DPDK:fast-tests / acl_autotest OK 5.43 s
2/105 DPDK:fast-tests / atomic_autotest OK 0.70 s
3/105 DPDK:fast-tests / bitmap_autotest OK 0.28 s
4/105 DPDK:fast-tests / bitops_autotest OK 0.29 s
5/105 DPDK:fast-tests / byteorder_autotest OK 0.17 s
6/105 DPDK:fast-tests / cksum_autotest OK 0.32 s
7/105 DPDK:fast-tests / cmdline_autotest OK 0.28 s
8/105 DPDK:fast-tests / common_autotest OK 0.81 s
9/105 DPDK:fast-tests / cpuflags_autotest OK 0.17 s
10/105 DPDK:fast-tests / debug_autotest OK 0.60 s
11/105 DPDK:fast-tests / devargs_autotest OK 0.30 s
12/105 DPDK:fast-tests / eal_flags_c_opt_autotest OK 1.05 s
13/105 DPDK:fast-tests / eal_flags_main_opt_autotest OK 0.32 s
14/105 DPDK:fast-tests / eal_flags_n_opt_autotest OK 0.58 s
15/105 DPDK:fast-tests / eal_flags_hpet_autotest OK 0.33 s
16/105 DPDK:fast-tests / eal_flags_no_huge_autotest OK 0.85 s
17/105 DPDK:fast-tests / eal_flags_a_opt_autotest OK 0.43 s
18/105 DPDK:fast-tests / eal_flags_b_opt_autotest OK 0.42 s
19/105 DPDK:fast-tests / eal_flags_vdev_opt_autotest OK 0.78 s
20/105 DPDK:fast-tests / eal_flags_r_opt_autotest OK 0.43 s
21/105 DPDK:fast-tests / eal_flags_mem_autotest OK 0.83 s
22/105 DPDK:fast-tests / eal_flags_file_prefix_autotest OK 4.89 s
23/105 DPDK:fast-tests / eal_flags_misc_autotest OK 2.35 s
24/105 DPDK:fast-tests / eal_fs_autotest OK 0.27 s
25/105 DPDK:fast-tests / errno_autotest OK 0.17 s
26/105 DPDK:fast-tests / ethdev_link_status OK 0.19 s
27/105 DPDK:fast-tests / event_ring_autotest OK 0.29 s
28/105 DPDK:fast-tests / fib_autotest OK 1.35 s
29/105 DPDK:fast-tests / fib6_autotest OK 1.30 s
30/105 DPDK:fast-tests / func_reentrancy_autotest OK 1.11 s
31/105 DPDK:fast-tests / hash_autotest OK 0.52 s
32/105 DPDK:fast-tests / interrupt_autotest OK 1.46 s
33/105 DPDK:fast-tests / ipfrag_autotest OK 0.29 s
34/105 DPDK:fast-tests / lcores_autotest OK 3.81 s
35/105 DPDK:fast-tests / logs_autotest OK 0.17 s
36/105 DPDK:fast-tests / lpm_autotest OK 6.60 s
37/105 DPDK:fast-tests / lpm6_autotest OK 9.72 s
38/105 DPDK:fast-tests / malloc_autotest OK 1.10 s
39/105 DPDK:fast-tests / mbuf_autotest OK 0.41 s
40/105 DPDK:fast-tests / mcslock_autotest OK 0.79 s
41/105 DPDK:fast-tests / memcpy_autotest OK 3.37 s
42/105 DPDK:fast-tests / memory_autotest OK 0.30 s
43/105 DPDK:fast-tests / mempool_autotest OK 0.42 s
44/105 DPDK:fast-tests / memzone_autotest OK 0.28 s
45/105 DPDK:fast-tests / meter_autotest OK 0.39 s
46/105 DPDK:fast-tests / multiprocess_autotest OK 0.22 s
47/105 DPDK:fast-tests / node_list_dump OK 0.34 s
48/105 DPDK:fast-tests / per_lcore_autotest OK 0.32 s
49/105 DPDK:fast-tests / pflock_autotest OK 0.42 s
50/105 DPDK:fast-tests / prefetch_autotest OK 0.24 s
51/105 DPDK:fast-tests / rcu_qsbr_autotest OK 0.44 s
52/105 DPDK:fast-tests / pie_autotest OK 0.30 s
53/105 DPDK:fast-tests / rib_autotest OK 7.91 s
54/105 DPDK:fast-tests / rib6_autotest OK 8.65 s
55/105 DPDK:fast-tests / ring_autotest OK 0.31 s
56/105 DPDK:fast-tests / rwlock_test1_autotest OK 0.58 s
57/105 DPDK:fast-tests / rwlock_rda_autotest OK 5.29 s
58/105 DPDK:fast-tests / rwlock_rds_wrm_autotest OK 5.41 s
59/105 DPDK:fast-tests / rwlock_rde_wro_autotest OK 5.44 s
60/105 DPDK:fast-tests / sched_autotest OK 0.22 s
61/105 DPDK:fast-tests / security_autotest OK 0.29 s
62/105 DPDK:fast-tests / seqlock_autotest SKIP 0.24 s
63/105 DPDK:fast-tests / spinlock_autotest OK 0.34 s
64/105 DPDK:fast-tests / stack_autotest OK 0.17 s
65/105 DPDK:fast-tests / stack_lf_autotest OK 0.35 s
66/105 DPDK:fast-tests / string_autotest OK 0.25 s
67/105 DPDK:fast-tests / tailq_autotest OK 0.34 s
68/105 DPDK:fast-tests / ticketlock_autotest OK 0.17 s
69/105 DPDK:fast-tests / timer_autotest OK 2.97 s
70/105 DPDK:fast-tests / user_delay_us OK 0.34 s
71/105 DPDK:fast-tests / version_autotest OK 0.17 s
72/105 DPDK:fast-tests / crc_autotest OK 0.27 s
73/105 DPDK:fast-tests / distributor_autotest OK 1.65 s
74/105 DPDK:fast-tests / eventdev_common_autotest OK 0.34 s
75/105 DPDK:fast-tests / fbarray_autotest OK 0.25 s
76/105 DPDK:fast-tests / hash_readwrite_func_autotest SKIP 0.17 s
77/105 DPDK:fast-tests / ipsec_autotest SKIP 0.33 s
78/105 DPDK:fast-tests / kni_autotest SKIP 0.28 s
79/105 DPDK:fast-tests / kvargs_autotest OK 0.27 s
80/105 DPDK:fast-tests / member_autotest OK 1.34 s
81/105 DPDK:fast-tests / power_cpufreq_autotest SKIP 0.22 s
82/105 DPDK:fast-tests / power_autotest OK 0.29 s
83/105 DPDK:fast-tests / power_kvm_vm_autotest SKIP 0.17 s
84/105 DPDK:fast-tests / power_intel_uncore_autotest SKIP 0.23 s
85/105 DPDK:fast-tests / reorder_autotest OK 0.36 s
86/105 DPDK:fast-tests / service_autotest OK 1.39 s
87/105 DPDK:fast-tests / thash_autotest OK 0.19 s
88/105 DPDK:fast-tests / threads_autotest OK 0.50 s
89/105 DPDK:fast-tests / trace_autotest OK 0.27 s
90/105 DPDK:fast-tests / trace_autotest_with_traces OK 0.25 s
91/105 DPDK:fast-tests / graph_autotest OK 0.17 s
92/105 DPDK:fast-tests / metrics_autotest OK 0.18 s
93/105 DPDK:fast-tests / telemetry_json_autotest OK 0.17 s
94/105 DPDK:fast-tests / telemetry_data_autotest OK 0.19 s
95/105 DPDK:fast-tests / table_autotest FAIL 1.59 s (exit status 255 or signal 127 SIGinvalid)
96/105 DPDK:fast-tests / ring_pmd_autotest OK 0.26 s
97/105 DPDK:fast-tests / event_eth_tx_adapter_autotest OK 0.73 s
98/105 DPDK:fast-tests / bitratestats_autotest OK 0.28 s
99/105 DPDK:fast-tests / latencystats_autotest OK 0.26 s
100/105 DPDK:fast-tests / pdump_autotest OK 5.44 s
101/105 DPDK:fast-tests / vdev_autotest OK 0.18 s
102/105 DPDK:fast-tests / bpf_autotest OK 0.17 s
103/105 DPDK:fast-tests / bpf_convert_autotest OK 0.28 s
104/105 DPDK:fast-tests / compressdev_autotest SKIP 0.17 s
105/105 DPDK:fast-tests / telemetry_all OK 14.22 s
Ok: 96
Expected Fail: 0
Fail: 1
Unexpected Pass: 0
Skipped: 8
Timeout: 0
Full log written to /root/workspace/Generic-Unit-Test-DPDK/dpdk/build/meson-logs/testlog.txt
Test log output from the failed test table_autotest:
Sorry, we were not able to find the logs for this test.
Download the log output from the CI site for this test run.
==== End log output ====
CentOS Stream 10
Kernel: Depends on container host
Compiler: gcc 14.2.1 20241104 (Red Hat 14.2.1-6)
CentOS Stream 9
Kernel: Depends on container host
Compiler: gcc 11.5.0 20240719 (Red Hat 11.5.0-2)
Debian 12
Kernel: Depends on container host
Compiler: gcc (Debian 12.2.0-14) 12.2.0
Fedora 41
Kernel: Depends on container host
Compiler: gcc 14.2.1 20240912 (Red Hat 14.2.1-3)
Fedora 41 (Clang)
Kernel: Depends on container host
Compiler: clang 19.1.5 (Fedora 19.1.5-1.fc41)
Fedora 40
Kernel: Depends on container host
Compiler: gcc 14.2.1 20240912 (Red Hat 14.2.1-3)
RHEL8
Kernel: Depends on container host
Compiler: gcc 8.5.0 20210514 (Red Hat 8.5.0-22)
RHEL9
Kernel: Depends on container host
Compiler: gcc 11.5.0 20240719 (Red Hat 11.5.0-2)
Ubuntu 22.04
Kernel: Depends on container host
Compiler: gcc (Ubuntu 11.4.0-1ubuntu1~22.04) 11.4.0
Fedora 40 (Clang)
Kernel: Depends on container host
Compiler: clang 18.1.8 (Fedora 18.1.8-1.fc40)
Ubuntu 20.04
Kernel: Depends on container host
Compiler: gcc (Ubuntu 9.4.0-1ubuntu1~20.04.2) 9.4.0
Ubuntu 24.04
Kernel: Depends on container host
Compiler: gcc (Ubuntu 13.3.0-6ubuntu2~24.04) 13.3.0
To view detailed results, visit:
https://lab.dpdk.org/results/dashboard/tarballs/33579/
UNH-IOL DPDK Community Lab
To manage your email subscriptions, visit:
https://lab.dpdk.org/results/dashboard/preferences/subscriptions/
next reply other threads:[~2025-05-19 5:16 UTC|newest]
Thread overview: 360+ messages / expand[flat|nested] mbox.gz Atom feed top
2025-05-19 5:16 dpdklab [this message]
-- strict thread matches above, loose matches on Subject: below --
2025-05-19 6:19 dpdklab
2025-05-19 6:06 dpdklab
2025-05-19 4:15 dpdklab
2025-05-18 6:20 dpdklab
2025-05-18 6:10 dpdklab
2025-05-18 6:08 dpdklab
2025-05-18 6:02 dpdklab
2025-05-18 5:58 dpdklab
2025-05-18 5:49 dpdklab
2025-05-18 5:47 dpdklab
2025-05-18 5:44 dpdklab
2025-05-18 5:42 dpdklab
2025-05-18 5:08 dpdklab
2025-05-17 7:04 dpdklab
2025-05-17 6:56 dpdklab
2025-05-17 6:56 dpdklab
2025-05-17 6:44 dpdklab
2025-05-17 6:44 dpdklab
2025-05-17 6:30 dpdklab
2025-05-17 6:28 dpdklab
2025-05-17 6:25 dpdklab
2025-05-17 6:23 dpdklab
2025-05-17 6:15 dpdklab
2025-05-17 5:59 dpdklab
2025-05-16 8:33 dpdklab
2025-05-16 8:24 dpdklab
2025-05-16 8:18 dpdklab
2025-05-16 8:14 dpdklab
2025-05-16 8:11 dpdklab
2025-05-16 8:09 dpdklab
2025-05-16 8:04 dpdklab
2025-05-16 7:54 dpdklab
2025-05-16 7:47 dpdklab
2025-05-16 7:43 dpdklab
2025-05-16 7:31 dpdklab
2025-05-16 7:09 dpdklab
2025-05-16 6:56 dpdklab
2025-05-15 7:16 dpdklab
2025-05-15 7:14 dpdklab
2025-05-15 7:12 dpdklab
2025-05-15 7:06 dpdklab
2025-05-15 6:59 dpdklab
2025-05-15 6:52 dpdklab
2025-05-15 6:42 dpdklab
2025-05-15 6:42 dpdklab
2025-05-15 6:39 dpdklab
2025-05-15 6:35 dpdklab
2025-05-15 6:30 dpdklab
2025-05-15 6:24 dpdklab
2025-05-15 6:00 dpdklab
2025-05-15 5:52 dpdklab
2025-05-14 7:00 dpdklab
2025-05-14 6:41 dpdklab
2025-05-14 6:39 dpdklab
2025-05-14 6:36 dpdklab
2025-05-14 6:29 dpdklab
2025-05-14 6:08 dpdklab
2025-05-13 6:21 dpdklab
2025-05-13 6:04 dpdklab
2025-05-13 5:58 dpdklab
2025-05-13 5:55 dpdklab
2025-05-13 4:54 dpdklab
2025-05-12 6:45 dpdklab
2025-05-12 6:37 dpdklab
2025-05-12 6:30 dpdklab
2025-05-12 6:28 dpdklab
2025-05-12 6:16 dpdklab
2025-05-12 6:13 dpdklab
2025-05-12 6:11 dpdklab
2025-05-12 5:48 dpdklab
2025-05-12 5:47 dpdklab
2025-05-12 5:38 dpdklab
2025-05-11 8:15 dpdklab
2025-05-11 8:08 dpdklab
2025-05-11 7:54 dpdklab
2025-05-11 7:50 dpdklab
2025-05-11 7:48 dpdklab
2025-05-11 7:30 dpdklab
2025-05-11 7:17 dpdklab
2025-05-10 6:16 dpdklab
2025-05-10 6:11 dpdklab
2025-05-10 6:11 dpdklab
2025-05-10 6:08 dpdklab
2025-05-10 5:55 dpdklab
2025-05-10 5:41 dpdklab
2025-05-10 5:40 dpdklab
2025-05-10 5:38 dpdklab
2025-05-10 5:36 dpdklab
2025-05-10 5:25 dpdklab
2025-05-10 4:48 dpdklab
2025-05-09 5:54 dpdklab
2025-05-09 5:37 dpdklab
2025-05-09 5:30 dpdklab
2025-05-09 4:50 dpdklab
2025-05-08 11:16 dpdklab
2025-05-08 11:02 dpdklab
2025-05-08 9:59 dpdklab
2025-05-07 18:50 dpdklab
2025-05-07 18:37 dpdklab
2025-05-07 10:54 dpdklab
2025-05-07 9:22 dpdklab
2025-05-06 13:12 dpdklab
2025-05-06 13:05 dpdklab
2025-05-06 12:13 dpdklab
2025-05-06 10:55 dpdklab
2025-05-05 6:55 dpdklab
2025-05-05 6:53 dpdklab
2025-05-05 6:51 dpdklab
2025-05-05 6:44 dpdklab
2025-05-04 7:20 dpdklab
2025-05-04 7:01 dpdklab
2025-05-04 7:00 dpdklab
2025-05-04 6:45 dpdklab
2025-05-04 6:38 dpdklab
2025-05-04 6:38 dpdklab
2025-05-04 6:30 dpdklab
2025-05-04 6:21 dpdklab
2025-05-04 6:20 dpdklab
2025-05-03 8:14 dpdklab
2025-05-03 8:11 dpdklab
2025-05-03 8:05 dpdklab
2025-05-03 8:04 dpdklab
2025-05-03 7:52 dpdklab
2025-05-03 7:45 dpdklab
2025-05-03 7:44 dpdklab
2025-05-03 7:42 dpdklab
2025-05-03 7:40 dpdklab
2025-05-03 7:34 dpdklab
2025-05-03 7:31 dpdklab
2025-05-03 7:19 dpdklab
2025-05-03 6:11 dpdklab
2025-05-03 6:01 dpdklab
2025-05-02 7:43 dpdklab
2025-05-02 7:37 dpdklab
2025-05-02 7:32 dpdklab
2025-05-02 7:26 dpdklab
2025-05-02 7:24 dpdklab
2025-05-02 7:19 dpdklab
2025-05-02 7:18 dpdklab
2025-05-02 7:14 dpdklab
2025-05-02 6:46 dpdklab
2025-05-02 6:43 dpdklab
2025-05-02 6:37 dpdklab
2025-05-02 6:35 dpdklab
2025-05-02 5:48 dpdklab
2025-05-02 5:39 dpdklab
2025-05-01 7:48 dpdklab
2025-05-01 7:44 dpdklab
2025-05-01 7:34 dpdklab
2025-05-01 7:28 dpdklab
2025-05-01 7:22 dpdklab
2025-05-01 7:11 dpdklab
2025-05-01 7:08 dpdklab
2025-05-01 7:03 dpdklab
2025-05-01 6:45 dpdklab
2025-05-01 6:41 dpdklab
2025-05-01 6:38 dpdklab
2025-05-01 5:38 dpdklab
2025-05-01 5:32 dpdklab
2025-04-30 7:26 dpdklab
2025-04-30 6:59 dpdklab
2025-04-30 6:54 dpdklab
2025-04-30 6:54 dpdklab
2025-04-30 6:48 dpdklab
2025-04-30 6:47 dpdklab
2025-04-30 6:33 dpdklab
2025-04-30 6:30 dpdklab
2025-04-30 6:24 dpdklab
2025-04-30 6:23 dpdklab
2025-04-30 6:17 dpdklab
2025-04-30 5:51 dpdklab
2025-04-30 5:23 dpdklab
2025-04-30 4:52 dpdklab
2025-04-29 8:00 dpdklab
2025-04-29 7:56 dpdklab
2025-04-29 7:54 dpdklab
2025-04-29 7:32 dpdklab
2025-04-29 7:31 dpdklab
2025-04-29 7:25 dpdklab
2025-04-29 7:22 dpdklab
2025-04-29 7:20 dpdklab
2025-04-29 7:04 dpdklab
2025-04-29 7:04 dpdklab
2025-04-29 7:03 dpdklab
2025-04-29 6:44 dpdklab
2025-04-29 6:02 dpdklab
2025-04-29 5:55 dpdklab
2025-04-28 7:38 dpdklab
2025-04-28 7:32 dpdklab
2025-04-28 7:30 dpdklab
2025-04-28 7:06 dpdklab
2025-04-28 7:02 dpdklab
2025-04-28 7:01 dpdklab
2025-04-28 7:00 dpdklab
2025-04-28 7:00 dpdklab
2025-04-28 6:37 dpdklab
2025-04-28 6:26 dpdklab
2025-04-28 6:20 dpdklab
2025-04-28 6:13 dpdklab
2025-04-28 5:52 dpdklab
2025-04-28 5:41 dpdklab
2025-04-27 9:42 dpdklab
2025-04-27 9:28 dpdklab
2025-04-27 9:26 dpdklab
2025-04-27 9:12 dpdklab
2025-04-27 9:07 dpdklab
2025-04-27 9:04 dpdklab
2025-04-27 9:03 dpdklab
2025-04-27 8:57 dpdklab
2025-04-27 8:53 dpdklab
2025-04-27 8:42 dpdklab
2025-04-27 8:26 dpdklab
2025-04-27 6:22 dpdklab
2025-04-27 5:38 dpdklab
2025-04-26 8:26 dpdklab
2025-04-26 8:24 dpdklab
2025-04-26 8:18 dpdklab
2025-04-26 8:09 dpdklab
2025-04-26 8:03 dpdklab
2025-04-26 7:56 dpdklab
2025-04-26 7:55 dpdklab
2025-04-26 7:49 dpdklab
2025-04-26 7:37 dpdklab
2025-04-26 7:26 dpdklab
2025-04-26 7:18 dpdklab
2025-04-26 6:55 dpdklab
2025-04-26 6:45 dpdklab
2025-04-24 9:08 dpdklab
2025-04-24 9:07 dpdklab
2025-04-24 8:56 dpdklab
2025-04-24 8:37 dpdklab
2025-04-24 8:37 dpdklab
2025-04-24 8:34 dpdklab
2025-04-24 8:25 dpdklab
2025-04-24 8:23 dpdklab
2025-04-24 8:11 dpdklab
2025-04-24 8:07 dpdklab
2025-04-24 7:48 dpdklab
2025-04-24 6:44 dpdklab
2025-04-24 6:30 dpdklab
2025-04-23 7:30 dpdklab
2025-04-23 6:29 dpdklab
2025-04-23 5:33 dpdklab
2025-04-22 7:19 dpdklab
2025-04-22 7:09 dpdklab
2025-04-22 6:58 dpdklab
2025-04-22 6:58 dpdklab
2025-04-22 6:57 dpdklab
2025-04-22 6:38 dpdklab
2025-04-22 5:57 dpdklab
2025-04-22 5:01 dpdklab
2025-04-21 7:38 dpdklab
2025-04-21 7:17 dpdklab
2025-04-21 6:33 dpdklab
2025-04-21 5:58 dpdklab
2025-04-21 5:52 dpdklab
2025-04-21 5:21 dpdklab
2025-04-20 7:41 dpdklab
2025-04-20 7:26 dpdklab
2025-04-20 7:26 dpdklab
2025-04-20 6:41 dpdklab
2025-04-19 7:39 dpdklab
2025-04-19 7:38 dpdklab
2025-04-19 7:33 dpdklab
2025-04-19 7:24 dpdklab
2025-04-19 7:21 dpdklab
2025-04-19 7:18 dpdklab
2025-04-19 7:12 dpdklab
2025-04-19 7:09 dpdklab
2025-04-19 7:08 dpdklab
2025-04-19 7:06 dpdklab
2025-04-19 6:56 dpdklab
2025-04-19 6:44 dpdklab
2025-04-19 6:38 dpdklab
2025-04-19 6:36 dpdklab
2025-04-19 6:26 dpdklab
2025-04-19 6:01 dpdklab
2025-04-19 5:27 dpdklab
2025-04-18 8:37 dpdklab
2025-04-18 8:36 dpdklab
2025-04-18 8:32 dpdklab
2025-04-18 8:22 dpdklab
2025-04-18 8:22 dpdklab
2025-04-18 8:13 dpdklab
2025-04-18 8:10 dpdklab
2025-04-18 7:57 dpdklab
2025-04-18 7:52 dpdklab
2025-04-18 7:51 dpdklab
2025-04-18 7:41 dpdklab
2025-04-18 7:35 dpdklab
2025-04-18 7:30 dpdklab
2025-04-18 6:36 dpdklab
2025-04-18 6:27 dpdklab
2025-04-18 6:01 dpdklab
2025-04-18 5:19 dpdklab
2025-04-17 9:42 dpdklab
2025-04-17 9:36 dpdklab
2025-04-17 8:02 dpdklab
2025-04-16 13:59 dpdklab
2025-04-16 13:32 dpdklab
2025-04-16 9:15 dpdklab
2025-04-16 9:15 dpdklab
2025-04-16 8:31 dpdklab
2025-04-15 7:50 dpdklab
2025-04-15 7:49 dpdklab
2025-04-15 6:56 dpdklab
2025-04-14 6:55 dpdklab
2025-04-14 6:44 dpdklab
2025-04-14 6:13 dpdklab
2025-04-14 5:17 dpdklab
2025-04-13 6:37 dpdklab
2025-04-13 6:23 dpdklab
2025-04-13 6:22 dpdklab
2025-04-13 6:19 dpdklab
2025-04-13 6:16 dpdklab
2025-04-13 6:02 dpdklab
2025-04-13 5:58 dpdklab
2025-04-13 5:58 dpdklab
2025-04-13 5:57 dpdklab
2025-04-13 5:30 dpdklab
2025-04-12 7:22 dpdklab
2025-04-12 7:09 dpdklab
2025-04-12 6:59 dpdklab
2025-04-12 6:55 dpdklab
2025-04-12 6:43 dpdklab
2025-04-12 6:43 dpdklab
2025-04-12 6:42 dpdklab
2025-04-12 6:39 dpdklab
2025-04-12 6:38 dpdklab
2025-04-12 6:28 dpdklab
2025-04-12 6:13 dpdklab
2025-04-12 6:13 dpdklab
2025-04-11 8:00 dpdklab
2025-04-11 7:59 dpdklab
2025-04-11 7:47 dpdklab
2025-04-11 7:39 dpdklab
2025-04-11 7:38 dpdklab
2025-04-11 7:30 dpdklab
2025-04-11 7:22 dpdklab
2025-04-11 7:21 dpdklab
2025-04-11 7:19 dpdklab
2025-04-11 7:04 dpdklab
2025-04-11 6:58 dpdklab
2025-04-11 6:46 dpdklab
2025-04-11 6:29 dpdklab
2025-04-10 8:09 dpdklab
2025-04-10 8:04 dpdklab
2025-04-10 7:55 dpdklab
2025-04-10 7:44 dpdklab
2025-04-10 7:43 dpdklab
2025-04-10 7:37 dpdklab
2025-04-10 7:29 dpdklab
2025-04-10 7:29 dpdklab
2025-04-10 7:26 dpdklab
2025-04-10 7:15 dpdklab
2025-04-10 7:14 dpdklab
2025-04-10 7:10 dpdklab
2025-04-10 6:48 dpdklab
2025-04-10 6:25 dpdklab
Reply instructions:
You may reply publicly to this message via plain-text email
using any one of the following methods:
* Save the following mbox file, import it into your mail client,
and reply-to-all from there: mbox
Avoid top-posting and favor interleaved quoting:
https://en.wikipedia.org/wiki/Posting_style#Interleaved_style
* Reply using the --to, --cc, and --in-reply-to
switches of git-send-email(1):
git send-email \
--in-reply-to=682abea4.920a0220.1ed371.f009SMTPIN_ADDED_MISSING@mx.google.com \
--to=dpdklab@iol.unh.edu \
--cc=bluca@debian.org \
--cc=christian.ehrhardt@canonical.com \
--cc=dpdk-test-reports@iol.unh.edu \
--cc=ktraynor@redhat.com \
--cc=test-report@dpdk.org \
--cc=xuemingl@nvidia.com \
/path/to/YOUR_REPLY
https://kernel.org/pub/software/scm/git/docs/git-send-email.html
* If your mail client supports setting the In-Reply-To header
via mailto: links, try the mailto: link
Be sure your reply has a Subject: header at the top and a blank line
before the message body.
This is a public inbox, see mirroring instructions
for how to clone and mirror all data and code used for this inbox;
as well as URLs for NNTP newsgroup(s).