From mboxrd@z Thu Jan 1 00:00:00 1970 Return-Path: Received: from mails.dpdk.org (mails.dpdk.org [217.70.189.124]) by inbox.dpdk.org (Postfix) with ESMTP id CB3074678A for ; Mon, 19 May 2025 08:06:35 +0200 (CEST) Received: from mails.dpdk.org (localhost [127.0.0.1]) by mails.dpdk.org (Postfix) with ESMTP id C1E65402AC; Mon, 19 May 2025 08:06:35 +0200 (CEST) Received: from mail-io1-f99.google.com (mail-io1-f99.google.com [209.85.166.99]) by mails.dpdk.org (Postfix) with ESMTP id 5067240276 for ; Mon, 19 May 2025 08:06:34 +0200 (CEST) Received: by mail-io1-f99.google.com with SMTP id ca18e2360f4ac-85dac9728cdso137293539f.0 for ; Sun, 18 May 2025 23:06:34 -0700 (PDT) DKIM-Signature: v=1; a=rsa-sha256; c=relaxed/relaxed; d=iol.unh.edu; s=unh-iol; t=1747634793; x=1748239593; darn=dpdk.org; h=cc:to:from:subject:message-id:date:from:to:cc:subject:date :message-id:reply-to; bh=U2adoPuhJ0Fs5z9zPR0nYAactN/RS22hJluKp6oqqOI=; b=NarvI1Vwu8aAt1OQOSHbS4aFKAA9LYd1jMa6w+d+gQTrNjtsZGtO+NQq8JJcXwna+X 6awAZ0Ip6Oak6CDE8W6KhpRVlsfYnJwTpGlXK5Y5OlEA2I40KiWE2M1qva8CZr5UDcB+ 6tZfBIwGybiJqfVlrdnRB+pU8u3xHdFsD912E= X-Google-DKIM-Signature: v=1; a=rsa-sha256; c=relaxed/relaxed; d=1e100.net; s=20230601; t=1747634793; x=1748239593; h=cc:to:from:subject:message-id:date:x-gm-message-state:from:to:cc :subject:date:message-id:reply-to; bh=U2adoPuhJ0Fs5z9zPR0nYAactN/RS22hJluKp6oqqOI=; b=rS0tNwDiUHg0tgQjVStzOou0fA0+EPwKnRvsFRb/Rx8GoWPK4l2gifyWpaBYHA52Nb uZzQnz1tu0E1pDLK8V3uJn+nfQvBBTFPQcylwKRyaYulsHO8qp2cpa5j3OAVhvvskQ98 uBfzCMpQ0v367a9HxLFw46RC31QG08COL/pUbc6nmeAmEvahM8AaIw0iJgWZ0UA+5Ef5 cJkLxXU1pzbp+xUCLUeHm8+cvC4i0cRCx6p+kq9bPmB8k9hu27H6WVghe4jfNCQFSjuI gek7e+Hh70ash/9GJ8vU7vHCjvNzZL+9yxzu/R/ESjWMAFpuEQbtOnPWpcwSGkkzwFKO zUCQ== X-Gm-Message-State: AOJu0Yz28U0WbWuozzcmwVcqA9PtSCF0F6LugzkyNXQ8kTY8Ig2ogJ7H v+F5koqlVo99Xtmgq5qqfeJwcKDJ/JbVhq4Xus03+b45Krf5Xa/PWx6NcqanrVkhMjmgC3Cx4gc B0RXy0fFRaKT6TVYbJx8c41PcTlgDuHhZIgAbfiEWVCokKi6JqoiE X-Gm-Gg: ASbGnctSqZORZnpmROFqAh1P/qY2R6hFtODil2pLx1ElOWOc81vf4J8f2kHdl+4uvCe RzBxjuCPFjJakcOrCJT0gCWuGyHG+hLhDc7zIqaXxNHpyljytIGkFm51ZRSRBT8PWMZcPGuTvY9 eYIGfY7XKgnxBZf6xrs6GegHx/0XxHmb3cO+Ta4lXlYfX+80UdkW1FFBIH0A94oaZ+YDtGzqHo2 a043lumC3s9R8YCN+KDnZPSBSOAecOEZIKQM4iZsMm62LhEWMSplGZQ89sr+tpFo8mSd6HSzSyz BbMPev+DmkcD39mWr85MrVguqMMdkOyFUL89 X-Google-Smtp-Source: AGHT+IGXIvR0cgB/ZXO5qTMNlDP2CDLVbNo35s+JrZP5zIvCHggNTLiP2ofzimlv7Q+YsvDMPzRxVfd7Gvi9 X-Received: by 2002:a05:6e02:1a48:b0:3db:74b3:3879 with SMTP id e9e14a558f8ab-3db84341628mr125460755ab.19.1747634793462; Sun, 18 May 2025 23:06:33 -0700 (PDT) Received: from postal.iol.unh.edu (postal.iol.unh.edu. [2606:4100:3880:1234::84]) by smtp-relay.gmail.com with ESMTPS id e9e14a558f8ab-3db8449ad5asm2887395ab.45.2025.05.18.23.06.33 (version=TLS1_2 cipher=ECDHE-ECDSA-AES128-GCM-SHA256 bits=128/128); Sun, 18 May 2025 23:06:33 -0700 (PDT) X-Relaying-Domain: iol.unh.edu Date: Sun, 18 May 2025 23:06:33 -0700 (PDT) Message-ID: <682aca69.920a0220.c3f44.f16eSMTPIN_ADDED_MISSING@mx.google.com> Received: from [172.21.0.6] (unknown [172.18.0.240]) by postal.iol.unh.edu (Postfix) with ESMTP id ED3A36052471; Mon, 19 May 2025 02:06:32 -0400 (EDT) Subject: |FAILURE| [GIT MASTER] 4401486b5e30d43a134f80f9802f60b5f43e74a8 From: dpdklab@iol.unh.edu To: Test Report Cc: dpdk-test-reports@iol.unh.edu, Xueming Li , Christian Ehrhardt , Kevin Traynor , Luca Boccassi Content-Type: text/plain X-BeenThere: test-report@dpdk.org X-Mailman-Version: 2.1.29 Precedence: list List-Id: automatic DPDK test reports List-Unsubscribe: , List-Archive: List-Post: List-Help: List-Subscribe: , Errors-To: test-report-bounces@dpdk.org _Testing issues_ Branch: tags/v22.11 4401486b5e30d43a134f80f9802f60b5f43e74a8 --> testing issues Upstream job id: Generic-VM-Unit-Test-DPDK#28613 Test environment and result as below: +---------------------+----------------+ | Environment | dpdk_unit_test | +=====================+================+ | CentOS Stream 10 | FAIL | +---------------------+----------------+ | CentOS Stream 9 | FAIL | +---------------------+----------------+ | Debian 12 | FAIL | +---------------------+----------------+ | Fedora 41 | FAIL | +---------------------+----------------+ | Fedora 41 (Clang) | FAIL | +---------------------+----------------+ | Fedora 40 | FAIL | +---------------------+----------------+ | RHEL8 | FAIL | +---------------------+----------------+ | RHEL9 | FAIL | +---------------------+----------------+ | Ubuntu 22.04 | FAIL | +---------------------+----------------+ | Fedora 40 (Clang) | FAIL | +---------------------+----------------+ | Ubuntu 20.04 | FAIL | +---------------------+----------------+ | Ubuntu 24.04 | FAIL | +---------------------+----------------+ | Windows Server 2022 | FAIL | +---------------------+----------------+ ==== Unit test summary for Windows Server 2022 (dpdk_unit_test): ==== Failed to get the unit test results. Displaying the unit test results is not supported for some environments, such as our aarch32 testing, where meson is not used to run the tests. Download the logs available on our CI site. ==== End log output ==== CentOS Stream 10 Kernel: Depends on container host Compiler: gcc 14.2.1 20241104 (Red Hat 14.2.1-6) CentOS Stream 9 Kernel: Depends on container host Compiler: gcc 11.5.0 20240719 (Red Hat 11.5.0-2) Debian 12 Kernel: Depends on container host Compiler: gcc (Debian 12.2.0-14) 12.2.0 Fedora 41 Kernel: Depends on container host Compiler: gcc 14.2.1 20240912 (Red Hat 14.2.1-3) Fedora 41 (Clang) Kernel: Depends on container host Compiler: clang 19.1.5 (Fedora 19.1.5-1.fc41) Fedora 40 Kernel: Depends on container host Compiler: gcc 14.2.1 20240912 (Red Hat 14.2.1-3) RHEL8 Kernel: Depends on container host Compiler: gcc 8.5.0 20210514 (Red Hat 8.5.0-22) RHEL9 Kernel: Depends on container host Compiler: gcc 11.5.0 20240719 (Red Hat 11.5.0-2) Ubuntu 22.04 Kernel: Depends on container host Compiler: gcc (Ubuntu 11.4.0-1ubuntu1~22.04) 11.4.0 Fedora 40 (Clang) Kernel: Depends on container host Compiler: clang 18.1.8 (Fedora 18.1.8-1.fc40) Ubuntu 20.04 Kernel: Depends on container host Compiler: gcc (Ubuntu 9.4.0-1ubuntu1~20.04.2) 9.4.0 Ubuntu 24.04 Kernel: Depends on container host Compiler: gcc (Ubuntu 13.3.0-6ubuntu2~24.04) 13.3.0 Windows Server 2022 Kernel: 10.0.20348.2031 Compiler: clang 15.0.7, gcc 14.1.0 (MinGW), and MSVC VS 19.39.33521 To view detailed results, visit: https://lab.dpdk.org/results/dashboard/tarballs/33579/ UNH-IOL DPDK Community Lab To manage your email subscriptions, visit: https://lab.dpdk.org/results/dashboard/preferences/subscriptions/