From mboxrd@z Thu Jan 1 00:00:00 1970 Return-Path: Received: from mails.dpdk.org (mails.dpdk.org [217.70.189.124]) by inbox.dpdk.org (Postfix) with ESMTP id 06FCB4678A for ; Mon, 19 May 2025 08:19:44 +0200 (CEST) Received: from mails.dpdk.org (localhost [127.0.0.1]) by mails.dpdk.org (Postfix) with ESMTP id E63C8402AC; Mon, 19 May 2025 08:19:43 +0200 (CEST) Received: from mail-ot1-f97.google.com (mail-ot1-f97.google.com [209.85.210.97]) by mails.dpdk.org (Postfix) with ESMTP id 18C2B40276 for ; Mon, 19 May 2025 08:19:43 +0200 (CEST) Received: by mail-ot1-f97.google.com with SMTP id 46e09a7af769-7302a769534so3138695a34.1 for ; Sun, 18 May 2025 23:19:43 -0700 (PDT) DKIM-Signature: v=1; a=rsa-sha256; c=relaxed/relaxed; d=iol.unh.edu; s=unh-iol; t=1747635582; x=1748240382; darn=dpdk.org; h=cc:to:from:subject:message-id:date:from:to:cc:subject:date :message-id:reply-to; bh=oB4+sewb95m7/yRsrSq6ZWse7RX+zZJtV91z39pX2Gw=; b=OSIdryPlhgdpSjvYsQaoIqO1ruIzx+tIeglOf5M0rMg9IjD/WGNiH+49pbNG4QmUVK WWW2VA2mrsB2235L+3p0wx+JLTeaJC0kQm3CCVmwYdAgUX6GrssIgY82mt4gcwT++UYa O0kxfTfOSDfk8FbkOl+YHZxBXMm4tejaCp3Tg= X-Google-DKIM-Signature: v=1; a=rsa-sha256; c=relaxed/relaxed; d=1e100.net; s=20230601; t=1747635582; x=1748240382; h=cc:to:from:subject:message-id:date:x-gm-message-state:from:to:cc :subject:date:message-id:reply-to; bh=oB4+sewb95m7/yRsrSq6ZWse7RX+zZJtV91z39pX2Gw=; b=bzXdDtYQc6udGx2Bfzu3gwXClResFhIoHiDUsTYkXtr4JMRN9uJbTjWUEC3yHbPtVQ RyBlgsZbKQVAsip/NDF5EuBBQAljzzA86yKoPKVhEWDERc6Ial8YVBUbAX3Xpdvnbk++ CWj+Z4tvITg6i+DfbxkZgsQZaUlZ9x3buHFy3DA7GyJ1XBFMjYvEeFLKy9OZqgGvjv/5 tE+GO9bd60vAVniaI9LXD01iFbkkvYll5KPzuB1Hrilo97HfUoNFRDQ3itueuheOSooj ToZisfF8ssKvmFJoxKdf3lnhnCX2knLIrLLtYmSu/vIGYdsbwhnxB22/ry3yny9166kV t0Sg== X-Gm-Message-State: AOJu0Yyd1mJUw/ZexWP20w0ia1R4899g3r35JuVqQTTRwFQIN2UMEsvT PDEDaTqm+HZj9rG6nUhMLa5X7Tgds8HbrueVdqrVy+Zpwq09cJXdgT1ZAPrQcaQRmucjX90J+Wo 5Ya+IsqJPFY3OXzMGC5PxfxKA47yQni9zWTP+ X-Gm-Gg: ASbGncu2m0T40c/GG3lkNDIeAyw61CC7yhUUJVFSchwgYbBOXKpYArpw6dMXwnVw1my WwdaXPh/9RLtiQYHMYJ5Dei0otRNE7ZoQUVsfbYsrYKLxPhy9BoCVATfOyVQm+uocfxliDCv/K9 Y9EiMVX7mmmjtL4nVcuo7EvBA5hglkNlL92zRHWBnm/I8d+80a/2Tm9qsr8qDuA6daj/xpSEaMj 9Sz0XdXI9LIcYwi2jebzkqI3ffZSlrKZMUUxegq+nKUK2Oi8DkZI/qLHMyhneWhHMFEcCUEQMXP iZC4Lk+WxTYDHCj+KCoPWRkCQiz+ZPOfGiyQM70P58gK2th6Pe6RYAaUd00= X-Google-Smtp-Source: AGHT+IG/Y7qcKoKSwBSCndnBVI+XTk9lp/4ED5ecNz4TCdJFJ4/IIaX4KU5CUYK+Ido2WZW+86tWGD80gEDV X-Received: by 2002:a05:6830:2a8a:b0:72b:9bb3:67cd with SMTP id 46e09a7af769-734f6ad7badmr8168286a34.12.1747635582005; Sun, 18 May 2025 23:19:42 -0700 (PDT) Received: from postal.iol.unh.edu (postal.iol.unh.edu. [132.177.123.84]) by smtp-relay.gmail.com with ESMTPS id 006d021491bc7-609f2f808a9sm274069eaf.4.2025.05.18.23.19.41 (version=TLS1_2 cipher=ECDHE-ECDSA-AES128-GCM-SHA256 bits=128/128); Sun, 18 May 2025 23:19:41 -0700 (PDT) X-Relaying-Domain: iol.unh.edu Date: Sun, 18 May 2025 23:19:41 -0700 (PDT) Message-ID: <682acd7d.050a0220.1645a0.e4a4SMTPIN_ADDED_MISSING@mx.google.com> Received: from [172.21.0.5] (unknown [172.18.0.240]) by postal.iol.unh.edu (Postfix) with ESMTP id 723F96052471; Mon, 19 May 2025 02:19:41 -0400 (EDT) Subject: |FAILURE| [GIT MASTER] 4401486b5e30d43a134f80f9802f60b5f43e74a8 From: dpdklab@iol.unh.edu To: Test Report Cc: dpdk-test-reports@iol.unh.edu, Xueming Li , Christian Ehrhardt , Kevin Traynor , Luca Boccassi Content-Type: text/plain X-BeenThere: test-report@dpdk.org X-Mailman-Version: 2.1.29 Precedence: list List-Id: automatic DPDK test reports List-Unsubscribe: , List-Archive: List-Post: List-Help: List-Subscribe: , Errors-To: test-report-bounces@dpdk.org _Testing issues_ Branch: tags/v22.11 4401486b5e30d43a134f80f9802f60b5f43e74a8 --> testing issues Upstream job id: Generic-VM-Unit-Test-DPDK#28614 Test environment and result as below: +---------------------+----------------+ | Environment | dpdk_unit_test | +=====================+================+ | CentOS Stream 10 | FAIL | +---------------------+----------------+ | CentOS Stream 9 | FAIL | +---------------------+----------------+ | Debian 12 | FAIL | +---------------------+----------------+ | Fedora 41 | FAIL | +---------------------+----------------+ | Fedora 41 (Clang) | FAIL | +---------------------+----------------+ | Fedora 40 | FAIL | +---------------------+----------------+ | RHEL8 | FAIL | +---------------------+----------------+ | RHEL9 | FAIL | +---------------------+----------------+ | Ubuntu 22.04 | FAIL | +---------------------+----------------+ | Fedora 40 (Clang) | FAIL | +---------------------+----------------+ | Ubuntu 20.04 | PASS | +---------------------+----------------+ | Ubuntu 24.04 | FAIL | +---------------------+----------------+ | Windows Server 2022 | FAIL | +---------------------+----------------+ ==== Unit test summary for Windows Server 2022 (dpdk_unit_test): ==== Failed to get the unit test results. Displaying the unit test results is not supported for some environments, such as our aarch32 testing, where meson is not used to run the tests. Download the logs available on our CI site. ==== End log output ==== CentOS Stream 10 Kernel: Depends on container host Compiler: gcc 14.2.1 20241104 (Red Hat 14.2.1-6) CentOS Stream 9 Kernel: Depends on container host Compiler: gcc 11.5.0 20240719 (Red Hat 11.5.0-2) Debian 12 Kernel: Depends on container host Compiler: gcc (Debian 12.2.0-14) 12.2.0 Fedora 41 Kernel: Depends on container host Compiler: gcc 14.2.1 20240912 (Red Hat 14.2.1-3) Fedora 41 (Clang) Kernel: Depends on container host Compiler: clang 19.1.5 (Fedora 19.1.5-1.fc41) Fedora 40 Kernel: Depends on container host Compiler: gcc 14.2.1 20240912 (Red Hat 14.2.1-3) RHEL8 Kernel: Depends on container host Compiler: gcc 8.5.0 20210514 (Red Hat 8.5.0-22) RHEL9 Kernel: Depends on container host Compiler: gcc 11.5.0 20240719 (Red Hat 11.5.0-2) Ubuntu 22.04 Kernel: Depends on container host Compiler: gcc (Ubuntu 11.4.0-1ubuntu1~22.04) 11.4.0 Fedora 40 (Clang) Kernel: Depends on container host Compiler: clang 18.1.8 (Fedora 18.1.8-1.fc40) Ubuntu 20.04 Kernel: Depends on container host Compiler: gcc (Ubuntu 9.4.0-1ubuntu1~20.04.2) 9.4.0 Ubuntu 24.04 Kernel: Depends on container host Compiler: gcc (Ubuntu 13.3.0-6ubuntu2~24.04) 13.3.0 Windows Server 2022 Kernel: 10.0.20348.2031 Compiler: clang 15.0.7, gcc 14.1.0 (MinGW), and MSVC VS 19.39.33521 To view detailed results, visit: https://lab.dpdk.org/results/dashboard/tarballs/33579/ UNH-IOL DPDK Community Lab To manage your email subscriptions, visit: https://lab.dpdk.org/results/dashboard/preferences/subscriptions/