From mboxrd@z Thu Jan 1 00:00:00 1970 Return-Path: Received: from mails.dpdk.org (mails.dpdk.org [217.70.189.124]) by inbox.dpdk.org (Postfix) with ESMTP id C6C284678A for ; Mon, 19 May 2025 08:28:18 +0200 (CEST) Received: from mails.dpdk.org (localhost [127.0.0.1]) by mails.dpdk.org (Postfix) with ESMTP id A65C0402AC; Mon, 19 May 2025 08:28:18 +0200 (CEST) Received: from mail-pf1-f228.google.com (mail-pf1-f228.google.com [209.85.210.228]) by mails.dpdk.org (Postfix) with ESMTP id ECE8940276 for ; Mon, 19 May 2025 08:28:17 +0200 (CEST) Received: by mail-pf1-f228.google.com with SMTP id d2e1a72fcca58-742b0840d98so1794323b3a.1 for ; Sun, 18 May 2025 23:28:17 -0700 (PDT) DKIM-Signature: v=1; a=rsa-sha256; c=relaxed/relaxed; d=iol.unh.edu; s=unh-iol; t=1747636097; x=1748240897; darn=dpdk.org; h=cc:to:from:subject:message-id:date:from:to:cc:subject:date :message-id:reply-to; bh=7UWs4TW5uIYq8xBoSXaXRze/T9kycEVchQ/QmC1+1co=; b=MOv7jEQqFdg9aK5RBCO6hD/qZGPKOg4XyxyRPqq1YavhkaxkGOvWpakIiVhRj/GGMR ntyHj4LDqQxuvY5zLQaeLljWFR7is122G2YP12sQA+rcymLeesXvo6TBW1wo8CTVNNfx mpXfniLUgVXlxoodm/zdfd/7q33R0La8OXw8w= X-Google-DKIM-Signature: v=1; a=rsa-sha256; c=relaxed/relaxed; d=1e100.net; s=20230601; t=1747636097; x=1748240897; h=cc:to:from:subject:message-id:date:x-gm-message-state:from:to:cc :subject:date:message-id:reply-to; bh=7UWs4TW5uIYq8xBoSXaXRze/T9kycEVchQ/QmC1+1co=; b=iVj+e2CJ4/cM0HAf+zXIhYo7dtRAtH8T76Bb8jFe1otS4VYeqaPXNwjUt6g0GBBT2R THrSvvRmMcJAtmffFUvCCOOzBThCxWmo8pCYHIpiISyciC/dZ9uV636HXrqZXvoy1Mju dGpnde8WrOWOK8QY2kcczfKtWrgUNpdsu/p+cIUtoGKrqDSRaQcB7WkfVLb1DYRHgSXL 5J6hDyWxbm4NalzYxeTop9XmFC4hC6Wzl0sYRauJzpvVnpa0KtBOEt5rhQdNqum3qW7Y KRygv4MnGnYXVxYFz6QapJBUtxW3Kw7JwXh5w5LCAWVF49tiUrjf80MG7A2KR4nuclfV PKHA== X-Gm-Message-State: AOJu0YwHKEqnw6q2tcQZ9tcH5P2Iy1ly6L2E6vYHw2JSZGuAzLZdwACk pDXKla8pUnYOb0PsMQxMYuOYBIOkAM37s4OXoUtIE/aCSM54ZS3z/5EWQoym7R4OElStzLcjpv+ 5Rx6Io9lCFl3zUmm+fJze351LWR/csJNr3W8wn1lIXs5y+8j1+58L X-Gm-Gg: ASbGnct5rJbvji9JB0fDSC5GWMQzw8b3e//2TV9EVMv3FDDMN5zNPbhftJigJUDfZj6 /mcPV7TmPCun4AilJS/hGX8Dl6fyIwsuq0FYTS1aVWpa/eF2ylEsR25tkP2/m2TO/lTF+5IYFXF o2pMmcvCmdu6r2PHjoCx6plJ3k1Pq6IVNvcg4OiLwPKtDePESgTg6d5ZffFDJh+l+YkcO31RUHa LaHWgOn390mbks7qTnIO4i5Js12Mc43vNwly94a+RNBVKytupdDGFdv/G2fLp2OwJqkl7WYHstO TF+goSzppyFXMf1llWt/Wg3Lkti7wBYqn7/M X-Google-Smtp-Source: AGHT+IEyerde5pxjRvGautnEfQ7R/o1QaRZrO3efe5nXSGDyE/Jfxt2d97MQH9wRcfqi/+wMbGKkcuD/hsT5 X-Received: by 2002:a05:6a00:3d11:b0:736:5438:ccc with SMTP id d2e1a72fcca58-742accc6b24mr13445114b3a.9.1747636096777; Sun, 18 May 2025 23:28:16 -0700 (PDT) Received: from postal.iol.unh.edu (postal.iol.unh.edu. [2606:4100:3880:1234::84]) by smtp-relay.gmail.com with ESMTPS id d2e1a72fcca58-742a984c1e4sm418980b3a.17.2025.05.18.23.28.16 (version=TLS1_2 cipher=ECDHE-ECDSA-AES128-GCM-SHA256 bits=128/128); Sun, 18 May 2025 23:28:16 -0700 (PDT) X-Relaying-Domain: iol.unh.edu Date: Sun, 18 May 2025 23:28:16 -0700 (PDT) Message-ID: <682acf80.050a0220.10d0d9.52a3SMTPIN_ADDED_MISSING@mx.google.com> Received: from [172.21.0.5] (unknown [172.18.0.240]) by postal.iol.unh.edu (Postfix) with ESMTP id E3AEA6052471; Mon, 19 May 2025 02:28:15 -0400 (EDT) Subject: |WARNING| [GIT MASTER] 4401486b5e30d43a134f80f9802f60b5f43e74a8 From: dpdklab@iol.unh.edu To: Test Report Cc: dpdk-test-reports@iol.unh.edu, Xueming Li , Christian Ehrhardt , Kevin Traynor , Luca Boccassi Content-Type: text/plain X-BeenThere: test-report@dpdk.org X-Mailman-Version: 2.1.29 Precedence: list List-Id: automatic DPDK test reports List-Unsubscribe: , List-Archive: List-Post: List-Help: List-Subscribe: , Errors-To: test-report-bounces@dpdk.org _Testing issues_ Branch: tags/v22.11 4401486b5e30d43a134f80f9802f60b5f43e74a8 --> testing issues Upstream job id: Generic-DPDK-Compile-ABI#126920 Test environment and result as below: +-------------------+----------+ | Environment | abi_test | +===================+==========+ | CentOS Stream 9 | PASS | +-------------------+----------+ | CentOS Stream 10 | PEND | +-------------------+----------+ | Debian 12 | PEND | +-------------------+----------+ | Fedora 40 (Clang) | PASS | +-------------------+----------+ | Fedora 40 | PEND | +-------------------+----------+ | Fedora 41 (Clang) | FAIL | +-------------------+----------+ | openSUSE Leap 15 | PEND | +-------------------+----------+ | Fedora 41 | PEND | +-------------------+----------+ | RHEL9 | PEND | +-------------------+----------+ | RHEL8 | PEND | +-------------------+----------+ | Ubuntu 22.04 | PEND | +-------------------+----------+ | Ubuntu 24.04 | PEND | +-------------------+----------+ ==== 20 line log output for Fedora 41 (Clang) (abi_test): ==== './librte_regex_cn9k.so.23.0' -> 'dpdk/pmds-23.0/librte_regex_cn9k.so.23.0' './librte_regex_mlx5.so' -> 'dpdk/pmds-23.0/librte_regex_mlx5.so' './librte_regex_mlx5.so.23' -> 'dpdk/pmds-23.0/librte_regex_mlx5.so.23' './librte_regex_mlx5.so.23.0' -> 'dpdk/pmds-23.0/librte_regex_mlx5.so.23.0' './librte_vdpa_ifc.so' -> 'dpdk/pmds-23.0/librte_vdpa_ifc.so' './librte_vdpa_ifc.so.23' -> 'dpdk/pmds-23.0/librte_vdpa_ifc.so.23' './librte_vdpa_ifc.so.23.0' -> 'dpdk/pmds-23.0/librte_vdpa_ifc.so.23.0' './librte_vdpa_mlx5.so' -> 'dpdk/pmds-23.0/librte_vdpa_mlx5.so' './librte_vdpa_mlx5.so.23' -> 'dpdk/pmds-23.0/librte_vdpa_mlx5.so.23' './librte_vdpa_mlx5.so.23.0' -> 'dpdk/pmds-23.0/librte_vdpa_mlx5.so.23.0' './librte_vdpa_sfc.so' -> 'dpdk/pmds-23.0/librte_vdpa_sfc.so' './librte_vdpa_sfc.so.23' -> 'dpdk/pmds-23.0/librte_vdpa_sfc.so.23' './librte_vdpa_sfc.so.23.0' -> 'dpdk/pmds-23.0/librte_vdpa_sfc.so.23.0' Installing /root/workspace/Generic-DPDK-Compile-ABI@3/dpdk/usertools/dpdk-hugepages.py to /root/workspace/Generic-DPDK-Compile-ABI@3/build_install/usr/local/bin Installing /root/workspace/Generic-DPDK-Compile-ABI@3/dpdk/build/rte_build_config.h to /root/workspace/Generic-DPDK-Compile-ABI@3/build_install/usr/local/include Installing /root/workspace/Generic-DPDK-Compile-ABI@3/dpdk/build/meson-private/libdpdk-libs.pc to /root/workspace/Generic-DPDK-Compile-ABI@3/build_install/usr/local/lib64/pkgconfig Installing /root/workspace/Generic-DPDK-Compile-ABI@3/dpdk/build/meson-private/libdpdk.pc to /root/workspace/Generic-DPDK-Compile-ABI@3/build_install/usr/local/lib64/pkgconfig Running custom install script '/bin/sh /root/workspace/Generic-DPDK-Compile-ABI@3/dpdk/config/../buildtools/symlink-drivers-solibs.sh lib64 dpdk/pmds-23.0' ==== Compiled DPDK with debugoptimized bash: /scripts/generate_abi.sh: No such file or directory ==== End log output ==== CentOS Stream 9 Kernel: Depends on container host Compiler: gcc 11.5.0 20240719 (Red Hat 11.5.0-2) CentOS Stream 10 Kernel: Depends on container host Compiler: gcc 14.2.1 20241104 (Red Hat 14.2.1-6) Debian 12 Kernel: Depends on container host Compiler: gcc (Debian 12.2.0-14) 12.2.0 Fedora 40 (Clang) Kernel: Depends on container host Compiler: clang 18.1.8 (Fedora 18.1.8-1.fc40) Fedora 40 Kernel: Depends on container host Compiler: gcc 14.2.1 20240912 (Red Hat 14.2.1-3) Fedora 41 (Clang) Kernel: Depends on container host Compiler: clang 19.1.5 (Fedora 19.1.5-1.fc41) openSUSE Leap 15 Kernel: Depends on container host Compiler: gcc (SUSE Linux) 7.5.0 Fedora 41 Kernel: Depends on container host Compiler: gcc 14.2.1 20240912 (Red Hat 14.2.1-3) RHEL9 Kernel: Depends on container host Compiler: gcc 11.5.0 20240719 (Red Hat 11.5.0-2) RHEL8 Kernel: Depends on container host Compiler: gcc 8.5.0 20210514 (Red Hat 8.5.0-22) Ubuntu 22.04 Kernel: Depends on container host Compiler: gcc (Ubuntu 11.4.0-1ubuntu1~22.04) 11.4.0 Ubuntu 24.04 Kernel: Depends on container host Compiler: gcc (Ubuntu 13.3.0-6ubuntu2~24.04) 13.3.0 To view detailed results, visit: https://lab.dpdk.org/results/dashboard/tarballs/33579/ UNH-IOL DPDK Community Lab To manage your email subscriptions, visit: https://lab.dpdk.org/results/dashboard/preferences/subscriptions/