From mboxrd@z Thu Jan 1 00:00:00 1970 Return-Path: Received: from mails.dpdk.org (mails.dpdk.org [217.70.189.124]) by inbox.dpdk.org (Postfix) with ESMTP id D530E4678A for ; Mon, 19 May 2025 08:29:04 +0200 (CEST) Received: from mails.dpdk.org (localhost [127.0.0.1]) by mails.dpdk.org (Postfix) with ESMTP id D0621402AC; Mon, 19 May 2025 08:29:04 +0200 (CEST) Received: from mail-oa1-f98.google.com (mail-oa1-f98.google.com [209.85.160.98]) by mails.dpdk.org (Postfix) with ESMTP id 032DF40276 for ; Mon, 19 May 2025 08:29:03 +0200 (CEST) Received: by mail-oa1-f98.google.com with SMTP id 586e51a60fabf-2cc57330163so1568231fac.2 for ; Sun, 18 May 2025 23:29:03 -0700 (PDT) DKIM-Signature: v=1; a=rsa-sha256; c=relaxed/relaxed; d=iol.unh.edu; s=unh-iol; t=1747636143; x=1748240943; darn=dpdk.org; h=cc:to:from:subject:message-id:date:from:to:cc:subject:date :message-id:reply-to; bh=MRxgG8JHIbL46QPh05gkig1gdvwavlyVogIXNgJAfjM=; b=YwNABW4ILH0B2l3Mi6agT92SshNi4tuBgRLcNiHWCjkHw9a0+GrnTUJ8VH9ife+0Bj 8GwEdnwfkaDKpe8CPQntPn6NLXqd7mlBv3gFXq82pn4mvt9yYUAJuMqMepo2gRsMslUz LJjTGbHx6V2BAYkqwHPpaoqAdcShiIxEyRMhU= X-Google-DKIM-Signature: v=1; a=rsa-sha256; c=relaxed/relaxed; d=1e100.net; s=20230601; t=1747636143; x=1748240943; h=cc:to:from:subject:message-id:date:x-gm-message-state:from:to:cc :subject:date:message-id:reply-to; bh=MRxgG8JHIbL46QPh05gkig1gdvwavlyVogIXNgJAfjM=; b=KPKvZ5j12/6jBPO5NLmOOMhp0U0Ev6ziLNqd9Wt8XwGAp34+R+JKJQxHJvfSd0XnPQ PY85l1iKgKavfVARNqCtbpxSsDdaY0UpAuIjZbIF9G2GRgNrZ3neCPjUWduVI1mSWwIH ZAGzHScvwh9GBchT0u+3C5ADjXLyR/wE/e4d5d+s/fmkXJXBLvJC4niNe0/FUOgKjJDy oYULs8erUT3bovMaMnoQn3xO1WxZ8TKPVS5G2qEhTUqikDHKBINR82hwkTyApOGz7bx8 l4hnUpkh06C7oNaMDgOZM5XXXGMDa5grEdgnw54QqyB8aalsd0X7LvQqJ5WZhiKv22b6 cFkw== X-Gm-Message-State: AOJu0Yzoem71suoRRtQB4rVgC9sgFeEpw2BZlZT+2OGdYcpf6tMf+pd1 hk5NDpV19bf54n78vw3UOl5gVR1IksUrbWTJ4Vz53uCfS6l24ArHG6EzBgOwyIJ3/HtD6i8qN71 1WsdmoIJweJcapeEFPVrgkmtXfR4kNgOu6HYG X-Gm-Gg: ASbGncuVb61OHdkbBZYWeSS/JRtyhmrsH0SkaWyKZ8fzx0o+ru1fqFHjw75WjCx8mBD 6Pt0hGfhPriEyE5Cg/2A/1Um9IyPXfY7M4SB5c96TUoZFgFBoT67tM3WIjV29RKVYvBZJtGqJZM /0zpdkp48drq7M3lldoShF+2Zf0iX7RufBSVeveY+VtT6jqXrYwQebqrVm4Z4ZSUNgJFuegbTY0 gbO/WP7VBTcV2jAfVTUXDQ0uMhHF5Lt6jFb/nsQtNDWGDBBSlc/f4QSWNur9fKrgpT0K8X6lnmx jPVwUNPrrahLvgUQcXIlRWE4wEP1uvT37yhUZgSYZ2LVrYmi5h/L6AayfOw= X-Google-Smtp-Source: AGHT+IHfhbm8YN3u/5524++cbfUC2vNKFX7AoiHKX651+Ei4C5z9r5IqbYHGVSFiF/T6I3dja61QoFZl2Ice X-Received: by 2002:a05:6870:2f0c:b0:2d4:7cfa:6f3 with SMTP id 586e51a60fabf-2e3c1cc8564mr6161323fac.20.1747636142969; Sun, 18 May 2025 23:29:02 -0700 (PDT) Received: from postal.iol.unh.edu (postal.iol.unh.edu. [132.177.123.84]) by smtp-relay.gmail.com with ESMTPS id 586e51a60fabf-2e3c0604c2bsm376662fac.5.2025.05.18.23.29.02 (version=TLS1_2 cipher=ECDHE-ECDSA-AES128-GCM-SHA256 bits=128/128); Sun, 18 May 2025 23:29:02 -0700 (PDT) X-Relaying-Domain: iol.unh.edu Date: Sun, 18 May 2025 23:29:02 -0700 (PDT) Message-ID: <682acfae.050a0220.385b33.6cdcSMTPIN_ADDED_MISSING@mx.google.com> Received: from [172.21.0.6] (unknown [172.18.0.240]) by postal.iol.unh.edu (Postfix) with ESMTP id 72F336052471; Mon, 19 May 2025 02:29:02 -0400 (EDT) Subject: |WARNING| [GIT MASTER] 4401486b5e30d43a134f80f9802f60b5f43e74a8 From: dpdklab@iol.unh.edu To: Test Report Cc: dpdk-test-reports@iol.unh.edu, Xueming Li , Christian Ehrhardt , Kevin Traynor , Luca Boccassi Content-Type: text/plain X-BeenThere: test-report@dpdk.org X-Mailman-Version: 2.1.29 Precedence: list List-Id: automatic DPDK test reports List-Unsubscribe: , List-Archive: List-Post: List-Help: List-Subscribe: , Errors-To: test-report-bounces@dpdk.org _Testing issues_ Branch: tags/v22.11 4401486b5e30d43a134f80f9802f60b5f43e74a8 --> testing issues Upstream job id: Generic-DPDK-Compile-ABI#126925 Test environment and result as below: +-------------------+----------+ | Environment | abi_test | +===================+==========+ | CentOS Stream 9 | PASS | +-------------------+----------+ | CentOS Stream 10 | PEND | +-------------------+----------+ | Debian 12 | PEND | +-------------------+----------+ | Fedora 40 (Clang) | PASS | +-------------------+----------+ | Fedora 40 | PEND | +-------------------+----------+ | Fedora 41 (Clang) | FAIL | +-------------------+----------+ | openSUSE Leap 15 | PEND | +-------------------+----------+ | Fedora 41 | PEND | +-------------------+----------+ | RHEL9 | PEND | +-------------------+----------+ | RHEL8 | PEND | +-------------------+----------+ | Ubuntu 22.04 | PEND | +-------------------+----------+ | Ubuntu 24.04 | PEND | +-------------------+----------+ ==== 20 line log output for Fedora 41 (Clang) (abi_test): ==== './librte_regex_cn9k.so.23.0' -> 'dpdk/pmds-23.0/librte_regex_cn9k.so.23.0' './librte_regex_mlx5.so' -> 'dpdk/pmds-23.0/librte_regex_mlx5.so' './librte_regex_mlx5.so.23' -> 'dpdk/pmds-23.0/librte_regex_mlx5.so.23' './librte_regex_mlx5.so.23.0' -> 'dpdk/pmds-23.0/librte_regex_mlx5.so.23.0' './librte_vdpa_ifc.so' -> 'dpdk/pmds-23.0/librte_vdpa_ifc.so' './librte_vdpa_ifc.so.23' -> 'dpdk/pmds-23.0/librte_vdpa_ifc.so.23' './librte_vdpa_ifc.so.23.0' -> 'dpdk/pmds-23.0/librte_vdpa_ifc.so.23.0' './librte_vdpa_mlx5.so' -> 'dpdk/pmds-23.0/librte_vdpa_mlx5.so' './librte_vdpa_mlx5.so.23' -> 'dpdk/pmds-23.0/librte_vdpa_mlx5.so.23' './librte_vdpa_mlx5.so.23.0' -> 'dpdk/pmds-23.0/librte_vdpa_mlx5.so.23.0' './librte_vdpa_sfc.so' -> 'dpdk/pmds-23.0/librte_vdpa_sfc.so' './librte_vdpa_sfc.so.23' -> 'dpdk/pmds-23.0/librte_vdpa_sfc.so.23' './librte_vdpa_sfc.so.23.0' -> 'dpdk/pmds-23.0/librte_vdpa_sfc.so.23.0' Installing /root/workspace/Generic-DPDK-Compile-ABI@3/dpdk/usertools/dpdk-hugepages.py to /root/workspace/Generic-DPDK-Compile-ABI@3/build_install/usr/local/bin Installing /root/workspace/Generic-DPDK-Compile-ABI@3/dpdk/build/rte_build_config.h to /root/workspace/Generic-DPDK-Compile-ABI@3/build_install/usr/local/include Installing /root/workspace/Generic-DPDK-Compile-ABI@3/dpdk/build/meson-private/libdpdk-libs.pc to /root/workspace/Generic-DPDK-Compile-ABI@3/build_install/usr/local/lib64/pkgconfig Installing /root/workspace/Generic-DPDK-Compile-ABI@3/dpdk/build/meson-private/libdpdk.pc to /root/workspace/Generic-DPDK-Compile-ABI@3/build_install/usr/local/lib64/pkgconfig Running custom install script '/bin/sh /root/workspace/Generic-DPDK-Compile-ABI@3/dpdk/config/../buildtools/symlink-drivers-solibs.sh lib64 dpdk/pmds-23.0' ==== Compiled DPDK with debugoptimized bash: /scripts/generate_abi.sh: No such file or directory ==== End log output ==== CentOS Stream 9 Kernel: Depends on container host Compiler: gcc 11.5.0 20240719 (Red Hat 11.5.0-2) CentOS Stream 10 Kernel: Depends on container host Compiler: gcc 14.2.1 20241104 (Red Hat 14.2.1-6) Debian 12 Kernel: Depends on container host Compiler: gcc (Debian 12.2.0-14) 12.2.0 Fedora 40 (Clang) Kernel: Depends on container host Compiler: clang 18.1.8 (Fedora 18.1.8-1.fc40) Fedora 40 Kernel: Depends on container host Compiler: gcc 14.2.1 20240912 (Red Hat 14.2.1-3) Fedora 41 (Clang) Kernel: Depends on container host Compiler: clang 19.1.5 (Fedora 19.1.5-1.fc41) openSUSE Leap 15 Kernel: Depends on container host Compiler: gcc (SUSE Linux) 7.5.0 Fedora 41 Kernel: Depends on container host Compiler: gcc 14.2.1 20240912 (Red Hat 14.2.1-3) RHEL9 Kernel: Depends on container host Compiler: gcc 11.5.0 20240719 (Red Hat 11.5.0-2) RHEL8 Kernel: Depends on container host Compiler: gcc 8.5.0 20210514 (Red Hat 8.5.0-22) Ubuntu 22.04 Kernel: Depends on container host Compiler: gcc (Ubuntu 11.4.0-1ubuntu1~22.04) 11.4.0 Ubuntu 24.04 Kernel: Depends on container host Compiler: gcc (Ubuntu 13.3.0-6ubuntu2~24.04) 13.3.0 To view detailed results, visit: https://lab.dpdk.org/results/dashboard/tarballs/33579/ UNH-IOL DPDK Community Lab To manage your email subscriptions, visit: https://lab.dpdk.org/results/dashboard/preferences/subscriptions/