From mboxrd@z Thu Jan 1 00:00:00 1970 Return-Path: Received: from mails.dpdk.org (mails.dpdk.org [217.70.189.124]) by inbox.dpdk.org (Postfix) with ESMTP id 4F03B4678A for ; Mon, 19 May 2025 09:32:45 +0200 (CEST) Received: from mails.dpdk.org (localhost [127.0.0.1]) by mails.dpdk.org (Postfix) with ESMTP id 4AA87402AC; Mon, 19 May 2025 09:32:45 +0200 (CEST) Received: from mail-il1-f225.google.com (mail-il1-f225.google.com [209.85.166.225]) by mails.dpdk.org (Postfix) with ESMTP id 9F14140276 for ; Mon, 19 May 2025 09:32:44 +0200 (CEST) Received: by mail-il1-f225.google.com with SMTP id e9e14a558f8ab-3dc64b08343so5485905ab.2 for ; Mon, 19 May 2025 00:32:44 -0700 (PDT) DKIM-Signature: v=1; a=rsa-sha256; c=relaxed/relaxed; d=iol.unh.edu; s=unh-iol; t=1747639964; x=1748244764; darn=dpdk.org; h=cc:to:from:subject:message-id:date:from:to:cc:subject:date :message-id:reply-to; bh=OuGuNd7xhK54kumfqpmBNHaS+NZ88yV6gg50jQhbA/c=; b=jRpo35bUJgsi5cPSGIp0kEOuPDudGeGSbfgHsYBofp87gFLtduR9F5CpIs6hbSnqhW lkmA6rxxKIsN91K7kbFapRnvMGYOxJR3oybqLXQ45TyNFL63fQMWLlLPBJa2+g5cPBuo pjNGmNTAnr6j9Y7x670+JOnjYi7wrbYkZqlF0= X-Google-DKIM-Signature: v=1; a=rsa-sha256; c=relaxed/relaxed; d=1e100.net; s=20230601; t=1747639964; x=1748244764; h=cc:to:from:subject:message-id:date:x-gm-message-state:from:to:cc :subject:date:message-id:reply-to; bh=OuGuNd7xhK54kumfqpmBNHaS+NZ88yV6gg50jQhbA/c=; b=uiZ4vDDE/yp92CsCa4zGkKZK02Fu0JOVG4Uuj+SOtugtvgBVFOzw5G8jwpvIlFn+uf c+aZdwUoU22NJs4vfJ7R8PH/g3VPsARBdaF7GTDALYGG5mIKRFwVQbXWJ1y23W0PinP2 ES5IXQrW3vM/LofQdG87X78l5JmfSch0InxznhT14gueUs4bKRlkSyaCAFbgwUf6zreE NjFYmONppieibTGlQW/SnjO4Q6xSGrNH5097kTGLEK1TSf5kRzswh/0F0DnCV3FGROhc bEQU1t3zzGiPr3k2m4ZAJqKj3KpkNoFmB7HvbqsAVg9DHdO+OSpHmix+OZ27SMSRYKFH G1tg== X-Gm-Message-State: AOJu0YyEIPBK6J9kPvdmtQogHFIfdx7eXZLbHRW2BJElPD+CekENQIHL S91ofge3hkw0USWQPi8bECysxRO2DzE9MvKMaiPv2QasP/2sZvo5l/rnx/Yms4SCMO58aTk9nBI fQi8WnnMgSZUenhsxen0y4Vvw0LMP4qQ9dLtmzO+M3yTv+Fc+w3hR X-Gm-Gg: ASbGnctVJkbKOp1QZznW3XecndXdgw20YMgignvPgeHa4JlLsHL8oeHCf2klmUdQk0T xHulutt79flr4BGqsNRNBaHrrcvfLtNMlurZLUZSb4lGgTpTjyeeyAugFoLqe3KptOu5ne6tzSD zT6bY9jOd27+PGLIYhg64Kt9rI3nvLR9Y2549lt3FYm4/w/v7HTLL6almUANQiSmKmHuGnq62lg vxSa3zNSWVmPfdGIHqdHKwPQh8dkOR0K4rFX41klVxRdQ1lo/FgPz2ZiRxUFzyTCJrQoXa10uzk Qh0QDc8VUKe/PXbNps7tUkncE2k6Z3fIgA1j X-Google-Smtp-Source: AGHT+IE9oG4Z20jXCF0Cm4JlCt1mef8xNez15yLU/tZKO2D5/I7AuQ3aJ3OyXGj4hBucO1lXNXWlGDP1d0SJ X-Received: by 2002:a05:6e02:339f:b0:3d8:975:b825 with SMTP id e9e14a558f8ab-3db85723a59mr102352695ab.5.1747639963878; Mon, 19 May 2025 00:32:43 -0700 (PDT) Received: from postal.iol.unh.edu (postal.iol.unh.edu. [2606:4100:3880:1234::84]) by smtp-relay.gmail.com with ESMTPS id 8926c6da1cb9f-4fbcc4a0613sm356850173.68.2025.05.19.00.32.43 (version=TLS1_2 cipher=ECDHE-ECDSA-AES128-GCM-SHA256 bits=128/128); Mon, 19 May 2025 00:32:43 -0700 (PDT) X-Relaying-Domain: iol.unh.edu Date: Mon, 19 May 2025 00:32:43 -0700 (PDT) Message-ID: <682ade9b.050a0220.257ff1.1f21SMTPIN_ADDED_MISSING@mx.google.com> Received: from [172.21.0.8] (unknown [172.18.0.240]) by postal.iol.unh.edu (Postfix) with ESMTP id 3C0AD6052471; Mon, 19 May 2025 03:32:43 -0400 (EDT) Subject: |WARNING| [GIT MASTER] 4401486b5e30d43a134f80f9802f60b5f43e74a8 From: dpdklab@iol.unh.edu To: Test Report Cc: dpdk-test-reports@iol.unh.edu, Xueming Li , Christian Ehrhardt , Kevin Traynor , Luca Boccassi Content-Type: text/plain X-BeenThere: test-report@dpdk.org X-Mailman-Version: 2.1.29 Precedence: list List-Id: automatic DPDK test reports List-Unsubscribe: , List-Archive: List-Post: List-Help: List-Subscribe: , Errors-To: test-report-bounces@dpdk.org _Testing issues_ Branch: tags/v22.11 4401486b5e30d43a134f80f9802f60b5f43e74a8 --> testing issues Upstream job id: Generic-DPDK-Compile-Meson#389320 Test environment and result as below: +---------------------+--------------------+-------------------------+----------------------+ | Environment | dpdk_meson_compile | dpdk_llvm_clang_compile | dpdk_mingw64_compile | +=====================+====================+=========================+======================+ | CentOS Stream 9 | PASS | SKIPPED | SKIPPED | +---------------------+--------------------+-------------------------+----------------------+ | CentOS Stream 10 | PASS | SKIPPED | SKIPPED | +---------------------+--------------------+-------------------------+----------------------+ | Debian 12 | PASS | SKIPPED | SKIPPED | +---------------------+--------------------+-------------------------+----------------------+ | Fedora 40 (Clang) | PASS | SKIPPED | SKIPPED | +---------------------+--------------------+-------------------------+----------------------+ | Fedora 41 (Clang) | PASS | SKIPPED | SKIPPED | +---------------------+--------------------+-------------------------+----------------------+ | Fedora 40 | PASS | SKIPPED | SKIPPED | +---------------------+--------------------+-------------------------+----------------------+ | Fedora 41 | PASS | SKIPPED | SKIPPED | +---------------------+--------------------+-------------------------+----------------------+ | RHEL8 | PASS | SKIPPED | SKIPPED | +---------------------+--------------------+-------------------------+----------------------+ | openSUSE Leap 15 | PASS | SKIPPED | SKIPPED | +---------------------+--------------------+-------------------------+----------------------+ | RHEL9 | PASS | SKIPPED | SKIPPED | +---------------------+--------------------+-------------------------+----------------------+ | Ubuntu 24.04 | PASS | SKIPPED | SKIPPED | +---------------------+--------------------+-------------------------+----------------------+ | Ubuntu 22.04 | PASS | SKIPPED | SKIPPED | +---------------------+--------------------+-------------------------+----------------------+ | Ubuntu 20.04 | PASS | SKIPPED | SKIPPED | +---------------------+--------------------+-------------------------+----------------------+ | FreeBSD 13.5 | PASS | SKIPPED | SKIPPED | +---------------------+--------------------+-------------------------+----------------------+ | FreeBSD 14.2 | PASS | SKIPPED | SKIPPED | +---------------------+--------------------+-------------------------+----------------------+ | Windows Server 2022 | SKIPPED | FAIL | PASS | +---------------------+--------------------+-------------------------+----------------------+ ==== 20 line log output for Windows Server 2022 (dpdk_llvm_clang_compile): ==== ..\lib\eal\include/rte_common.h:850:32: note: expanded from macro 'RTE_FMT_TAIL' #define RTE_FMT_TAIL(fmt, ...) __VA_ARGS__ ^~~~~~~~~~~ ..\lib\eal\include/rte_common.h:848:39: note: expanded from macro 'RTE_FMT' #define RTE_FMT(fmt, ...) fmt "%.0s", __VA_ARGS__ "" ^~~~~~~~~~~ ../drivers/crypto/mlx5/mlx5_crypto.c:463:18: note: forward declaration of 'struct mlx5_err_cqe' volatile struct mlx5_err_cqe *cqe = (volatile struct mlx5_err_cqe *) ^ 3 errors generated. [626/788] Compiling C object drivers/libtmp_rte_net_vmxnet3.a.p/net_vmxnet3_vmxnet3_ethdev.c.obj [627/788] Compiling C object drivers/libtmp_rte_net_vmxnet3.a.p/net_vmxnet3_vmxnet3_rxtx.c.obj [628/788] Compiling C object drivers/libtmp_rte_crypto_mlx5.a.p/crypto_mlx5_mlx5_crypto_dek.c.obj [629/788] Generating rte_net_octeon_ep.pmd.c with a custom command (wrapped by meson to set PATH) [630/788] Compiling C object drivers/libtmp_rte_net_mlx5.a.p/net_mlx5_mlx5_tx_nompw.c.obj [631/788] Compiling C object app/dpdk-testpmd.exe.p/test-pmd_config.c.obj [632/788] Compiling C object drivers/libtmp_rte_net_mlx5.a.p/net_mlx5_mlx5_tx_empw.c.obj [633/788] Compiling C object app/test/dpdk-test.exe.p/test_cryptodev.c.obj [634/788] Compiling C object drivers/libtmp_rte_net_mlx5.a.p/net_mlx5_mlx5_tx_txpp.c.obj ninja: build stopped: subcommand failed. ==== End log output ==== CentOS Stream 9 Kernel: Depends on container host Compiler: gcc 11.5.0 20240719 (Red Hat 11.5.0-2) CentOS Stream 10 Kernel: Depends on container host Compiler: gcc 14.2.1 20241104 (Red Hat 14.2.1-6) Debian 12 Kernel: Depends on container host Compiler: gcc (Debian 12.2.0-14) 12.2.0 Fedora 40 (Clang) Kernel: Depends on container host Compiler: clang 18.1.8 (Fedora 18.1.8-1.fc40) Fedora 41 (Clang) Kernel: Depends on container host Compiler: clang 19.1.5 (Fedora 19.1.5-1.fc41) Fedora 40 Kernel: Depends on container host Compiler: gcc 14.2.1 20240912 (Red Hat 14.2.1-3) Fedora 41 Kernel: Depends on container host Compiler: gcc 14.2.1 20240912 (Red Hat 14.2.1-3) RHEL8 Kernel: Depends on container host Compiler: gcc 8.5.0 20210514 (Red Hat 8.5.0-22) openSUSE Leap 15 Kernel: Depends on container host Compiler: gcc (SUSE Linux) 7.5.0 RHEL9 Kernel: Depends on container host Compiler: gcc 11.5.0 20240719 (Red Hat 11.5.0-2) Ubuntu 24.04 Kernel: Depends on container host Compiler: gcc (Ubuntu 13.3.0-6ubuntu2~24.04) 13.3.0 Ubuntu 22.04 Kernel: Depends on container host Compiler: gcc (Ubuntu 11.4.0-1ubuntu1~22.04) 11.4.0 Ubuntu 20.04 Kernel: 4.19.325-0419325-generic Compiler: gcc (Ubuntu 9.4.0-1ubuntu1~20.04.2) 9.4.0 FreeBSD 13.5 Kernel: 13.5-RELEASE Compiler: clang 19.1.7 FreeBSD 14.2 Kernel: 14.2-RELEASE Compiler: clang 18.1.6 Windows Server 2022 Kernel: 10.0.20348.2031 Compiler: clang 15.0.7, gcc 14.1.0 (MinGW), and MSVC VS 19.39.33521 To view detailed results, visit: https://lab.dpdk.org/results/dashboard/tarballs/33579/ UNH-IOL DPDK Community Lab To manage your email subscriptions, visit: https://lab.dpdk.org/results/dashboard/preferences/subscriptions/