From mboxrd@z Thu Jan 1 00:00:00 1970 Return-Path: Received: from mails.dpdk.org (mails.dpdk.org [217.70.189.124]) by inbox.dpdk.org (Postfix) with ESMTP id 5723B4678C for ; Mon, 19 May 2025 11:01:38 +0200 (CEST) Received: from mails.dpdk.org (localhost [127.0.0.1]) by mails.dpdk.org (Postfix) with ESMTP id 51A63402AC; Mon, 19 May 2025 11:01:38 +0200 (CEST) Received: from mail-il1-f226.google.com (mail-il1-f226.google.com [209.85.166.226]) by mails.dpdk.org (Postfix) with ESMTP id 40E7D40276 for ; Mon, 19 May 2025 11:01:37 +0200 (CEST) Received: by mail-il1-f226.google.com with SMTP id e9e14a558f8ab-3dc75fe4e9bso809365ab.0 for ; Mon, 19 May 2025 02:01:37 -0700 (PDT) DKIM-Signature: v=1; a=rsa-sha256; c=relaxed/relaxed; d=iol.unh.edu; s=unh-iol; t=1747645296; x=1748250096; darn=dpdk.org; h=references:in-reply-to:cc:to:from:subject:message-id:date:from:to :cc:subject:date:message-id:reply-to; bh=brqwGWmZwAV37le5jA1nCicyxVwzQs4ObsX1CUt1vKQ=; b=CrzCz3gd6psGD8RQMpQbe+LvcFxlxs64TLkP2atJWtAhjMZodCZEMGVRg9Ha0W8MPT 46u34/QhdgjCKjHUIEFesUYnJaoC+vAkzQskkjZf53z1z3KnA08XC8oikjNacmCQQmcS iH24RvEEycJvehuoa6Pshf2f0OKwKcVIsOsbA= X-Google-DKIM-Signature: v=1; a=rsa-sha256; c=relaxed/relaxed; d=1e100.net; s=20230601; t=1747645296; x=1748250096; h=references:in-reply-to:cc:to:from:subject:message-id:date :x-gm-message-state:from:to:cc:subject:date:message-id:reply-to; bh=brqwGWmZwAV37le5jA1nCicyxVwzQs4ObsX1CUt1vKQ=; b=f1XuC2hvONIQJfoSSsRc1SnwaypzMbJrlQxvGid/L166p0F6p/LaWJ06hcOO0oMHzF aW1SUw43HY/yk9y7Vp/KUVU3S3QZzAV+3CFyAF5+6Nl6nSrtDtKui6iisRw3U4/3K6m1 QSVLPZ0Qxd34QDM3l1M5uMZO4BLAjW6JQd9jY8sYCdXUrgf1/AnyPtiUZ5cv4DpvnzpV qs6s4WZMyZPH6IuShRqPKN3NATZ8ow2gGz3E9VAEeMXO5lug2ZImsungjFmHsAjkRniW uDyjVFGn+qAToDKU186otV8jf1hKc9sTrfIcBO8qd7SPrz9Nq4wr3gxylPrsa6Wfq+S9 w0pQ== X-Gm-Message-State: AOJu0Yy9qRBk2Or3w00hs9bzSTcZDBNXWZnLQcgFB6s1WtWeEC3IboUq YXz6MOlpZsOnNWLM+7UsiRBN5RWJcZoDrJpILtKTETj2aEnNu/K/PRxqF2fzUyesOarGCQDCtXX 0EZ3DD5c+HNANDYhIPYXv+i2lzomaP6B2/fPykLL70C8d6BWVT33vD6yQibvK X-Gm-Gg: ASbGncuxioA+P71/vinr8aKsIpor1BEShQDqKN3b2A/pSU6fT+TmbRDPMjVMAzyzQIu R6EjBfx2zYeZaEYg0v8yt7rEAWtabtEop25vr0Jtp8++6sln0KCa0YVuxPP8DsCgjKn0FSZEn/D chg+tdA8HKRqf1+gq+oNTriGmBNB624nk8eaVb4YxNvl9je0E8awY7OnnPKWYKQbiN0qzNNs0sO T4q9ivZqqVt+rS3RxeoEpEq3KClh74ucnFGk8xVV1IYUGNtRw6JGvfP2A13BQpnk/p97CPTAC9c claxy0eaDeIwnfvVddIyDJpXdVf7mnUynr7G X-Google-Smtp-Source: AGHT+IGqnz0PTlELiE++gPk8ug5qCwvSP+V9hSG2wdjQtN2rCDvI+1XLtOmk4bAzdX66EHjLp0L2Lqmbw2hd X-Received: by 2002:a5d:854f:0:b0:85e:d0ca:b635 with SMTP id ca18e2360f4ac-86a173e5ad7mr1470881639f.2.1747645296251; Mon, 19 May 2025 02:01:36 -0700 (PDT) Received: from postal.iol.unh.edu (postal.iol.unh.edu. [2606:4100:3880:1234::84]) by smtp-relay.gmail.com with ESMTPS id 8926c6da1cb9f-4fbcc387cddsm362042173.7.2025.05.19.02.01.36 (version=TLS1_2 cipher=ECDHE-ECDSA-AES128-GCM-SHA256 bits=128/128); Mon, 19 May 2025 02:01:36 -0700 (PDT) X-Relaying-Domain: iol.unh.edu Date: Mon, 19 May 2025 02:01:36 -0700 (PDT) Message-ID: <682af370.050a0220.eed19.4e5dSMTPIN_ADDED_MISSING@mx.google.com> Received: from [172.21.0.6] (unknown [172.18.0.240]) by postal.iol.unh.edu (Postfix) with ESMTP id B5E436052471; Mon, 19 May 2025 05:01:35 -0400 (EDT) Subject: |WARNING| pw153510 [PATCH] app/testpmd: fix random flow item token From: dpdklab@iol.unh.edu To: Test Report Cc: dpdk-test-reports@iol.unh.edu In-Reply-To: <20250519063045.394353-1-getelson@nvidia.com> References: <20250519063045.394353-1-getelson@nvidia.com> Content-Type: text/plain X-BeenThere: test-report@dpdk.org X-Mailman-Version: 2.1.29 Precedence: list List-Id: automatic DPDK test reports List-Unsubscribe: , List-Archive: List-Post: List-Help: List-Subscribe: , Errors-To: test-report-bounces@dpdk.org Test-Label: iol-abi-testing Test-Status: WARNING http://dpdk.org/patch/153510 _Testing issues_ Submitter: Gregory Etelson Date: Monday, May 19 2025 06:30:45 DPDK git baseline: Repo:dpdk Branch: master CommitID:ff05ee3e3f8fb4ce958a2ce6461e8141aea959c6 153510 --> testing issues Upstream job id: Generic-DPDK-Compile-ABI#126938 Test environment and result as below: +-------------------+----------+ | Environment | abi_test | +===================+==========+ | CentOS Stream 10 | FAIL | +-------------------+----------+ | Fedora 40 (Clang) | FAIL | +-------------------+----------+ | Debian 12 | FAIL | +-------------------+----------+ | CentOS Stream 9 | FAIL | +-------------------+----------+ | Fedora 40 | FAIL | +-------------------+----------+ | openSUSE Leap 15 | FAIL | +-------------------+----------+ | Fedora 41 (Clang) | FAIL | +-------------------+----------+ | Fedora 41 | FAIL | +-------------------+----------+ | RHEL9 | FAIL | +-------------------+----------+ | RHEL8 | FAIL | +-------------------+----------+ | Ubuntu 24.04 | FAIL | +-------------------+----------+ | Ubuntu 22.04 | FAIL | +-------------------+----------+ ==== 20 line log output for Ubuntu 22.04 (abi_test): ==== Variables changes summary: 0 Removed, 0 Changed, 0 Added variable Functions changes summary: 0 Removed, 0 Changed (24 filtered out), 0 Added functions Variables changes summary: 0 Removed, 0 Changed (2 filtered out), 0 Added variables Functions changes summary: 0 Removed, 0 Changed (5 filtered out), 0 Added functions Variables changes summary: 0 Removed, 0 Changed, 0 Added variable Functions changes summary: 0 Removed, 0 Changed (2 filtered out), 0 Added functions Variables changes summary: 0 Removed, 0 Changed, 0 Added variable Functions changes summary: 0 Removed, 0 Changed (7 filtered out), 0 Added functions Variables changes summary: 0 Removed, 0 Changed, 0 Added variable Functions changes summary: 0 Removed, 0 Changed (4 filtered out), 0 Added (1 filtered out) functions Variables changes summary: 0 Removed, 0 Changed (1 filtered out), 0 Added variable Functions changes summary: 0 Removed, 0 Changed (215 filtered out), 0 Added (2 filtered out) functions Variables changes summary: 0 Removed, 0 Changed, 0 Added variable ==== End log output ==== CentOS Stream 10 Kernel: Depends on container host Compiler: gcc 14.2.1 20241104 (Red Hat 14.2.1-6) Fedora 40 (Clang) Kernel: Depends on container host Compiler: clang 18.1.8 (Fedora 18.1.8-1.fc40) Debian 12 Kernel: Depends on container host Compiler: gcc (Debian 12.2.0-14) 12.2.0 CentOS Stream 9 Kernel: Depends on container host Compiler: gcc 11.5.0 20240719 (Red Hat 11.5.0-2) Fedora 40 Kernel: Depends on container host Compiler: gcc 14.2.1 20240912 (Red Hat 14.2.1-3) openSUSE Leap 15 Kernel: Depends on container host Compiler: gcc (SUSE Linux) 7.5.0 Fedora 41 (Clang) Kernel: Depends on container host Compiler: clang 19.1.5 (Fedora 19.1.5-1.fc41) Fedora 41 Kernel: Depends on container host Compiler: gcc 14.2.1 20240912 (Red Hat 14.2.1-3) RHEL9 Kernel: Depends on container host Compiler: gcc 11.5.0 20240719 (Red Hat 11.5.0-2) RHEL8 Kernel: Depends on container host Compiler: gcc 8.5.0 20210514 (Red Hat 8.5.0-22) Ubuntu 24.04 Kernel: Depends on container host Compiler: gcc (Ubuntu 13.3.0-6ubuntu2~24.04) 13.3.0 Ubuntu 22.04 Kernel: Depends on container host Compiler: gcc (Ubuntu 11.4.0-1ubuntu1~22.04) 11.4.0 To view detailed results, visit: https://lab.dpdk.org/results/dashboard/patchsets/33204/ UNH-IOL DPDK Community Lab To manage your email subscriptions, visit: https://lab.dpdk.org/results/dashboard/preferences/subscriptions/