From mboxrd@z Thu Jan 1 00:00:00 1970 Return-Path: Received: from mails.dpdk.org (mails.dpdk.org [217.70.189.124]) by inbox.dpdk.org (Postfix) with ESMTP id 755E646793 for ; Mon, 19 May 2025 20:39:41 +0200 (CEST) Received: from mails.dpdk.org (localhost [127.0.0.1]) by mails.dpdk.org (Postfix) with ESMTP id 5359E40651; Mon, 19 May 2025 20:39:41 +0200 (CEST) Received: from mail-pg1-f227.google.com (mail-pg1-f227.google.com [209.85.215.227]) by mails.dpdk.org (Postfix) with ESMTP id D7C4F40612 for ; Mon, 19 May 2025 20:39:39 +0200 (CEST) Received: by mail-pg1-f227.google.com with SMTP id 41be03b00d2f7-b1fde81de05so3059170a12.1 for ; Mon, 19 May 2025 11:39:39 -0700 (PDT) DKIM-Signature: v=1; a=rsa-sha256; c=relaxed/relaxed; d=iol.unh.edu; s=unh-iol; t=1747679979; x=1748284779; darn=dpdk.org; h=references:in-reply-to:cc:to:from:subject:message-id:date:from:to :cc:subject:date:message-id:reply-to; bh=9Tq0a9Pup9h1RM7MlEznkfQYn5Cq8MeeUV/ZUlrvoFc=; b=g+twtV28Jnb9l1cirxbzjUS0wYCSlW72sFcFimvByltTpBwQUGoSk6XHSELvWKJAdv rmL/L5HT6B3Dfl2ZdfaUFm6/QV4OEh4MC8UYYdCU+8Bi7i6J7iDsDR13sZTIIUUJle2b oEdbIij140wpkeAHtOCSJc+knKvwk518zWxUw= X-Google-DKIM-Signature: v=1; a=rsa-sha256; c=relaxed/relaxed; d=1e100.net; s=20230601; t=1747679979; x=1748284779; h=references:in-reply-to:cc:to:from:subject:message-id:date :x-gm-message-state:from:to:cc:subject:date:message-id:reply-to; bh=9Tq0a9Pup9h1RM7MlEznkfQYn5Cq8MeeUV/ZUlrvoFc=; b=aMazF6MwTIBUvTjiPOT6DR+zCI04NgZUUXwua+AWTRvm7Zo+shOFdBjjuL2c1S32YO CXXpp6FVMYPltlP5byfNUsSEhJgKkeuaLdyZIaIDJaXYvQ8ndi6KIxSu8lWWktvt+t7u ecUXhL7bvj+pPH2OFthnI07hk4j2s5UdLhXpUA04xp0sb1QAqWzf1hFUpW/bIOluxyk7 wpCrdK2B03DlngsWzsAmpkcGYZocs+as0i9Jan8lz0SaGe9bjH/HmAqocuwiXxLH3PN3 YiyqXBnif9Ak3aX9A/mWGEzlclrrKAM//St1wkNJP3TS00XlejMWbEJWyMx6iEt2qBBp JV5w== X-Gm-Message-State: AOJu0YyKiUdSkpWo2SsqFv875gI/ORMSee32cXJikVe9jLnfMClCOLfS Qr5vvVr1/GGYZ6XcY3gQof5hX6staaGEoGliUNbZ3fplblkoCB4zMeXkIOrXVhRIVwMtEMw80DM l+Ef8HJHnnt82XPWQ27gceX57EHNZhdd4LWUfa2tzasbm4uz+FIZm X-Gm-Gg: ASbGnctO6lxB7WqfTnnFisBBzjhLIpGyCRqgQfQWjIl3TVSKM6rLcJVac11gk7/UVk0 PnxvtOk6JyKjAlHXmVRIUUAlr6ESpfTPD4i4NZGsPqM+tqjRqcK2oFDpdT112RiLRh8uiX7yHQQ dd318XR2c6lT3kwW8PAj3IOF/W6LJs2HqM6WDBGpTOHMfJyV45glmZDHWx+1I81hKQhvLwOZqhm trlddqGjqoLN9cHqm5A8jtibMkfWVEkIrm5pyH9vD6Brs/C8hGU8Mbdh91FfXgst2WHYtoNewku iNV2DdNRSUiLJdvR4ZQKa4j9hX5r7UBLG8bW X-Google-Smtp-Source: AGHT+IGhsiTpbcfCqOZuTtM+eSwwr0PRtImQuQhFziLJU4Tew9XlDt00dNvdGaS7QTQycpLiwVXpTboaQzHE X-Received: by 2002:a17:902:ea01:b0:223:5c77:7ef1 with SMTP id d9443c01a7336-231d43bb574mr200692575ad.21.1747679978783; Mon, 19 May 2025 11:39:38 -0700 (PDT) Received: from postal.iol.unh.edu (postal.iol.unh.edu. [2606:4100:3880:1234::84]) by smtp-relay.gmail.com with ESMTPS id d9443c01a7336-231d4eba38asm4326025ad.107.2025.05.19.11.39.38 (version=TLS1_2 cipher=ECDHE-ECDSA-AES128-GCM-SHA256 bits=128/128); Mon, 19 May 2025 11:39:38 -0700 (PDT) X-Relaying-Domain: iol.unh.edu Date: Mon, 19 May 2025 11:39:38 -0700 (PDT) Message-ID: <682b7aea.170a0220.184887.6639SMTPIN_ADDED_MISSING@mx.google.com> Received: from [172.17.0.2] (unknown [172.18.0.75]) by postal.iol.unh.edu (Postfix) with ESMTP id 2BE4C6052471; Mon, 19 May 2025 14:39:38 -0400 (EDT) Subject: |FAILURE| pw153504-153506 [PATCH] [RFC,v4,3/3] ethdev: introduce the From: dpdklab@iol.unh.edu To: Test Report Cc: dpdk-test-reports@iol.unh.edu, Wathsala Wathawana Vithanage In-Reply-To: <20250517151736.2565461-4-wathsala.vithanage@arm.com> References: <20250517151736.2565461-4-wathsala.vithanage@arm.com> Content-Type: text/plain X-BeenThere: test-report@dpdk.org X-Mailman-Version: 2.1.29 Precedence: list List-Id: automatic DPDK test reports List-Unsubscribe: , List-Archive: List-Post: List-Help: List-Subscribe: , Errors-To: test-report-bounces@dpdk.org Test-Label: iol-compile-amd64-testing Test-Status: FAILURE http://dpdk.org/patch/153506 _Testing issues_ Submitter: Wathsala Wathawana Vithanage Date: Saturday, May 17 2025 15:17:35 DPDK git baseline: Repo:dpdk Branch: master CommitID:ff05ee3e3f8fb4ce958a2ce6461e8141aea959c6 153504-153506 --> testing issues Upstream job id: Generic-DPDK-Compile-Meson#389462 Test environment and result as below: +-----------------------------------+--------------------+-------------------+------------------+-------------------------+-------------------+----------------------+ | Environment | dpdk_meson_compile | dpdk_compile_spdk | dpdk_compile_ovs | dpdk_llvm_clang_compile | dpdk_msvc_compile | dpdk_mingw64_compile | +===================================+====================+===================+==================+=========================+===================+======================+ | CentOS Stream 9 | PASS | PASS | SKIPPED | SKIPPED | SKIPPED | SKIPPED | +-----------------------------------+--------------------+-------------------+------------------+-------------------------+-------------------+----------------------+ | CentOS Stream 10 | PASS | SKIPPED | SKIPPED | SKIPPED | SKIPPED | SKIPPED | +-----------------------------------+--------------------+-------------------+------------------+-------------------------+-------------------+----------------------+ | openSUSE Leap 15 | PASS | SKIPPED | SKIPPED | SKIPPED | SKIPPED | SKIPPED | +-----------------------------------+--------------------+-------------------+------------------+-------------------------+-------------------+----------------------+ | Debian 12 | PASS | PASS | SKIPPED | SKIPPED | SKIPPED | SKIPPED | +-----------------------------------+--------------------+-------------------+------------------+-------------------------+-------------------+----------------------+ | Fedora 40 | PASS | PASS | SKIPPED | SKIPPED | SKIPPED | SKIPPED | +-----------------------------------+--------------------+-------------------+------------------+-------------------------+-------------------+----------------------+ | Fedora 41 | PASS | PASS | PASS | SKIPPED | SKIPPED | SKIPPED | +-----------------------------------+--------------------+-------------------+------------------+-------------------------+-------------------+----------------------+ | Fedora 41 (Clang) | PASS | PASS | PASS | SKIPPED | SKIPPED | SKIPPED | +-----------------------------------+--------------------+-------------------+------------------+-------------------------+-------------------+----------------------+ | Fedora 40 (Clang) | PASS | PASS | SKIPPED | SKIPPED | SKIPPED | SKIPPED | +-----------------------------------+--------------------+-------------------+------------------+-------------------------+-------------------+----------------------+ | RHEL8 | PASS | SKIPPED | SKIPPED | SKIPPED | SKIPPED | SKIPPED | +-----------------------------------+--------------------+-------------------+------------------+-------------------------+-------------------+----------------------+ | Ubuntu 20.04 | PASS | SKIPPED | SKIPPED | SKIPPED | SKIPPED | SKIPPED | +-----------------------------------+--------------------+-------------------+------------------+-------------------------+-------------------+----------------------+ | Ubuntu 24.04 | PASS | PASS | PASS | SKIPPED | SKIPPED | SKIPPED | +-----------------------------------+--------------------+-------------------+------------------+-------------------------+-------------------+----------------------+ | Ubuntu 22.04 | PASS | PASS | SKIPPED | SKIPPED | SKIPPED | SKIPPED | +-----------------------------------+--------------------+-------------------+------------------+-------------------------+-------------------+----------------------+ | RHEL9 | PASS | SKIPPED | SKIPPED | SKIPPED | SKIPPED | SKIPPED | +-----------------------------------+--------------------+-------------------+------------------+-------------------------+-------------------+----------------------+ | Ubuntu 24.04 32 Bit Cross Compile | PASS | SKIPPED | SKIPPED | SKIPPED | SKIPPED | SKIPPED | +-----------------------------------+--------------------+-------------------+------------------+-------------------------+-------------------+----------------------+ | Alpine | PASS | SKIPPED | SKIPPED | SKIPPED | SKIPPED | SKIPPED | +-----------------------------------+--------------------+-------------------+------------------+-------------------------+-------------------+----------------------+ | FreeBSD 13.5 | FAIL | SKIPPED | SKIPPED | SKIPPED | SKIPPED | SKIPPED | +-----------------------------------+--------------------+-------------------+------------------+-------------------------+-------------------+----------------------+ | FreeBSD 14.2 | FAIL | SKIPPED | SKIPPED | SKIPPED | SKIPPED | SKIPPED | +-----------------------------------+--------------------+-------------------+------------------+-------------------------+-------------------+----------------------+ | Windows Server 2022 | SKIPPED | SKIPPED | SKIPPED | FAIL | FAIL | PASS | +-----------------------------------+--------------------+-------------------+------------------+-------------------------+-------------------+----------------------+ ==== 20 line log output for Windows Server 2022 (dpdk_msvc_compile): ==== FAILED: app/dpdk-testpmd.exe.p/test-pmd_cmdline_mtr.c.obj "cl" "-Iapp\dpdk-testpmd.exe.p" "-Iapp" "-I..\app" "-Iapp\test-pmd" "-I..\app\test-pmd" "-Ilib\ethdev" "-I..\lib\ethdev" "-Ilib\eal\common" "-I..\lib\eal\common" "-I." "-I.." "-Iconfig" "-I..\config" "-Ilib\eal\include" "-I..\lib\eal\include" "-Ilib\eal\windows\include" "-I..\lib\eal\windows\include" "-Ilib\eal\x86\include" "-I..\lib\eal\x86\include" "-Ilib\eal" "-I..\lib\eal" "-Ilib\log" "-I..\lib\log" "-Ilib\kvargs" "-I..\lib\kvargs" "-Ilib\net" "-I..\lib\net" "-Ilib\mbuf" "-I..\lib\mbuf" "-I lib\mempool" "-I..\lib\mempool" "-Ilib\ring" "-I..\lib\ring" "-Ilib\metrics" "-I..\lib\metrics" "-Ilib\telemetry" "-I..\lib\telemetry" "-Ilib\meter" "-I..\lib\meter" "-Ilib\cmdline" "-I..\lib\cmdline" "-Ilib\bitratestats" "-I..\lib\bitratestats" "-Ilib\gro" "-I..\lib\gro" "-Ilib\gso" "-I..\lib\gso" "-Ilib\latencystats" "-I..\lib\latencystats" "-IC:\Program Files\Mellanox\MLNX_WinOF2_DevX_SDK\inc" "/MD" "/nologo" "/showIncludes" "/W3" "/WX" "/std:c11" "/O2" "/Gw" "/wd4244" "/wd4267" "/wd4146" " /experimental:c11atomics" "/d1experimental:typeof" "/experimental:statementExpressions" "/FI" "rte_config.h" "-D_GNU_SOURCE" "-D_WIN32_WINNT=0x0A00" "-DALLOW_EXPERIMENTAL_API" "/Fdapp\dpdk-testpmd.exe.p\test-pmd_cmdline_mtr.c.pdb" /Foapp/dpdk-testpmd.exe.p/test-pmd_cmdline_mtr.c.obj "/c" ../app/test-pmd/cmdline_mtr.c C:\Users\builder\jenkins\workspace\Windows-Compile-DPDK-VS\dpdk\lib\ethdev\rte_ethdev.h(6211): error C2061: syntax error: identifier 'off_t' C:\Users\builder\jenkins\workspace\Windows-Compile-DPDK-VS\dpdk\lib\ethdev\rte_ethdev.h(6212): error C2059: syntax error: '}' [47/360] Compiling C object app/dpdk-testpmd.exe.p/test-pmd_cmdline_flow.c.obj FAILED: app/dpdk-testpmd.exe.p/test-pmd_cmdline_flow.c.obj "cl" "-Iapp\dpdk-testpmd.exe.p" "-Iapp" "-I..\app" "-Iapp\test-pmd" "-I..\app\test-pmd" "-Ilib\ethdev" "-I..\lib\ethdev" "-Ilib\eal\common" "-I..\lib\eal\common" "-I." "-I.." "-Iconfig" "-I..\config" "-Ilib\eal\include" "-I..\lib\eal\include" "-Ilib\eal\windows\include" "-I..\lib\eal\windows\include" "-Ilib\eal\x86\include" "-I..\lib\eal\x86\include" "-Ilib\eal" "-I..\lib\eal" "-Ilib\log" "-I..\lib\log" "-Ilib\kvargs" "-I..\lib\kvargs" "-Ilib\net" "-I..\lib\net" "-Ilib\mbuf" "-I..\lib\mbuf" "-I lib\mempool" "-I..\lib\mempool" "-Ilib\ring" "-I..\lib\ring" "-Ilib\metrics" "-I..\lib\metrics" "-Ilib\telemetry" "-I..\lib\telemetry" "-Ilib\meter" "-I..\lib\meter" "-Ilib\cmdline" "-I..\lib\cmdline" "-Ilib\bitratestats" "-I..\lib\bitratestats" "-Ilib\gro" "-I..\lib\gro" "-Ilib\gso" "-I..\lib\gso" "-Ilib\latencystats" "-I..\lib\latencystats" "-IC:\Program Files\Mellanox\MLNX_WinOF2_DevX_SDK\inc" "/MD" "/nologo" "/showIncludes" "/W3" "/WX" "/std:c11" "/O2" "/Gw" "/wd4244" "/wd4267" "/wd4146" " /experimental:c11atomics" "/d1experimental:typeof" "/experimental:statementExpressions" "/FI" "rte_config.h" "-D_GNU_SOURCE" "-D_WIN32_WINNT=0x0A00" "-DALLOW_EXPERIMENTAL_API" "/Fdapp\dpdk-testpmd.exe.p\test-pmd_cmdline_flow.c.pdb" /Foapp/dpdk-testpmd.exe.p/test-pmd_cmdline_flow.c.obj "/c" ../app/test-pmd/cmdline_flow.c C:\Users\builder\jenkins\workspace\Windows-Compile-DPDK-VS\dpdk\lib\ethdev\rte_ethdev.h(6211): error C2061: syntax error: identifier 'off_t' C:\Users\builder\jenkins\workspace\Windows-Compile-DPDK-VS\dpdk\lib\ethdev\rte_ethdev.h(6212): error C2059: syntax error: '}' [48/360] Compiling C object app/dpdk-testpmd.exe.p/test-pmd_5tswap.c.obj [49/360] Compiling C object app/dpdk-testpmd.exe.p/test-pmd_cmdline.c.obj FAILED: app/dpdk-testpmd.exe.p/test-pmd_cmdline.c.obj "cl" "-Iapp\dpdk-testpmd.exe.p" "-Iapp" "-I..\app" "-Iapp\test-pmd" "-I..\app\test-pmd" "-Ilib\ethdev" "-I..\lib\ethdev" "-Ilib\eal\common" "-I..\lib\eal\common" "-I." "-I.." "-Iconfig" "-I..\config" "-Ilib\eal\include" "-I..\lib\eal\include" "-Ilib\eal\windows\include" "-I..\lib\eal\windows\include" "-Ilib\eal\x86\include" "-I..\lib\eal\x86\include" "-Ilib\eal" "-I..\lib\eal" "-Ilib\log" "-I..\lib\log" "-Ilib\kvargs" "-I..\lib\kvargs" "-Ilib\net" "-I..\lib\net" "-Ilib\mbuf" "-I..\lib\mbuf" "-I lib\mempool" "-I..\lib\mempool" "-Ilib\ring" "-I..\lib\ring" "-Ilib\metrics" "-I..\lib\metrics" "-Ilib\telemetry" "-I..\lib\telemetry" "-Ilib\meter" "-I..\lib\meter" "-Ilib\cmdline" "-I..\lib\cmdline" "-Ilib\bitratestats" "-I..\lib\bitratestats" "-Ilib\gro" "-I..\lib\gro" "-Ilib\gso" "-I..\lib\gso" "-Ilib\latencystats" "-I..\lib\latencystats" "-IC:\Program Files\Mellanox\MLNX_WinOF2_DevX_SDK\inc" "/MD" "/nologo" "/showIncludes" "/W3" "/WX" "/std:c11" "/O2" "/Gw" "/wd4244" "/wd4267" "/wd4146" " /experimental:c11atomics" "/d1experimental:typeof" "/experimental:statementExpressions" "/FI" "rte_config.h" "-D_GNU_SOURCE" "-D_WIN32_WINNT=0x0A00" "-DALLOW_EXPERIMENTAL_API" "/Fdapp\dpdk-testpmd.exe.p\test-pmd_cmdline.c.pdb" /Foapp/dpdk-testpmd.exe.p/test-pmd_cmdline.c.obj "/c" ../app/test-pmd/cmdline.c C:\Users\builder\jenkins\workspace\Windows-Compile-DPDK-VS\dpdk\lib\ethdev\rte_ethdev.h(6211): error C2061: syntax error: identifier 'off_t' C:\Users\builder\jenkins\workspace\Windows-Compile-DPDK-VS\dpdk\lib\ethdev\rte_ethdev.h(6212): error C2059: syntax error: '}' [50/360] Compiling C object lib/librte_rib.a.p/rib_rte_rib.c.obj [51/360] Compiling C object lib/librte_rib.a.p/rib_rte_rib6.c.obj [52/360] Compiling C object lib/librte_reorder.a.p/reorder_rte_reorder.c.obj ninja: build stopped: subcommand failed. ==== End log output ==== CentOS Stream 9 Kernel: Depends on container host Compiler: gcc 11.5.0 20240719 (Red Hat 11.5.0-2) CentOS Stream 10 Kernel: Depends on container host Compiler: gcc 14.2.1 20241104 (Red Hat 14.2.1-6) openSUSE Leap 15 Kernel: Depends on container host Compiler: gcc (SUSE Linux) 7.5.0 Debian 12 Kernel: Depends on container host Compiler: gcc (Debian 12.2.0-14) 12.2.0 Fedora 40 Kernel: Depends on container host Compiler: gcc 14.2.1 20240912 (Red Hat 14.2.1-3) Fedora 41 Kernel: Depends on container host Compiler: gcc 14.2.1 20240912 (Red Hat 14.2.1-3) Fedora 41 (Clang) Kernel: Depends on container host Compiler: clang 19.1.5 (Fedora 19.1.5-1.fc41) Fedora 40 (Clang) Kernel: Depends on container host Compiler: clang 18.1.8 (Fedora 18.1.8-1.fc40) RHEL8 Kernel: Depends on container host Compiler: gcc 8.5.0 20210514 (Red Hat 8.5.0-22) Ubuntu 20.04 Kernel: Depends on container host Compiler: gcc (Ubuntu 9.4.0-1ubuntu1~20.04.2) 9.4.0 Ubuntu 24.04 Kernel: Depends on container host Compiler: gcc (Ubuntu 13.3.0-6ubuntu2~24.04) 13.3.0 Ubuntu 22.04 Kernel: Depends on container host Compiler: gcc (Ubuntu 11.4.0-1ubuntu1~22.04) 11.4.0 RHEL9 Kernel: Depends on container host Compiler: gcc 11.5.0 20240719 (Red Hat 11.5.0-2) Ubuntu 24.04 32 Bit Cross Compile Kernel: Depends on container host Compiler: gcc (Ubuntu 13.3.0-6ubuntu2~24.04) 13.3.0 Alpine Kernel: Depends on container host Compiler: gcc (Alpine 14.2.0) 14.2.0 FreeBSD 13.5 Kernel: 13.5-RELEASE Compiler: clang 19.1.7 FreeBSD 14.2 Kernel: 14.2-RELEASE Compiler: clang 18.1.6 Windows Server 2022 Kernel: 10.0.20348.2031 Compiler: clang 15.0.7, gcc 14.1.0 (MinGW), and MSVC VS 19.39.33521 To view detailed results, visit: https://lab.dpdk.org/results/dashboard/patchsets/33202/ UNH-IOL DPDK Community Lab To manage your email subscriptions, visit: https://lab.dpdk.org/results/dashboard/preferences/subscriptions/