From: dpdklab@iol.unh.edu
To: Test Report <test-report@dpdk.org>
Cc: dpdk-test-reports@iol.unh.edu
Subject: |WARNING| pw153517-153518 [PATCH] [2/2] app/testpmd: clear stale int
Date: Mon, 19 May 2025 13:01:36 -0700 (PDT) [thread overview]
Message-ID: <682b8e20.050a0220.6c32b.507eSMTPIN_ADDED_MISSING@mx.google.com> (raw)
In-Reply-To: <20250519160711.4024414-2-skori@marvell.com>
Test-Label: iol-abi-testing
Test-Status: WARNING
http://dpdk.org/patch/153518
_Testing issues_
Submitter: Sunil Kumar Kori <skori@marvell.com>
Date: Monday, May 19 2025 16:06:56
DPDK git baseline: Repo:dpdk
Branch: master
CommitID:ff05ee3e3f8fb4ce958a2ce6461e8141aea959c6
153517-153518 --> testing issues
Upstream job id: Generic-DPDK-Compile-ABI#126950
Test environment and result as below:
+-------------------+----------+
| Environment | abi_test |
+===================+==========+
| CentOS Stream 10 | FAIL |
+-------------------+----------+
| CentOS Stream 9 | FAIL |
+-------------------+----------+
| Fedora 41 | FAIL |
+-------------------+----------+
| openSUSE Leap 15 | FAIL |
+-------------------+----------+
| Debian 12 | FAIL |
+-------------------+----------+
| Fedora 41 (Clang) | FAIL |
+-------------------+----------+
| Fedora 40 | FAIL |
+-------------------+----------+
| RHEL9 | FAIL |
+-------------------+----------+
| Ubuntu 22.04 | FAIL |
+-------------------+----------+
| Ubuntu 24.04 | FAIL |
+-------------------+----------+
| Fedora 40 (Clang) | FAIL |
+-------------------+----------+
| RHEL8 | FAIL |
+-------------------+----------+
==== 20 line log output for RHEL8 (abi_test): ====
Variables changes summary: 0 Removed, 0 Changed, 0 Added variable
Functions changes summary: 0 Removed, 0 Changed (4 filtered out), 0 Added functions
Variables changes summary: 0 Removed, 0 Changed, 0 Added variable
Functions changes summary: 0 Removed, 0 Changed (24 filtered out), 0 Added functions
Variables changes summary: 0 Removed, 0 Changed (2 filtered out), 0 Added variables
Functions changes summary: 0 Removed, 0 Changed (7 filtered out), 0 Added functions
Variables changes summary: 0 Removed, 0 Changed, 0 Added variable
Functions changes summary: 0 Removed, 0 Changed (5 filtered out), 0 Added functions
Variables changes summary: 0 Removed, 0 Changed, 0 Added variable
Functions changes summary: 0 Removed, 0 Changed (4 filtered out), 0 Added (1 filtered out) functions
Variables changes summary: 0 Removed, 0 Changed (1 filtered out), 0 Added variable
Functions changes summary: 0 Removed, 0 Changed (216 filtered out), 0 Added (2 filtered out) functions
Variables changes summary: 0 Removed, 0 Changed, 0 Added variable
==== End log output ====
CentOS Stream 10
Kernel: Depends on container host
Compiler: gcc 14.2.1 20241104 (Red Hat 14.2.1-6)
CentOS Stream 9
Kernel: Depends on container host
Compiler: gcc 11.5.0 20240719 (Red Hat 11.5.0-2)
Fedora 41
Kernel: Depends on container host
Compiler: gcc 14.2.1 20240912 (Red Hat 14.2.1-3)
openSUSE Leap 15
Kernel: Depends on container host
Compiler: gcc (SUSE Linux) 7.5.0
Debian 12
Kernel: Depends on container host
Compiler: gcc (Debian 12.2.0-14) 12.2.0
Fedora 41 (Clang)
Kernel: Depends on container host
Compiler: clang 19.1.5 (Fedora 19.1.5-1.fc41)
Fedora 40
Kernel: Depends on container host
Compiler: gcc 14.2.1 20240912 (Red Hat 14.2.1-3)
RHEL9
Kernel: Depends on container host
Compiler: gcc 11.5.0 20240719 (Red Hat 11.5.0-2)
Ubuntu 22.04
Kernel: Depends on container host
Compiler: gcc (Ubuntu 11.4.0-1ubuntu1~22.04) 11.4.0
Ubuntu 24.04
Kernel: Depends on container host
Compiler: gcc (Ubuntu 13.3.0-6ubuntu2~24.04) 13.3.0
Fedora 40 (Clang)
Kernel: Depends on container host
Compiler: clang 18.1.8 (Fedora 18.1.8-1.fc40)
RHEL8
Kernel: Depends on container host
Compiler: gcc 8.5.0 20210514 (Red Hat 8.5.0-22)
To view detailed results, visit:
https://lab.dpdk.org/results/dashboard/patchsets/33206/
UNH-IOL DPDK Community Lab
To manage your email subscriptions, visit:
https://lab.dpdk.org/results/dashboard/preferences/subscriptions/
next prev parent reply other threads:[~2025-05-19 20:01 UTC|newest]
Thread overview: 23+ messages / expand[flat|nested] mbox.gz Atom feed top
[not found] <20250519160711.4024414-2-skori@marvell.com>
2025-05-19 15:33 ` |SUCCESS| pw153517-153518 [PATCH 2/2] app/testpmd: clear stale internal len information qemudev
2025-05-19 15:37 ` qemudev
2025-05-19 16:08 ` |SUCCESS| pw153518 " checkpatch
2025-05-19 16:40 ` |PENDING| pw153517-153518 [PATCH] [2/2] app/testpmd: clear stale int dpdklab
2025-05-19 16:42 ` dpdklab
2025-05-19 16:42 ` |SUCCESS| " dpdklab
2025-05-19 16:43 ` dpdklab
2025-05-19 16:44 ` |PENDING| " dpdklab
2025-05-19 16:44 ` |WARNING| " dpdklab
2025-05-19 16:50 ` |PENDING| " dpdklab
2025-05-19 16:54 ` |SUCCESS| " dpdklab
2025-05-19 16:57 ` dpdklab
2025-05-19 17:01 ` dpdklab
2025-05-19 17:01 ` dpdklab
2025-05-19 17:11 ` dpdklab
2025-05-19 17:18 ` |PENDING| " dpdklab
2025-05-19 18:11 ` |SUCCESS| " dpdklab
2025-05-19 18:34 ` dpdklab
2025-05-19 18:55 ` dpdklab
2025-05-19 19:23 ` |SUCCESS| pw153518 [PATCH 2/2] app/testpmd: clear stale internal len information 0-day Robot
2025-05-19 19:26 ` |SUCCESS| pw153517-153518 [PATCH] [2/2] app/testpmd: clear stale int dpdklab
2025-05-19 20:01 ` dpdklab [this message]
2025-05-19 21:06 ` dpdklab
Reply instructions:
You may reply publicly to this message via plain-text email
using any one of the following methods:
* Save the following mbox file, import it into your mail client,
and reply-to-all from there: mbox
Avoid top-posting and favor interleaved quoting:
https://en.wikipedia.org/wiki/Posting_style#Interleaved_style
* Reply using the --to, --cc, and --in-reply-to
switches of git-send-email(1):
git send-email \
--in-reply-to=682b8e20.050a0220.6c32b.507eSMTPIN_ADDED_MISSING@mx.google.com \
--to=dpdklab@iol.unh.edu \
--cc=dpdk-test-reports@iol.unh.edu \
--cc=test-report@dpdk.org \
/path/to/YOUR_REPLY
https://kernel.org/pub/software/scm/git/docs/git-send-email.html
* If your mail client supports setting the In-Reply-To header
via mailto: links, try the mailto: link
Be sure your reply has a Subject: header at the top and a blank line
before the message body.
This is a public inbox, see mirroring instructions
for how to clone and mirror all data and code used for this inbox;
as well as URLs for NNTP newsgroup(s).