automatic DPDK test reports
 help / color / mirror / Atom feed
From: dpdklab@iol.unh.edu
To: Test Report <test-report@dpdk.org>
Cc: dpdk-test-reports@iol.unh.edu
Subject: |WARNING| pw153521-153525 [PATCH] [25.11,v2,5/5] eventdev: refactor
Date: Mon, 19 May 2025 20:46:12 -0700 (PDT)	[thread overview]
Message-ID: <682bfb04.050a0220.fa53d.346eSMTPIN_ADDED_MISSING@mx.google.com> (raw)
In-Reply-To: <20250519185604.5584-6-pbhagavatula@marvell.com>

Test-Label: iol-abi-testing
Test-Status: WARNING
http://dpdk.org/patch/153525

_Testing issues_

Submitter: Pavan Nikhilesh Bhagavatula <pbhagavatula@marvell.com>
Date: Monday, May 19 2025 18:56:04 
DPDK git baseline: Repo:dpdk
  Branch: master
  CommitID:117e86c4b96ed761e9a7ab766261208fe81bf5ca

153521-153525 --> testing issues

Upstream job id: Generic-DPDK-Compile-ABI#126985

Test environment and result as below:

+-------------------+----------+
|    Environment    | abi_test |
+===================+==========+
| CentOS Stream 9   | FAIL     |
+-------------------+----------+
| RHEL8             | FAIL     |
+-------------------+----------+
| Debian 12         | FAIL     |
+-------------------+----------+
| CentOS Stream 10  | FAIL     |
+-------------------+----------+
| Fedora 40         | FAIL     |
+-------------------+----------+
| openSUSE Leap 15  | FAIL     |
+-------------------+----------+
| Fedora 40 (Clang) | FAIL     |
+-------------------+----------+
| Fedora 41 (Clang) | FAIL     |
+-------------------+----------+
| Fedora 41         | FAIL     |
+-------------------+----------+
| Ubuntu 24.04      | FAIL     |
+-------------------+----------+
| RHEL9             | FAIL     |
+-------------------+----------+
| Ubuntu 22.04      | FAIL     |
+-------------------+----------+

==== 20 line log output for Ubuntu 22.04 (abi_test): ====
Error: ABI issue reported for abidiff --suppr /root/workspace/Generic-DPDK-Compile-ABI@2/dpdk/devtools/libabigail.abignore --no-added-syms --headers-dir1 reference/usr/local/include --headers-dir2 build_install/usr/local/include reference/usr/local/lib/x86_64-linux-gnu/librte_dmadev.so.25.0 build_install/usr/local/lib/x86_64-linux-gnu/librte_dmadev.so.25.2
ABIDIFF_ABI_CHANGE, this change requires a review (abidiff flagged this as a potential issue).
Functions changes summary: 0 Removed, 0 Changed (4 filtered out), 0 Added functions
Variables changes summary: 0 Removed, 0 Changed, 0 Added variable

Functions changes summary: 0 Removed, 0 Changed (24 filtered out), 0 Added functions
Variables changes summary: 0 Removed, 0 Changed (2 filtered out), 0 Added variables

Functions changes summary: 0 Removed, 0 Changed (5 filtered out), 0 Added functions
Variables changes summary: 0 Removed, 0 Changed, 0 Added variable

Functions changes summary: 0 Removed, 0 Changed (2 filtered out), 0 Added functions
Variables changes summary: 0 Removed, 0 Changed, 0 Added variable

Functions changes summary: 0 Removed, 0 Changed (7 filtered out), 0 Added functions
Variables changes summary: 0 Removed, 0 Changed, 0 Added variable

Functions changes summary: 0 Removed, 0 Changed (4 filtered out), 0 Added (1 filtered out) functions
Variables changes summary: 0 Removed, 0 Changed (1 filtered out), 0 Added variable

==== End log output ====

CentOS Stream 9
	Kernel: Depends on container host
	Compiler: gcc 11.5.0 20240719 (Red Hat 11.5.0-2)

RHEL8
	Kernel: Depends on container host
	Compiler: gcc 8.5.0 20210514 (Red Hat 8.5.0-22)

Debian 12
	Kernel: Depends on container host
	Compiler: gcc (Debian 12.2.0-14) 12.2.0

CentOS Stream 10
	Kernel: Depends on container host
	Compiler: gcc 14.2.1 20241104 (Red Hat 14.2.1-6)

Fedora 40
	Kernel: Depends on container host
	Compiler: gcc 14.2.1 20240912 (Red Hat 14.2.1-3)

openSUSE Leap 15
	Kernel: Depends on container host
	Compiler: gcc (SUSE Linux) 7.5.0

Fedora 40 (Clang)
	Kernel: Depends on container host
	Compiler: clang 18.1.8 (Fedora 18.1.8-1.fc40)

Fedora 41 (Clang)
	Kernel: Depends on container host
	Compiler: clang 19.1.5 (Fedora 19.1.5-1.fc41)

Fedora 41
	Kernel: Depends on container host
	Compiler: gcc 14.2.1 20240912 (Red Hat 14.2.1-3)

Ubuntu 24.04
	Kernel: Depends on container host
	Compiler: gcc (Ubuntu 13.3.0-6ubuntu2~24.04) 13.3.0

RHEL9
	Kernel: Depends on container host
	Compiler: gcc 11.5.0 20240719 (Red Hat 11.5.0-2)

Ubuntu 22.04
	Kernel: Depends on container host
	Compiler: gcc (Ubuntu 11.4.0-1ubuntu1~22.04) 11.4.0

To view detailed results, visit:
https://lab.dpdk.org/results/dashboard/patchsets/33208/

UNH-IOL DPDK Community Lab

To manage your email subscriptions, visit: 
https://lab.dpdk.org/results/dashboard/preferences/subscriptions/

  parent reply	other threads:[~2025-05-20  3:46 UTC|newest]

Thread overview: 23+ messages / expand[flat|nested]  mbox.gz  Atom feed  top
     [not found] <20250519185604.5584-6-pbhagavatula@marvell.com>
2025-05-19 18:31 ` |SUCCESS| pw153521-153525 [25.11 PATCH v2 5/5] eventdev: refactor DMA adapter ops qemudev
2025-05-19 18:35 ` qemudev
2025-05-19 18:57 ` |SUCCESS| pw153525 " checkpatch
2025-05-19 20:03 ` |FAILURE| " 0-day Robot
2025-05-20  2:29 ` |PENDING| pw153521-153525 [PATCH] [25.11,v2,5/5] eventdev: refactor dpdklab
2025-05-20  2:35 ` |SUCCESS| " dpdklab
2025-05-20  2:36 ` |PENDING| " dpdklab
2025-05-20  2:37 ` |SUCCESS| " dpdklab
2025-05-20  2:43 ` dpdklab
2025-05-20  2:45 ` |PENDING| " dpdklab
2025-05-20  2:46 ` |SUCCESS| " dpdklab
2025-05-20  2:53 ` dpdklab
2025-05-20  2:53 ` dpdklab
2025-05-20  2:54 ` |WARNING| " dpdklab
2025-05-20  2:54 ` |SUCCESS| " dpdklab
2025-05-20  3:02 ` dpdklab
2025-05-20  3:11 ` |PENDING| " dpdklab
2025-05-20  3:33 ` |SUCCESS| " dpdklab
2025-05-20  3:34 ` dpdklab
2025-05-20  3:46 ` dpdklab [this message]
2025-05-20  3:59 ` dpdklab
2025-05-20  4:02 ` dpdklab
2025-05-20  5:53 ` dpdklab

Reply instructions:

You may reply publicly to this message via plain-text email
using any one of the following methods:

* Save the following mbox file, import it into your mail client,
  and reply-to-all from there: mbox

  Avoid top-posting and favor interleaved quoting:
  https://en.wikipedia.org/wiki/Posting_style#Interleaved_style

* Reply using the --to, --cc, and --in-reply-to
  switches of git-send-email(1):

  git send-email \
    --in-reply-to=682bfb04.050a0220.fa53d.346eSMTPIN_ADDED_MISSING@mx.google.com \
    --to=dpdklab@iol.unh.edu \
    --cc=dpdk-test-reports@iol.unh.edu \
    --cc=test-report@dpdk.org \
    /path/to/YOUR_REPLY

  https://kernel.org/pub/software/scm/git/docs/git-send-email.html

* If your mail client supports setting the In-Reply-To header
  via mailto: links, try the mailto: link
Be sure your reply has a Subject: header at the top and a blank line before the message body.
This is a public inbox, see mirroring instructions
for how to clone and mirror all data and code used for this inbox;
as well as URLs for NNTP newsgroup(s).