From mboxrd@z Thu Jan 1 00:00:00 1970 Return-Path: Received: from mails.dpdk.org (mails.dpdk.org [217.70.189.124]) by inbox.dpdk.org (Postfix) with ESMTP id DA8F546796 for ; Tue, 20 May 2025 05:46:14 +0200 (CEST) Received: from mails.dpdk.org (localhost [127.0.0.1]) by mails.dpdk.org (Postfix) with ESMTP id B14AB402CA; Tue, 20 May 2025 05:46:14 +0200 (CEST) Received: from mail-vk1-f228.google.com (mail-vk1-f228.google.com [209.85.221.228]) by mails.dpdk.org (Postfix) with ESMTP id 72216402AE for ; Tue, 20 May 2025 05:46:13 +0200 (CEST) Received: by mail-vk1-f228.google.com with SMTP id 71dfb90a1353d-52dd77335a3so541284e0c.1 for ; Mon, 19 May 2025 20:46:13 -0700 (PDT) DKIM-Signature: v=1; a=rsa-sha256; c=relaxed/relaxed; d=iol.unh.edu; s=unh-iol; t=1747712772; x=1748317572; darn=dpdk.org; h=references:in-reply-to:cc:to:from:subject:message-id:date:from:to :cc:subject:date:message-id:reply-to; bh=A/UwcjPZeujrR5In1O3LrwZ/CwDj+8BjcXIUXP3thMM=; b=AaQ1JsinOqD987idSjGYekH2+Y+ta5kn6gMGfYTKYhd0T8W+7jDwIeY9BVTLlSuM1d GdFYP/BnnXDVNCTE0OwHh1ZhHhjtIX84na8LcHz953FYV0ySWug+WbM4kn7cjcXLTYA1 BZxth8xb7D87MsPRqINMR14E2U6d3CybNtRgo= X-Google-DKIM-Signature: v=1; a=rsa-sha256; c=relaxed/relaxed; d=1e100.net; s=20230601; t=1747712772; x=1748317572; h=references:in-reply-to:cc:to:from:subject:message-id:date :x-gm-message-state:from:to:cc:subject:date:message-id:reply-to; bh=A/UwcjPZeujrR5In1O3LrwZ/CwDj+8BjcXIUXP3thMM=; b=emD3zEtHUDa28Tl1odZJTHXDJ6Q0L+XZrah9u5WVVY4UyyaUu/ZlPFv+X6tmjK6jhS +e1oNnmReU5d2Q0aaGiAJqNGpSYWXZmA+v4KjT0SRP6HbBAV3TenfusjdLox58LhUYGq DvbtqlwoUnCGeGkCzzSiC4reW1yLkQZP5QycO1RGrvpuNTa1J6PAlVmv9oyW32A2rMic CXh8H6TD/I1rEx+azpB2CUKQxgLs8sdJJMqV1INY65rDW6dRP/94PPyuAo0eqeNltk5g ybwr3UVb27KdNhk32jNKJ9dGfZ3UxlwtZCHdk+buVkOktCUHSKFCPvxNmVurZJW4YUIc HUtg== X-Gm-Message-State: AOJu0Yw3t2zCBx0xquzhiOihz72+v8NxKivkTP8Rdg3ZKOcgYGl5/Wr7 c7M2f4X8tQW3KaijExj+U7LdnLShscKQbdWm2HFLZ6gAsH2Wvted5u7pfsJ368jdOQYIBqZZYXk 0uoYdZHKqu0dgu3YGc9MPjoiW/5K18GLF7M8plpmwlNulVEYbZdy8rzPhzUFu X-Gm-Gg: ASbGncuJdyWf1Pyb5zCXHvukYXLO0TB4V9o0KJndnWI+6cF7/CaBKX4oU18MtAMh7e/ KBQ/uZZKSgLisq1BUpcwFrzIoWgo01zlU0XMm0qY/I/qXJYRIkZunPsD34l0yCWFFDWSjj+kATa rbsj6Czn13ktMlHIiAFZxoeJWQwKHxJNGCCm7P3/3hU/JmytXAvHrgIq+A0jDNHBAtTjvWDJtMg l/+7mV/rBAZ8rYFT41WMh+AfllGWWVS6cZcb+9YOmm7A3Egn8lG6lKKfVDpy4IbL0p2zNxO1os1 rV87kmyPmugNWxuudAK63FHJ2HeqUHhVuh2Z X-Google-Smtp-Source: AGHT+IFIpVQnEzO2PrtgI1EQUIq+x1tCN45kiDya/yh3YVlx2lU111aLPdxIR0k2km/5bLSoiasfwBmm08vR X-Received: by 2002:a05:6122:46a7:b0:52a:cdfb:7ff9 with SMTP id 71dfb90a1353d-52dba866824mr13732425e0c.4.1747712772683; Mon, 19 May 2025 20:46:12 -0700 (PDT) Received: from postal.iol.unh.edu (postal.iol.unh.edu. [2606:4100:3880:1234::84]) by smtp-relay.gmail.com with ESMTPS id 71dfb90a1353d-52dbaa28e37sm382223e0c.7.2025.05.19.20.46.12 (version=TLS1_2 cipher=ECDHE-ECDSA-AES128-GCM-SHA256 bits=128/128); Mon, 19 May 2025 20:46:12 -0700 (PDT) X-Relaying-Domain: iol.unh.edu Date: Mon, 19 May 2025 20:46:12 -0700 (PDT) Message-ID: <682bfb04.050a0220.fa53d.346eSMTPIN_ADDED_MISSING@mx.google.com> Received: from [172.17.0.3] (unknown [172.18.0.74]) by postal.iol.unh.edu (Postfix) with ESMTP id 242E06052471; Mon, 19 May 2025 23:46:12 -0400 (EDT) Subject: |WARNING| pw153521-153525 [PATCH] [25.11,v2,5/5] eventdev: refactor From: dpdklab@iol.unh.edu To: Test Report Cc: dpdk-test-reports@iol.unh.edu In-Reply-To: <20250519185604.5584-6-pbhagavatula@marvell.com> References: <20250519185604.5584-6-pbhagavatula@marvell.com> Content-Type: text/plain X-BeenThere: test-report@dpdk.org X-Mailman-Version: 2.1.29 Precedence: list List-Id: automatic DPDK test reports List-Unsubscribe: , List-Archive: List-Post: List-Help: List-Subscribe: , Errors-To: test-report-bounces@dpdk.org Test-Label: iol-abi-testing Test-Status: WARNING http://dpdk.org/patch/153525 _Testing issues_ Submitter: Pavan Nikhilesh Bhagavatula Date: Monday, May 19 2025 18:56:04 DPDK git baseline: Repo:dpdk Branch: master CommitID:117e86c4b96ed761e9a7ab766261208fe81bf5ca 153521-153525 --> testing issues Upstream job id: Generic-DPDK-Compile-ABI#126985 Test environment and result as below: +-------------------+----------+ | Environment | abi_test | +===================+==========+ | CentOS Stream 9 | FAIL | +-------------------+----------+ | RHEL8 | FAIL | +-------------------+----------+ | Debian 12 | FAIL | +-------------------+----------+ | CentOS Stream 10 | FAIL | +-------------------+----------+ | Fedora 40 | FAIL | +-------------------+----------+ | openSUSE Leap 15 | FAIL | +-------------------+----------+ | Fedora 40 (Clang) | FAIL | +-------------------+----------+ | Fedora 41 (Clang) | FAIL | +-------------------+----------+ | Fedora 41 | FAIL | +-------------------+----------+ | Ubuntu 24.04 | FAIL | +-------------------+----------+ | RHEL9 | FAIL | +-------------------+----------+ | Ubuntu 22.04 | FAIL | +-------------------+----------+ ==== 20 line log output for Ubuntu 22.04 (abi_test): ==== Error: ABI issue reported for abidiff --suppr /root/workspace/Generic-DPDK-Compile-ABI@2/dpdk/devtools/libabigail.abignore --no-added-syms --headers-dir1 reference/usr/local/include --headers-dir2 build_install/usr/local/include reference/usr/local/lib/x86_64-linux-gnu/librte_dmadev.so.25.0 build_install/usr/local/lib/x86_64-linux-gnu/librte_dmadev.so.25.2 ABIDIFF_ABI_CHANGE, this change requires a review (abidiff flagged this as a potential issue). Functions changes summary: 0 Removed, 0 Changed (4 filtered out), 0 Added functions Variables changes summary: 0 Removed, 0 Changed, 0 Added variable Functions changes summary: 0 Removed, 0 Changed (24 filtered out), 0 Added functions Variables changes summary: 0 Removed, 0 Changed (2 filtered out), 0 Added variables Functions changes summary: 0 Removed, 0 Changed (5 filtered out), 0 Added functions Variables changes summary: 0 Removed, 0 Changed, 0 Added variable Functions changes summary: 0 Removed, 0 Changed (2 filtered out), 0 Added functions Variables changes summary: 0 Removed, 0 Changed, 0 Added variable Functions changes summary: 0 Removed, 0 Changed (7 filtered out), 0 Added functions Variables changes summary: 0 Removed, 0 Changed, 0 Added variable Functions changes summary: 0 Removed, 0 Changed (4 filtered out), 0 Added (1 filtered out) functions Variables changes summary: 0 Removed, 0 Changed (1 filtered out), 0 Added variable ==== End log output ==== CentOS Stream 9 Kernel: Depends on container host Compiler: gcc 11.5.0 20240719 (Red Hat 11.5.0-2) RHEL8 Kernel: Depends on container host Compiler: gcc 8.5.0 20210514 (Red Hat 8.5.0-22) Debian 12 Kernel: Depends on container host Compiler: gcc (Debian 12.2.0-14) 12.2.0 CentOS Stream 10 Kernel: Depends on container host Compiler: gcc 14.2.1 20241104 (Red Hat 14.2.1-6) Fedora 40 Kernel: Depends on container host Compiler: gcc 14.2.1 20240912 (Red Hat 14.2.1-3) openSUSE Leap 15 Kernel: Depends on container host Compiler: gcc (SUSE Linux) 7.5.0 Fedora 40 (Clang) Kernel: Depends on container host Compiler: clang 18.1.8 (Fedora 18.1.8-1.fc40) Fedora 41 (Clang) Kernel: Depends on container host Compiler: clang 19.1.5 (Fedora 19.1.5-1.fc41) Fedora 41 Kernel: Depends on container host Compiler: gcc 14.2.1 20240912 (Red Hat 14.2.1-3) Ubuntu 24.04 Kernel: Depends on container host Compiler: gcc (Ubuntu 13.3.0-6ubuntu2~24.04) 13.3.0 RHEL9 Kernel: Depends on container host Compiler: gcc 11.5.0 20240719 (Red Hat 11.5.0-2) Ubuntu 22.04 Kernel: Depends on container host Compiler: gcc (Ubuntu 11.4.0-1ubuntu1~22.04) 11.4.0 To view detailed results, visit: https://lab.dpdk.org/results/dashboard/patchsets/33208/ UNH-IOL DPDK Community Lab To manage your email subscriptions, visit: https://lab.dpdk.org/results/dashboard/preferences/subscriptions/