From: dpdklab@iol.unh.edu
To: Test Report <test-report@dpdk.org>
Cc: dpdk-test-reports@iol.unh.edu
Subject: |PENDING| pw153528-153536 [PATCH] [9/9] crypto/dpaa2_sec: add suppor
Date: Tue, 20 May 2025 00:02:36 -0700 (PDT) [thread overview]
Message-ID: <682c290c.050a0220.3d66de.3f27SMTPIN_ADDED_MISSING@mx.google.com> (raw)
In-Reply-To: <20250520055133.506071-9-g.singh@nxp.com>
Test-Label: iol-unit-arm64-testing
Test-Status: PENDING
http://dpdk.org/patch/153536
_Testing pending_
Submitter: Gagandeep Singh <g.singh@nxp.com>
Date: Tuesday, May 20 2025 05:51:33
DPDK git baseline: Repo:dpdk
Branch: master
CommitID:117e86c4b96ed761e9a7ab766261208fe81bf5ca
153528-153536 --> testing pending
Upstream job id: Aarch32-Unit-Test#6283
Test environment and result as below:
+-----------------------------+------------------------------+----------------+--------------+---------------------------+
| Environment | cryptodev_sw_snow3g_autotest | dpdk_unit_test | lpm_autotest | cryptodev_sw_zuc_autotest |
+=============================+==============================+================+==============+===========================+
| Debian 12 (arm) | PEND | PEND | SKIPPED | PEND |
+-----------------------------+------------------------------+----------------+--------------+---------------------------+
| CentOS Stream 9 (ARM) | SKIPPED | PEND | SKIPPED | SKIPPED |
+-----------------------------+------------------------------+----------------+--------------+---------------------------+
| CentOS Stream 10 (ARM) | SKIPPED | PEND | SKIPPED | SKIPPED |
+-----------------------------+------------------------------+----------------+--------------+---------------------------+
| Fedora 40 (ARM Clang) | SKIPPED | PEND | SKIPPED | SKIPPED |
+-----------------------------+------------------------------+----------------+--------------+---------------------------+
| Fedora 40 (ARM) | SKIPPED | PEND | SKIPPED | SKIPPED |
+-----------------------------+------------------------------+----------------+--------------+---------------------------+
| Fedora 41 (ARM) | SKIPPED | PEND | SKIPPED | SKIPPED |
+-----------------------------+------------------------------+----------------+--------------+---------------------------+
| Ubuntu 24.04 (ARM) | SKIPPED | PEND | SKIPPED | SKIPPED |
+-----------------------------+------------------------------+----------------+--------------+---------------------------+
| RHEL9 (ARM) | SKIPPED | PEND | SKIPPED | SKIPPED |
+-----------------------------+------------------------------+----------------+--------------+---------------------------+
| Fedora 41 (ARM Clang) | SKIPPED | PEND | SKIPPED | SKIPPED |
+-----------------------------+------------------------------+----------------+--------------+---------------------------+
| Ubuntu 22.04 (ARM) | SKIPPED | PEND | SKIPPED | SKIPPED |
+-----------------------------+------------------------------+----------------+--------------+---------------------------+
| Ubuntu 20.04 (ARM) | SKIPPED | PEND | SKIPPED | SKIPPED |
+-----------------------------+------------------------------+----------------+--------------+---------------------------+
| 32-bit Ubuntu 22.04.4 (ARM) | SKIPPED | PASS | SKIPPED | SKIPPED |
+-----------------------------+------------------------------+----------------+--------------+---------------------------+
| Ubuntu 20.04 ARM SVE | SKIPPED | SKIPPED | PEND | SKIPPED |
+-----------------------------+------------------------------+----------------+--------------+---------------------------+
Debian 12 (arm)
Kernel: Depends on container host
Compiler: gcc (Debian 12.2.0-14) 12.2.0
CentOS Stream 9 (ARM)
Kernel: Depends on container host
Compiler: gcc 11.5.0 20240719 (Red Hat 11.5.0-2)
CentOS Stream 10 (ARM)
Kernel: Depends on container host
Compiler: gcc 14.2.1 20241104 (Red Hat 14.2.1-6)
Fedora 40 (ARM Clang)
Kernel: Depends on container host
Compiler: clang 18.1.8 (Fedora 18.1.8-1.fc40)
Fedora 40 (ARM)
Kernel: Depends on container host
Compiler: gcc 14.2.1 20240912 (Red Hat 14.2.1-3)
Fedora 41 (ARM)
Kernel: Depends on container host
Compiler: gcc 14.2.1 20240912 (Red Hat 14.2.1-3)
Ubuntu 24.04 (ARM)
Kernel: Depends on container host
Compiler: gcc (Ubuntu 13.3.0-6ubuntu2~24.04) 13.3.0
RHEL9 (ARM)
Kernel: Depends on container host
Compiler: gcc 11.5.0 20240719 (Red Hat 11.5.0-2)
Fedora 41 (ARM Clang)
Kernel: Depends on container host
Compiler: clang 19.1.5 (Fedora 19.1.5-1.fc41)
Ubuntu 22.04 (ARM)
Kernel: Depends on container host
Compiler: gcc (Ubuntu 11.4.0-1ubuntu1~22.04) 11.4.0
Ubuntu 20.04 (ARM)
Kernel: Depends on container host
Compiler: gcc (Ubuntu 9.4.0-1ubuntu1~20.04.2) 9.4.0
32-bit Ubuntu 22.04.4 (ARM)
Kernel: 5.15.83+ aarch64
Compiler: gcc (Ubuntu 11.4.0-1ubuntu1~22.04) 11.4.0
Ubuntu 20.04 ARM SVE
Kernel: Depends on container host
Compiler: gcc (Ubuntu 10.5.0-1ubuntu1~20.04) 10.5.0
To view detailed results, visit:
https://lab.dpdk.org/results/dashboard/patchsets/33211/
UNH-IOL DPDK Community Lab
To manage your email subscriptions, visit:
https://lab.dpdk.org/results/dashboard/preferences/subscriptions/
next prev parent reply other threads:[~2025-05-20 7:02 UTC|newest]
Thread overview: 27+ messages / expand[flat|nested] mbox.gz Atom feed top
[not found] <20250520055133.506071-9-g.singh@nxp.com>
2025-05-20 5:27 ` |SUCCESS| pw153528-153536 [PATCH 9/9] crypto/dpaa2_sec: add support for simple IPsec FD qemudev
2025-05-20 5:32 ` qemudev
2025-05-20 5:55 ` |WARNING| pw153536 " checkpatch
2025-05-20 6:31 ` |SUCCESS| pw153528-153536 [PATCH] [9/9] crypto/dpaa2_sec: add suppor dpdklab
2025-05-20 6:38 ` dpdklab
2025-05-20 6:42 ` dpdklab
2025-05-20 6:44 ` dpdklab
2025-05-20 6:48 ` dpdklab
2025-05-20 6:55 ` dpdklab
2025-05-20 6:58 ` dpdklab
2025-05-20 7:01 ` |PENDING| " dpdklab
2025-05-20 7:02 ` |SUCCESS| " dpdklab
2025-05-20 7:02 ` dpdklab [this message]
2025-05-20 7:09 ` dpdklab
2025-05-20 7:14 ` dpdklab
2025-05-20 7:28 ` |PENDING| " dpdklab
2025-05-20 7:55 ` |SUCCESS| " dpdklab
2025-05-20 9:23 ` |PENDING| " dpdklab
2025-05-20 9:26 ` |FAILURE| " dpdklab
2025-05-20 9:56 ` dpdklab
2025-05-20 9:57 ` dpdklab
2025-05-20 10:02 ` |SUCCESS| " dpdklab
2025-05-20 10:47 ` |FAILURE| " dpdklab
2025-05-20 11:24 ` dpdklab
2025-05-20 11:32 ` dpdklab
2025-05-20 12:11 ` |SUCCESS| " dpdklab
2025-05-20 13:54 ` |FAILURE| " dpdklab
Reply instructions:
You may reply publicly to this message via plain-text email
using any one of the following methods:
* Save the following mbox file, import it into your mail client,
and reply-to-all from there: mbox
Avoid top-posting and favor interleaved quoting:
https://en.wikipedia.org/wiki/Posting_style#Interleaved_style
* Reply using the --to, --cc, and --in-reply-to
switches of git-send-email(1):
git send-email \
--in-reply-to=682c290c.050a0220.3d66de.3f27SMTPIN_ADDED_MISSING@mx.google.com \
--to=dpdklab@iol.unh.edu \
--cc=dpdk-test-reports@iol.unh.edu \
--cc=test-report@dpdk.org \
/path/to/YOUR_REPLY
https://kernel.org/pub/software/scm/git/docs/git-send-email.html
* If your mail client supports setting the In-Reply-To header
via mailto: links, try the mailto: link
Be sure your reply has a Subject: header at the top and a blank line
before the message body.
This is a public inbox, see mirroring instructions
for how to clone and mirror all data and code used for this inbox;
as well as URLs for NNTP newsgroup(s).